{"id":16636,"date":"2025-03-01T18:29:16","date_gmt":"2025-03-01T17:29:16","guid":{"rendered":"https:\/\/rakosliget.hu\/wordpress\/?page_id=16636"},"modified":"2025-03-01T18:37:59","modified_gmt":"2025-03-01T17:37:59","slug":"hungarocamion-1979","status":"publish","type":"page","link":"https:\/\/rakosliget.hu\/wordpress\/index.php\/hungarocamion-1979\/","title":{"rendered":"HUNGAROCAMION 1979 &#8211; V\u00c9GJ\u00c1T\u00c9K"},"content":{"rendered":"\n<p><a href=\"https:\/\/rakosliget.hu\/wordpress\/index.php\/rakosligeti-atletikai-club\/\">Vissza a FOCI lapra<\/a><\/p>\n\n\n<div class=\"wp-block-image\">\n<figure class=\"aligncenter size-full\"><img loading=\"lazy\" decoding=\"async\" width=\"561\" height=\"359\" src=\"https:\/\/rakosliget.hu\/wordpress\/wp-content\/uploads\/2025\/03\/1979_03_16_-4-oldal-foci.jpg\" alt=\"\" class=\"wp-image-16640\" srcset=\"https:\/\/rakosliget.hu\/wordpress\/wp-content\/uploads\/2025\/03\/1979_03_16_-4-oldal-foci.jpg 561w, https:\/\/rakosliget.hu\/wordpress\/wp-content\/uploads\/2025\/03\/1979_03_16_-4-oldal-foci-300x192.jpg 300w\" sizes=\"auto, (max-width: 561px) 100vw, 561px\" \/><figcaption class=\"wp-element-caption\">N\u00e9psport 1979. 03. 16. 4. oldal <\/figcaption><\/figure>\n<\/div>\n\n<div class=\"wp-block-image\">\n<figure class=\"aligncenter size-full\"><img loading=\"lazy\" decoding=\"async\" width=\"556\" height=\"321\" src=\"https:\/\/rakosliget.hu\/wordpress\/wp-content\/uploads\/2025\/03\/1979_04_13_-4-oldal-foci.jpg\" alt=\"\" class=\"wp-image-16641\" srcset=\"https:\/\/rakosliget.hu\/wordpress\/wp-content\/uploads\/2025\/03\/1979_04_13_-4-oldal-foci.jpg 556w, https:\/\/rakosliget.hu\/wordpress\/wp-content\/uploads\/2025\/03\/1979_04_13_-4-oldal-foci-300x173.jpg 300w\" sizes=\"auto, (max-width: 556px) 100vw, 556px\" \/><figcaption class=\"wp-element-caption\">N\u00e9psport 1979. 04. 13. 4. oldal <\/figcaption><\/figure>\n<\/div>\n\n<div class=\"wp-block-image\">\n<figure class=\"aligncenter size-full\"><img loading=\"lazy\" decoding=\"async\" width=\"562\" height=\"415\" src=\"https:\/\/rakosliget.hu\/wordpress\/wp-content\/uploads\/2025\/03\/1979_04_27_-4-oldal-foci.jpg\" alt=\"\" class=\"wp-image-16642\" srcset=\"https:\/\/rakosliget.hu\/wordpress\/wp-content\/uploads\/2025\/03\/1979_04_27_-4-oldal-foci.jpg 562w, https:\/\/rakosliget.hu\/wordpress\/wp-content\/uploads\/2025\/03\/1979_04_27_-4-oldal-foci-300x222.jpg 300w\" sizes=\"auto, (max-width: 562px) 100vw, 562px\" \/><figcaption class=\"wp-element-caption\">N\u00e9psport 1979. 04. 27. 4. oldal <\/figcaption><\/figure>\n<\/div>\n\n<div class=\"wp-block-image\">\n<figure class=\"aligncenter size-full\"><img loading=\"lazy\" decoding=\"async\" width=\"550\" height=\"275\" src=\"https:\/\/rakosliget.hu\/wordpress\/wp-content\/uploads\/2025\/03\/1979_05_11_-4-oldal-foci.jpg\" alt=\"\" class=\"wp-image-16643\" srcset=\"https:\/\/rakosliget.hu\/wordpress\/wp-content\/uploads\/2025\/03\/1979_05_11_-4-oldal-foci.jpg 550w, https:\/\/rakosliget.hu\/wordpress\/wp-content\/uploads\/2025\/03\/1979_05_11_-4-oldal-foci-300x150.jpg 300w\" sizes=\"auto, (max-width: 550px) 100vw, 550px\" \/><figcaption class=\"wp-element-caption\">N\u00e9psport 1979. 05. 11. 4. oldal <\/figcaption><\/figure>\n<\/div>\n\n<div class=\"wp-block-image\">\n<figure class=\"aligncenter size-full\"><img loading=\"lazy\" decoding=\"async\" width=\"566\" height=\"266\" src=\"https:\/\/rakosliget.hu\/wordpress\/wp-content\/uploads\/2025\/03\/1979_06_01_-4-oldal-foci.jpg\" alt=\"\" class=\"wp-image-16644\" srcset=\"https:\/\/rakosliget.hu\/wordpress\/wp-content\/uploads\/2025\/03\/1979_06_01_-4-oldal-foci.jpg 566w, https:\/\/rakosliget.hu\/wordpress\/wp-content\/uploads\/2025\/03\/1979_06_01_-4-oldal-foci-300x141.jpg 300w\" sizes=\"auto, (max-width: 566px) 100vw, 566px\" \/><figcaption class=\"wp-element-caption\">N\u00e9psport 1979. 06. 01. 4. oldal <\/figcaption><\/figure>\n<\/div>\n\n<div class=\"wp-block-image\">\n<figure class=\"aligncenter size-full\"><img loading=\"lazy\" decoding=\"async\" width=\"549\" height=\"266\" src=\"https:\/\/rakosliget.hu\/wordpress\/wp-content\/uploads\/2025\/03\/1979_06_08_-4-oldal-foci.jpg\" alt=\"\" class=\"wp-image-16645\" srcset=\"https:\/\/rakosliget.hu\/wordpress\/wp-content\/uploads\/2025\/03\/1979_06_08_-4-oldal-foci.jpg 549w, https:\/\/rakosliget.hu\/wordpress\/wp-content\/uploads\/2025\/03\/1979_06_08_-4-oldal-foci-300x145.jpg 300w\" sizes=\"auto, (max-width: 549px) 100vw, 549px\" \/><figcaption class=\"wp-element-caption\">N\u00e9psport 1979. 06. 08. 4. oldal <\/figcaption><\/figure>\n<\/div>\n\n<div class=\"wp-block-image\">\n<figure class=\"aligncenter size-full\"><img loading=\"lazy\" decoding=\"async\" width=\"564\" height=\"849\" src=\"https:\/\/rakosliget.hu\/wordpress\/wp-content\/uploads\/2025\/03\/1979_06_20_2-oldal-foci-vegeresdmeny.jpg\" alt=\"\" class=\"wp-image-16646\" srcset=\"https:\/\/rakosliget.hu\/wordpress\/wp-content\/uploads\/2025\/03\/1979_06_20_2-oldal-foci-vegeresdmeny.jpg 564w, https:\/\/rakosliget.hu\/wordpress\/wp-content\/uploads\/2025\/03\/1979_06_20_2-oldal-foci-vegeresdmeny-199x300.jpg 199w\" sizes=\"auto, (max-width: 564px) 100vw, 564px\" \/><figcaption class=\"wp-element-caption\">N\u00e9psport 1979. 06. 20. 2. oldal <\/figcaption><\/figure>\n<\/div>\n\n\n<p><a href=\"https:\/\/rakosliget.hu\/wordpress\/index.php\/rakosligeti-atletikai-club\/\">Vissza a FOCI lapra<\/a><\/p>\n","protected":false},"excerpt":{"rendered":"<p>Vissza a FOCI lapra Vissza a FOCI lapra<\/p>\n","protected":false},"author":1,"featured_media":0,"parent":0,"menu_order":0,"comment_status":"closed","ping_status":"closed","template":"","meta":{"footnotes":""},"class_list":["post-16636","page","type-page","status-publish","hentry"],"_links":{"self":[{"href":"https:\/\/rakosliget.hu\/wordpress\/index.php\/wp-json\/wp\/v2\/pages\/16636","targetHints":{"allow":["GET"]}}],"collection":[{"href":"https:\/\/rakosliget.hu\/wordpress\/index.php\/wp-json\/wp\/v2\/pages"}],"about":[{"href":"https:\/\/rakosliget.hu\/wordpress\/index.php\/wp-json\/wp\/v2\/types\/page"}],"author":[{"embeddable":true,"href":"https:\/\/rakosliget.hu\/wordpress\/index.php\/wp-json\/wp\/v2\/users\/1"}],"replies":[{"embeddable":true,"href":"https:\/\/rakosliget.hu\/wordpress\/index.php\/wp-json\/wp\/v2\/comments?post=16636"}],"version-history":[{"count":3,"href":"https:\/\/rakosliget.hu\/wordpress\/index.php\/wp-json\/wp\/v2\/pages\/16636\/revisions"}],"predecessor-version":[{"id":16650,"href":"https:\/\/rakosliget.hu\/wordpress\/index.php\/wp-json\/wp\/v2\/pages\/16636\/revisions\/16650"}],"wp:attachment":[{"href":"https:\/\/rakosliget.hu\/wordpress\/index.php\/wp-json\/wp\/v2\/media?parent=16636"}],"curies":[{"name":"wp","href":"https:\/\/api.w.org\/{rel}","templated":true}]}}