{"id":16620,"date":"2025-03-01T18:22:22","date_gmt":"2025-03-01T17:22:22","guid":{"rendered":"https:\/\/rakosliget.hu\/wordpress\/?page_id=16620"},"modified":"2025-03-01T18:22:22","modified_gmt":"2025-03-01T17:22:22","slug":"hungarocamion-1978","status":"publish","type":"page","link":"https:\/\/rakosliget.hu\/wordpress\/index.php\/hungarocamion-1978\/","title":{"rendered":"HUNGAROCAMION &#8211; 1978"},"content":{"rendered":"\n<p><a href=\"https:\/\/rakosliget.hu\/wordpress\/index.php\/rakosligeti-atletikai-club\/\">Vissza  a FOCI lapra<\/a><\/p>\n\n\n<div class=\"wp-block-image\">\n<figure class=\"aligncenter size-full\"><img loading=\"lazy\" decoding=\"async\" width=\"580\" height=\"508\" src=\"https:\/\/rakosliget.hu\/wordpress\/wp-content\/uploads\/2025\/03\/1978_03_17_4-oldal-foci.jpg\" alt=\"\" class=\"wp-image-16623\" srcset=\"https:\/\/rakosliget.hu\/wordpress\/wp-content\/uploads\/2025\/03\/1978_03_17_4-oldal-foci.jpg 580w, https:\/\/rakosliget.hu\/wordpress\/wp-content\/uploads\/2025\/03\/1978_03_17_4-oldal-foci-300x263.jpg 300w\" sizes=\"auto, (max-width: 580px) 100vw, 580px\" \/><figcaption class=\"wp-element-caption\">N\u00e9psport 1978. 03. 17. 4. oldal <\/figcaption><\/figure>\n<\/div>\n\n<div class=\"wp-block-image\">\n<figure class=\"aligncenter size-full\"><img loading=\"lazy\" decoding=\"async\" width=\"566\" height=\"547\" src=\"https:\/\/rakosliget.hu\/wordpress\/wp-content\/uploads\/2025\/03\/1978_03_31_-4-oldal-foci.jpg\" alt=\"\" class=\"wp-image-16624\" srcset=\"https:\/\/rakosliget.hu\/wordpress\/wp-content\/uploads\/2025\/03\/1978_03_31_-4-oldal-foci.jpg 566w, https:\/\/rakosliget.hu\/wordpress\/wp-content\/uploads\/2025\/03\/1978_03_31_-4-oldal-foci-300x290.jpg 300w\" sizes=\"auto, (max-width: 566px) 100vw, 566px\" \/><figcaption class=\"wp-element-caption\">N\u00e9psport 1978. 03. 31. 4. oldal <\/figcaption><\/figure>\n<\/div>\n\n<div class=\"wp-block-image\">\n<figure class=\"aligncenter size-full\"><img loading=\"lazy\" decoding=\"async\" width=\"563\" height=\"350\" src=\"https:\/\/rakosliget.hu\/wordpress\/wp-content\/uploads\/2025\/03\/1978_04_28_-4-oldal-foci.jpg\" alt=\"\" class=\"wp-image-16625\" srcset=\"https:\/\/rakosliget.hu\/wordpress\/wp-content\/uploads\/2025\/03\/1978_04_28_-4-oldal-foci.jpg 563w, https:\/\/rakosliget.hu\/wordpress\/wp-content\/uploads\/2025\/03\/1978_04_28_-4-oldal-foci-300x187.jpg 300w\" sizes=\"auto, (max-width: 563px) 100vw, 563px\" \/><figcaption class=\"wp-element-caption\">N\u00e9psport 1978. 04. 28. 4. oldal <\/figcaption><\/figure>\n<\/div>\n\n<div class=\"wp-block-image\">\n<figure class=\"aligncenter size-full\"><img loading=\"lazy\" decoding=\"async\" width=\"552\" height=\"880\" src=\"https:\/\/rakosliget.hu\/wordpress\/wp-content\/uploads\/2025\/03\/1978_05_12_-4-oldal-foci.jpg\" alt=\"\" class=\"wp-image-16626\" srcset=\"https:\/\/rakosliget.hu\/wordpress\/wp-content\/uploads\/2025\/03\/1978_05_12_-4-oldal-foci.jpg 552w, https:\/\/rakosliget.hu\/wordpress\/wp-content\/uploads\/2025\/03\/1978_05_12_-4-oldal-foci-188x300.jpg 188w\" sizes=\"auto, (max-width: 552px) 100vw, 552px\" \/><figcaption class=\"wp-element-caption\">N\u00e9psport 1978. 05. 12. 4. oldal <\/figcaption><\/figure>\n<\/div>\n\n\n<p>R\u00c1KOSLIGETR\u0150L A FERENCV\u00c1ROSBA. MARTOS GY\u0150Z\u0150.<\/p>\n\n\n<div class=\"wp-block-image\">\n<figure class=\"aligncenter size-large\"><img loading=\"lazy\" decoding=\"async\" width=\"814\" height=\"1024\" src=\"https:\/\/rakosliget.hu\/wordpress\/wp-content\/uploads\/2025\/03\/1978_05_30_-2-oldal-foci-814x1024.jpg\" alt=\"\" class=\"wp-image-16627\" srcset=\"https:\/\/rakosliget.hu\/wordpress\/wp-content\/uploads\/2025\/03\/1978_05_30_-2-oldal-foci-814x1024.jpg 814w, https:\/\/rakosliget.hu\/wordpress\/wp-content\/uploads\/2025\/03\/1978_05_30_-2-oldal-foci-238x300.jpg 238w, https:\/\/rakosliget.hu\/wordpress\/wp-content\/uploads\/2025\/03\/1978_05_30_-2-oldal-foci-768x966.jpg 768w, https:\/\/rakosliget.hu\/wordpress\/wp-content\/uploads\/2025\/03\/1978_05_30_-2-oldal-foci.jpg 1111w\" sizes=\"auto, (max-width: 814px) 100vw, 814px\" \/><figcaption class=\"wp-element-caption\">N\u00e9psport 1978. 05. 30. 2. oldal <\/figcaption><\/figure>\n<\/div>\n\n<div class=\"wp-block-image\">\n<figure class=\"aligncenter size-full\"><img loading=\"lazy\" decoding=\"async\" width=\"556\" height=\"317\" src=\"https:\/\/rakosliget.hu\/wordpress\/wp-content\/uploads\/2025\/03\/1978_06_02-4-oldal-foci.jpg\" alt=\"\" class=\"wp-image-16628\" srcset=\"https:\/\/rakosliget.hu\/wordpress\/wp-content\/uploads\/2025\/03\/1978_06_02-4-oldal-foci.jpg 556w, https:\/\/rakosliget.hu\/wordpress\/wp-content\/uploads\/2025\/03\/1978_06_02-4-oldal-foci-300x171.jpg 300w\" sizes=\"auto, (max-width: 556px) 100vw, 556px\" \/><figcaption class=\"wp-element-caption\">N\u00e9psport 1978. 06. 02. 4. oldal <\/figcaption><\/figure>\n<\/div>\n\n<div class=\"wp-block-image\">\n<figure class=\"aligncenter size-full\"><img loading=\"lazy\" decoding=\"async\" width=\"545\" height=\"199\" src=\"https:\/\/rakosliget.hu\/wordpress\/wp-content\/uploads\/2025\/03\/1978_06_16_-4-oldal-foci.jpg\" alt=\"\" class=\"wp-image-16629\" srcset=\"https:\/\/rakosliget.hu\/wordpress\/wp-content\/uploads\/2025\/03\/1978_06_16_-4-oldal-foci.jpg 545w, https:\/\/rakosliget.hu\/wordpress\/wp-content\/uploads\/2025\/03\/1978_06_16_-4-oldal-foci-300x110.jpg 300w\" sizes=\"auto, (max-width: 545px) 100vw, 545px\" \/><figcaption class=\"wp-element-caption\">N\u00e9psport 1978. 06. 16. 4. oldal<\/figcaption><\/figure>\n<\/div>\n\n<div class=\"wp-block-image\">\n<figure class=\"aligncenter size-full\"><img loading=\"lazy\" decoding=\"async\" width=\"567\" height=\"716\" src=\"https:\/\/rakosliget.hu\/wordpress\/wp-content\/uploads\/2025\/03\/1978_09_01_-4-oldal-foci.jpg\" alt=\"\" class=\"wp-image-16631\" srcset=\"https:\/\/rakosliget.hu\/wordpress\/wp-content\/uploads\/2025\/03\/1978_09_01_-4-oldal-foci.jpg 567w, https:\/\/rakosliget.hu\/wordpress\/wp-content\/uploads\/2025\/03\/1978_09_01_-4-oldal-foci-238x300.jpg 238w\" sizes=\"auto, (max-width: 567px) 100vw, 567px\" \/><figcaption class=\"wp-element-caption\">N\u00e9psport 1978. 09. 01. 4. oldal <\/figcaption><\/figure>\n<\/div>\n\n<div class=\"wp-block-image\">\n<figure class=\"aligncenter size-full\"><img loading=\"lazy\" decoding=\"async\" width=\"579\" height=\"316\" src=\"https:\/\/rakosliget.hu\/wordpress\/wp-content\/uploads\/2025\/03\/1978_09_15_-4-oldal-foci.jpg\" alt=\"\" class=\"wp-image-16632\" srcset=\"https:\/\/rakosliget.hu\/wordpress\/wp-content\/uploads\/2025\/03\/1978_09_15_-4-oldal-foci.jpg 579w, https:\/\/rakosliget.hu\/wordpress\/wp-content\/uploads\/2025\/03\/1978_09_15_-4-oldal-foci-300x164.jpg 300w\" sizes=\"auto, (max-width: 579px) 100vw, 579px\" \/><figcaption class=\"wp-element-caption\">N\u00e9psport 1978. 09. 15. 4. oldal <\/figcaption><\/figure>\n<\/div>\n\n<div class=\"wp-block-image\">\n<figure class=\"aligncenter size-full\"><img loading=\"lazy\" decoding=\"async\" width=\"551\" height=\"994\" src=\"https:\/\/rakosliget.hu\/wordpress\/wp-content\/uploads\/2025\/03\/1978_09_29_-4-oldal-foci.jpg\" alt=\"\" class=\"wp-image-16633\" srcset=\"https:\/\/rakosliget.hu\/wordpress\/wp-content\/uploads\/2025\/03\/1978_09_29_-4-oldal-foci.jpg 551w, https:\/\/rakosliget.hu\/wordpress\/wp-content\/uploads\/2025\/03\/1978_09_29_-4-oldal-foci-166x300.jpg 166w\" sizes=\"auto, (max-width: 551px) 100vw, 551px\" \/><figcaption class=\"wp-element-caption\">N\u00e9psport 1978. 09. 29. 4. oldal <\/figcaption><\/figure>\n<\/div>\n\n\n<p><a href=\"https:\/\/rakosliget.hu\/wordpress\/index.php\/rakosligeti-atletikai-club\/\">Vissza  a FOCI lapra<\/a><\/p>\n","protected":false},"excerpt":{"rendered":"<p>Vissza a FOCI lapra R\u00c1KOSLIGETR\u0150L A FERENCV\u00c1ROSBA. MARTOS GY\u0150Z\u0150. Vissza a FOCI lapra<\/p>\n","protected":false},"author":1,"featured_media":0,"parent":0,"menu_order":0,"comment_status":"closed","ping_status":"closed","template":"","meta":{"footnotes":""},"class_list":["post-16620","page","type-page","status-publish","hentry"],"_links":{"self":[{"href":"https:\/\/rakosliget.hu\/wordpress\/index.php\/wp-json\/wp\/v2\/pages\/16620","targetHints":{"allow":["GET"]}}],"collection":[{"href":"https:\/\/rakosliget.hu\/wordpress\/index.php\/wp-json\/wp\/v2\/pages"}],"about":[{"href":"https:\/\/rakosliget.hu\/wordpress\/index.php\/wp-json\/wp\/v2\/types\/page"}],"author":[{"embeddable":true,"href":"https:\/\/rakosliget.hu\/wordpress\/index.php\/wp-json\/wp\/v2\/users\/1"}],"replies":[{"embeddable":true,"href":"https:\/\/rakosliget.hu\/wordpress\/index.php\/wp-json\/wp\/v2\/comments?post=16620"}],"version-history":[{"count":3,"href":"https:\/\/rakosliget.hu\/wordpress\/index.php\/wp-json\/wp\/v2\/pages\/16620\/revisions"}],"predecessor-version":[{"id":16634,"href":"https:\/\/rakosliget.hu\/wordpress\/index.php\/wp-json\/wp\/v2\/pages\/16620\/revisions\/16634"}],"wp:attachment":[{"href":"https:\/\/rakosliget.hu\/wordpress\/index.php\/wp-json\/wp\/v2\/media?parent=16620"}],"curies":[{"name":"wp","href":"https:\/\/api.w.org\/{rel}","templated":true}]}}