{"id":16358,"date":"2025-02-22T06:11:59","date_gmt":"2025-02-22T05:11:59","guid":{"rendered":"https:\/\/rakosliget.hu\/wordpress\/?page_id=16358"},"modified":"2025-02-22T18:38:23","modified_gmt":"2025-02-22T17:38:23","slug":"foci-1951","status":"publish","type":"page","link":"https:\/\/rakosliget.hu\/wordpress\/index.php\/foci-1951\/","title":{"rendered":"FOCI 1951"},"content":{"rendered":"\n<p><a href=\"https:\/\/rakosliget.hu\/wordpress\/index.php\/rakosligeti-atletikai-club\/\">Vissza a RAC FOCI lapra<\/a><\/p>\n\n\n<div class=\"wp-block-image\">\n<figure class=\"aligncenter size-large\"><img loading=\"lazy\" decoding=\"async\" width=\"1014\" height=\"1024\" src=\"https:\/\/rakosliget.hu\/wordpress\/wp-content\/uploads\/2025\/02\/1951_01_25_-4-oldal-foci-1014x1024.jpg\" alt=\"\" class=\"wp-image-16366\" srcset=\"https:\/\/rakosliget.hu\/wordpress\/wp-content\/uploads\/2025\/02\/1951_01_25_-4-oldal-foci-1014x1024.jpg 1014w, https:\/\/rakosliget.hu\/wordpress\/wp-content\/uploads\/2025\/02\/1951_01_25_-4-oldal-foci-297x300.jpg 297w, https:\/\/rakosliget.hu\/wordpress\/wp-content\/uploads\/2025\/02\/1951_01_25_-4-oldal-foci-150x150.jpg 150w, https:\/\/rakosliget.hu\/wordpress\/wp-content\/uploads\/2025\/02\/1951_01_25_-4-oldal-foci-768x775.jpg 768w, https:\/\/rakosliget.hu\/wordpress\/wp-content\/uploads\/2025\/02\/1951_01_25_-4-oldal-foci.jpg 1377w\" sizes=\"auto, (max-width: 1014px) 100vw, 1014px\" \/><figcaption class=\"wp-element-caption\">N\u00e9psport 1951. 01. 25. 4. oldal <\/figcaption><\/figure>\n<\/div>\n\n<div class=\"wp-block-image\">\n<figure class=\"aligncenter size-large\"><img loading=\"lazy\" decoding=\"async\" width=\"257\" height=\"1024\" src=\"https:\/\/rakosliget.hu\/wordpress\/wp-content\/uploads\/2025\/02\/1951_01_30_-1-oldal-foci-257x1024.jpg\" alt=\"\" class=\"wp-image-16368\" srcset=\"https:\/\/rakosliget.hu\/wordpress\/wp-content\/uploads\/2025\/02\/1951_01_30_-1-oldal-foci-257x1024.jpg 257w, https:\/\/rakosliget.hu\/wordpress\/wp-content\/uploads\/2025\/02\/1951_01_30_-1-oldal-foci-75x300.jpg 75w, https:\/\/rakosliget.hu\/wordpress\/wp-content\/uploads\/2025\/02\/1951_01_30_-1-oldal-foci-386x1536.jpg 386w\" sizes=\"auto, (max-width: 257px) 100vw, 257px\" \/><figcaption class=\"wp-element-caption\">N\u00e9psport 1951. 01. 30. 1. oldal <\/figcaption><\/figure>\n<\/div>\n\n<div class=\"wp-block-image\">\n<figure class=\"aligncenter size-full\"><img loading=\"lazy\" decoding=\"async\" width=\"596\" height=\"801\" src=\"https:\/\/rakosliget.hu\/wordpress\/wp-content\/uploads\/2025\/02\/1951_04_05_-2-oldal-foci.jpg\" alt=\"\" class=\"wp-image-16369\" srcset=\"https:\/\/rakosliget.hu\/wordpress\/wp-content\/uploads\/2025\/02\/1951_04_05_-2-oldal-foci.jpg 596w, https:\/\/rakosliget.hu\/wordpress\/wp-content\/uploads\/2025\/02\/1951_04_05_-2-oldal-foci-223x300.jpg 223w\" sizes=\"auto, (max-width: 596px) 100vw, 596px\" \/><figcaption class=\"wp-element-caption\">N\u00e9psport 1951. 04. 05. 2. oldal<\/figcaption><\/figure>\n<\/div>\n\n<div class=\"wp-block-image\">\n<figure class=\"aligncenter size-large\"><img loading=\"lazy\" decoding=\"async\" width=\"1024\" height=\"647\" src=\"https:\/\/rakosliget.hu\/wordpress\/wp-content\/uploads\/2025\/02\/1951_04_12_-2-oldal-foci-1024x647.jpg\" alt=\"\" class=\"wp-image-16370\" srcset=\"https:\/\/rakosliget.hu\/wordpress\/wp-content\/uploads\/2025\/02\/1951_04_12_-2-oldal-foci-1024x647.jpg 1024w, https:\/\/rakosliget.hu\/wordpress\/wp-content\/uploads\/2025\/02\/1951_04_12_-2-oldal-foci-300x189.jpg 300w, https:\/\/rakosliget.hu\/wordpress\/wp-content\/uploads\/2025\/02\/1951_04_12_-2-oldal-foci-768x485.jpg 768w, https:\/\/rakosliget.hu\/wordpress\/wp-content\/uploads\/2025\/02\/1951_04_12_-2-oldal-foci.jpg 1235w\" sizes=\"auto, (max-width: 1024px) 100vw, 1024px\" \/><figcaption class=\"wp-element-caption\">N\u00e9psport 1951. 04. 12. 2. oldal <\/figcaption><\/figure>\n<\/div>\n\n<div class=\"wp-block-image\">\n<figure class=\"aligncenter size-full\"><img loading=\"lazy\" decoding=\"async\" width=\"679\" height=\"310\" src=\"https:\/\/rakosliget.hu\/wordpress\/wp-content\/uploads\/2025\/02\/1951_05_10_-4-oldal-foci.jpg\" alt=\"\" class=\"wp-image-16371\" srcset=\"https:\/\/rakosliget.hu\/wordpress\/wp-content\/uploads\/2025\/02\/1951_05_10_-4-oldal-foci.jpg 679w, https:\/\/rakosliget.hu\/wordpress\/wp-content\/uploads\/2025\/02\/1951_05_10_-4-oldal-foci-300x137.jpg 300w\" sizes=\"auto, (max-width: 679px) 100vw, 679px\" \/><figcaption class=\"wp-element-caption\">N\u00e9psport 1951. 05. 10. 4. oldal <\/figcaption><\/figure>\n<\/div>\n\n<div class=\"wp-block-image\">\n<figure class=\"aligncenter size-full\"><img loading=\"lazy\" decoding=\"async\" width=\"670\" height=\"710\" src=\"https:\/\/rakosliget.hu\/wordpress\/wp-content\/uploads\/2025\/02\/1951_06_07_4-oldal-foci.jpg\" alt=\"\" class=\"wp-image-16378\" srcset=\"https:\/\/rakosliget.hu\/wordpress\/wp-content\/uploads\/2025\/02\/1951_06_07_4-oldal-foci.jpg 670w, https:\/\/rakosliget.hu\/wordpress\/wp-content\/uploads\/2025\/02\/1951_06_07_4-oldal-foci-283x300.jpg 283w\" sizes=\"auto, (max-width: 670px) 100vw, 670px\" \/><figcaption class=\"wp-element-caption\">N\u00e9psport 1951. 06. 07. 4. oldal <\/figcaption><\/figure>\n<\/div>\n\n<div class=\"wp-block-image\">\n<figure class=\"aligncenter size-full\"><img loading=\"lazy\" decoding=\"async\" width=\"1015\" height=\"686\" src=\"https:\/\/rakosliget.hu\/wordpress\/wp-content\/uploads\/2025\/02\/1951_06_21_-4-oldal-foci.jpg\" alt=\"\" class=\"wp-image-16379\" srcset=\"https:\/\/rakosliget.hu\/wordpress\/wp-content\/uploads\/2025\/02\/1951_06_21_-4-oldal-foci.jpg 1015w, https:\/\/rakosliget.hu\/wordpress\/wp-content\/uploads\/2025\/02\/1951_06_21_-4-oldal-foci-300x203.jpg 300w, https:\/\/rakosliget.hu\/wordpress\/wp-content\/uploads\/2025\/02\/1951_06_21_-4-oldal-foci-768x519.jpg 768w\" sizes=\"auto, (max-width: 1015px) 100vw, 1015px\" \/><figcaption class=\"wp-element-caption\">N\u00e9psport 1951. 06. 21. 4. oldal <\/figcaption><\/figure>\n<\/div>\n\n\n<p class=\"has-text-align-center\">MAGYAR N\u00c9PK\u00d6ZT\u00c1RSAS\u00c1G KUPA<\/p>\n\n\n<div class=\"wp-block-image\">\n<figure class=\"aligncenter size-full\"><img loading=\"lazy\" decoding=\"async\" width=\"672\" height=\"1013\" src=\"https:\/\/rakosliget.hu\/wordpress\/wp-content\/uploads\/2025\/02\/1951_07_12_-4-oldal-foci.jpg\" alt=\"\" class=\"wp-image-16381\" srcset=\"https:\/\/rakosliget.hu\/wordpress\/wp-content\/uploads\/2025\/02\/1951_07_12_-4-oldal-foci.jpg 672w, https:\/\/rakosliget.hu\/wordpress\/wp-content\/uploads\/2025\/02\/1951_07_12_-4-oldal-foci-199x300.jpg 199w\" sizes=\"auto, (max-width: 672px) 100vw, 672px\" \/><figcaption class=\"wp-element-caption\">N\u00e9psport 1951. 07. 12. 4. oldal <\/figcaption><\/figure>\n<\/div>\n\n<div class=\"wp-block-image\">\n<figure class=\"aligncenter size-large\"><img loading=\"lazy\" decoding=\"async\" width=\"418\" height=\"1024\" src=\"https:\/\/rakosliget.hu\/wordpress\/wp-content\/uploads\/2025\/02\/1951_07_16_-4-oldal-foci-418x1024.jpg\" alt=\"\" class=\"wp-image-16382\" srcset=\"https:\/\/rakosliget.hu\/wordpress\/wp-content\/uploads\/2025\/02\/1951_07_16_-4-oldal-foci-418x1024.jpg 418w, https:\/\/rakosliget.hu\/wordpress\/wp-content\/uploads\/2025\/02\/1951_07_16_-4-oldal-foci-122x300.jpg 122w, https:\/\/rakosliget.hu\/wordpress\/wp-content\/uploads\/2025\/02\/1951_07_16_-4-oldal-foci.jpg 688w\" sizes=\"auto, (max-width: 418px) 100vw, 418px\" \/><figcaption class=\"wp-element-caption\">N\u00e9psport 1951. 07. 16. 4. oldal <\/figcaption><\/figure>\n<\/div>\n\n\n<hr class=\"wp-block-separator has-alpha-channel-opacity\"\/>\n\n\n<div class=\"wp-block-image\">\n<figure class=\"aligncenter size-full\"><img loading=\"lazy\" decoding=\"async\" width=\"663\" height=\"393\" src=\"https:\/\/rakosliget.hu\/wordpress\/wp-content\/uploads\/2025\/02\/1951_08_30_-4-oldal-foci.jpg\" alt=\"\" class=\"wp-image-16383\" srcset=\"https:\/\/rakosliget.hu\/wordpress\/wp-content\/uploads\/2025\/02\/1951_08_30_-4-oldal-foci.jpg 663w, https:\/\/rakosliget.hu\/wordpress\/wp-content\/uploads\/2025\/02\/1951_08_30_-4-oldal-foci-300x178.jpg 300w\" sizes=\"auto, (max-width: 663px) 100vw, 663px\" \/><figcaption class=\"wp-element-caption\">N\u00e9psport 1951. 08. 30. 4. oldal <\/figcaption><\/figure>\n<\/div>\n\n<div class=\"wp-block-image\">\n<figure class=\"aligncenter size-full\"><img loading=\"lazy\" decoding=\"async\" width=\"671\" height=\"584\" src=\"https:\/\/rakosliget.hu\/wordpress\/wp-content\/uploads\/2025\/02\/1951_09_06_-4-oldal-foci.jpg\" alt=\"\" class=\"wp-image-16384\" srcset=\"https:\/\/rakosliget.hu\/wordpress\/wp-content\/uploads\/2025\/02\/1951_09_06_-4-oldal-foci.jpg 671w, https:\/\/rakosliget.hu\/wordpress\/wp-content\/uploads\/2025\/02\/1951_09_06_-4-oldal-foci-300x261.jpg 300w\" sizes=\"auto, (max-width: 671px) 100vw, 671px\" \/><figcaption class=\"wp-element-caption\">N\u00e9psport 1951. 09. 06. 4. oldal <\/figcaption><\/figure>\n<\/div>\n\n<div class=\"wp-block-image\">\n<figure class=\"aligncenter size-full\"><img loading=\"lazy\" decoding=\"async\" width=\"679\" height=\"220\" src=\"https:\/\/rakosliget.hu\/wordpress\/wp-content\/uploads\/2025\/02\/1951_09_27_-4-oldal-foci.jpg\" alt=\"\" class=\"wp-image-16385\" srcset=\"https:\/\/rakosliget.hu\/wordpress\/wp-content\/uploads\/2025\/02\/1951_09_27_-4-oldal-foci.jpg 679w, https:\/\/rakosliget.hu\/wordpress\/wp-content\/uploads\/2025\/02\/1951_09_27_-4-oldal-foci-300x97.jpg 300w\" sizes=\"auto, (max-width: 679px) 100vw, 679px\" \/><figcaption class=\"wp-element-caption\">N\u00e9psport 1951. 09. 27. 4. oldal <\/figcaption><\/figure>\n<\/div>\n\n<div class=\"wp-block-image\">\n<figure class=\"aligncenter size-full\"><img loading=\"lazy\" decoding=\"async\" width=\"670\" height=\"225\" src=\"https:\/\/rakosliget.hu\/wordpress\/wp-content\/uploads\/2025\/02\/1951_10_11-4-oldal-foci.jpg\" alt=\"\" class=\"wp-image-16386\" srcset=\"https:\/\/rakosliget.hu\/wordpress\/wp-content\/uploads\/2025\/02\/1951_10_11-4-oldal-foci.jpg 670w, https:\/\/rakosliget.hu\/wordpress\/wp-content\/uploads\/2025\/02\/1951_10_11-4-oldal-foci-300x101.jpg 300w\" sizes=\"auto, (max-width: 670px) 100vw, 670px\" \/><figcaption class=\"wp-element-caption\">N\u00e9psport 1951. 10. 11. 4. oldal <\/figcaption><\/figure>\n<\/div>\n\n<div class=\"wp-block-image\">\n<figure class=\"aligncenter size-full\"><img loading=\"lazy\" decoding=\"async\" width=\"667\" height=\"248\" src=\"https:\/\/rakosliget.hu\/wordpress\/wp-content\/uploads\/2025\/02\/1951_10_18_-4-oldal-foci.jpg\" alt=\"\" class=\"wp-image-16387\" srcset=\"https:\/\/rakosliget.hu\/wordpress\/wp-content\/uploads\/2025\/02\/1951_10_18_-4-oldal-foci.jpg 667w, https:\/\/rakosliget.hu\/wordpress\/wp-content\/uploads\/2025\/02\/1951_10_18_-4-oldal-foci-300x112.jpg 300w\" sizes=\"auto, (max-width: 667px) 100vw, 667px\" \/><figcaption class=\"wp-element-caption\">N\u00e9psport 1951. 10. 18. 4. oldal <\/figcaption><\/figure>\n<\/div>\n\n\n<p>Budapest II. oszt\u00e1ly, 2. csoport 1951 v\u00e9geredm\u00e9ny<\/p>\n\n\n\n<p>A volt R\u00e1kosligeti AC, a Pestvid\u00e9ki LASz-b\u00f3l ker\u00fclt \u00e1t, \u00faj neve XVII. ker. K\u00d6Z\u00c9RT<\/p>\n\n\n\n<figure class=\"wp-block-table\"><table class=\"has-fixed-layout\"><tbody><tr><td>7.<\/td><td><a href=\"https:\/\/www.magyarfutball.hu\/hu\/csapat\/378\">R\u00e1kosligeti DISz&nbsp;<sup>7<\/sup><\/a><\/td><\/tr><\/tbody><\/table><\/figure>\n\n\n\n<p>Forr\u00e1s: <a href=\"https:\/\/www.magyarfutball.hu\/hu\/bajnoki-vegeredmeny\/4539\">https:\/\/www.magyarfutball.hu\/hu\/bajnoki-vegeredmeny\/4539<\/a><\/p>\n\n\n\n<p><a href=\"https:\/\/rakosliget.hu\/wordpress\/index.php\/rakosligeti-atletikai-club\/\">Vissza a RAC FOCI lapra<\/a><\/p>\n","protected":false},"excerpt":{"rendered":"<p>Vissza a RAC FOCI lapra MAGYAR N\u00c9PK\u00d6ZT\u00c1RSAS\u00c1G KUPA Budapest II. oszt\u00e1ly, 2. csoport 1951 v\u00e9geredm\u00e9ny A volt R\u00e1kosligeti AC, a Pestvid\u00e9ki LASz-b\u00f3l ker\u00fclt \u00e1t, \u00faj neve XVII. ker. K\u00d6Z\u00c9RT 7. R\u00e1kosligeti DISz&nbsp;7 Forr\u00e1s: https:\/\/www.magyarfutball.hu\/hu\/bajnoki-vegeredmeny\/4539 Vissza a RAC FOCI lapra<\/p>\n","protected":false},"author":1,"featured_media":0,"parent":0,"menu_order":0,"comment_status":"closed","ping_status":"closed","template":"","meta":{"footnotes":""},"class_list":["post-16358","page","type-page","status-publish","hentry"],"_links":{"self":[{"href":"https:\/\/rakosliget.hu\/wordpress\/index.php\/wp-json\/wp\/v2\/pages\/16358","targetHints":{"allow":["GET"]}}],"collection":[{"href":"https:\/\/rakosliget.hu\/wordpress\/index.php\/wp-json\/wp\/v2\/pages"}],"about":[{"href":"https:\/\/rakosliget.hu\/wordpress\/index.php\/wp-json\/wp\/v2\/types\/page"}],"author":[{"embeddable":true,"href":"https:\/\/rakosliget.hu\/wordpress\/index.php\/wp-json\/wp\/v2\/users\/1"}],"replies":[{"embeddable":true,"href":"https:\/\/rakosliget.hu\/wordpress\/index.php\/wp-json\/wp\/v2\/comments?post=16358"}],"version-history":[{"count":6,"href":"https:\/\/rakosliget.hu\/wordpress\/index.php\/wp-json\/wp\/v2\/pages\/16358\/revisions"}],"predecessor-version":[{"id":16429,"href":"https:\/\/rakosliget.hu\/wordpress\/index.php\/wp-json\/wp\/v2\/pages\/16358\/revisions\/16429"}],"wp:attachment":[{"href":"https:\/\/rakosliget.hu\/wordpress\/index.php\/wp-json\/wp\/v2\/media?parent=16358"}],"curies":[{"name":"wp","href":"https:\/\/api.w.org\/{rel}","templated":true}]}}