{"id":15712,"date":"2025-01-25T21:29:55","date_gmt":"2025-01-25T20:29:55","guid":{"rendered":"https:\/\/rakosliget.hu\/wordpress\/?page_id=15712"},"modified":"2025-08-24T08:02:02","modified_gmt":"2025-08-24T07:02:02","slug":"atletika-1938","status":"publish","type":"page","link":"https:\/\/rakosliget.hu\/wordpress\/index.php\/atletika-1938\/","title":{"rendered":"ATL\u00c9TIKA 1938"},"content":{"rendered":"\n<p><a href=\"https:\/\/rakosliget.hu\/wordpress\/index.php\/atlatika-rakosligeti-move\/\">Vissza az ATL\u00c9TIKA lapra<\/a><\/p>\n\n\n\n<p>A <strong>Magyar Atl\u00e9tikai Sz\u00f6vets\u00e9g p\u00f3ttan\u00e1cstag<\/strong>ok k\u00f6z\u00f6tt volt <strong>Paulinyi Jen\u0151<\/strong> MOVE RTSE, R\u00e1kosliget, Ill. utca 32.<\/p>\n\n\n\n<p>A Magyar Athletikai Sz\u00f6vets\u00e9g bizotts\u00e1gai 1938-ban. <strong>K\u00f6zponti vid\u00e9ki bizotts\u00e1g:<\/strong> Tagok: <strong>Paulinyi Jen\u0151<\/strong> R\u00e1kosliget, III. utca 32.<\/p>\n\n\n<div class=\"wp-block-image\">\n<figure class=\"aligncenter size-full\"><img loading=\"lazy\" decoding=\"async\" width=\"1703\" height=\"945\" src=\"https:\/\/rakosliget.hu\/wordpress\/wp-content\/uploads\/2025\/08\/MASZ-1938.jpg\" alt=\"\" class=\"wp-image-17949\" srcset=\"https:\/\/rakosliget.hu\/wordpress\/wp-content\/uploads\/2025\/08\/MASZ-1938.jpg 1703w, https:\/\/rakosliget.hu\/wordpress\/wp-content\/uploads\/2025\/08\/MASZ-1938-300x166.jpg 300w, https:\/\/rakosliget.hu\/wordpress\/wp-content\/uploads\/2025\/08\/MASZ-1938-768x426.jpg 768w, https:\/\/rakosliget.hu\/wordpress\/wp-content\/uploads\/2025\/08\/MASZ-1938-1536x852.jpg 1536w\" sizes=\"auto, (max-width: 1703px) 100vw, 1703px\" \/><figcaption class=\"wp-element-caption\">Forr\u00e1s: Magyar Atl\u00e9tikai Sz\u00f6vets\u00e9g \u00c9vk\u00f6nyve 1938. 1 &#8211; 25. oldalak<\/figcaption><\/figure>\n<\/div>\n\n\n<p>1938. \u00e1prilis 3. Szenior atl\u00e9tiaki bajnoks\u00e1g R\u00e1kosliget. Forr\u00e1s: A Magyar Athletikai Sz\u00f6vets\u00e9g \u00c9vk\u00f6nyve, 1938. 68. oldal<\/p>\n\n\n<div class=\"wp-block-image\">\n<figure class=\"aligncenter size-large\"><img loading=\"lazy\" decoding=\"async\" width=\"526\" height=\"1024\" src=\"https:\/\/rakosliget.hu\/wordpress\/wp-content\/uploads\/2025\/01\/1938_04_05_7-oldal-atletika-526x1024.jpg\" alt=\"\" class=\"wp-image-15718\" srcset=\"https:\/\/rakosliget.hu\/wordpress\/wp-content\/uploads\/2025\/01\/1938_04_05_7-oldal-atletika-526x1024.jpg 526w, https:\/\/rakosliget.hu\/wordpress\/wp-content\/uploads\/2025\/01\/1938_04_05_7-oldal-atletika-154x300.jpg 154w, https:\/\/rakosliget.hu\/wordpress\/wp-content\/uploads\/2025\/01\/1938_04_05_7-oldal-atletika.jpg 679w\" sizes=\"auto, (max-width: 526px) 100vw, 526px\" \/><figcaption class=\"wp-element-caption\">Nemzeti Sport 1938. 04. 05. 7. oldal <\/figcaption><\/figure>\n<\/div>\n\n<div class=\"wp-block-image\">\n<figure class=\"aligncenter size-large\"><img loading=\"lazy\" decoding=\"async\" width=\"464\" height=\"1024\" src=\"https:\/\/rakosliget.hu\/wordpress\/wp-content\/uploads\/2025\/01\/1938_04_11_14-oldal-atletika-464x1024.jpg\" alt=\"\" class=\"wp-image-15720\" srcset=\"https:\/\/rakosliget.hu\/wordpress\/wp-content\/uploads\/2025\/01\/1938_04_11_14-oldal-atletika-464x1024.jpg 464w, https:\/\/rakosliget.hu\/wordpress\/wp-content\/uploads\/2025\/01\/1938_04_11_14-oldal-atletika-136x300.jpg 136w, https:\/\/rakosliget.hu\/wordpress\/wp-content\/uploads\/2025\/01\/1938_04_11_14-oldal-atletika.jpg 696w\" sizes=\"auto, (max-width: 464px) 100vw, 464px\" \/><figcaption class=\"wp-element-caption\">Nemzeti Sport 1938. 04. 11. 14. oldal <\/figcaption><\/figure>\n<\/div>\n\n<div class=\"wp-block-image\">\n<figure class=\"aligncenter size-large\"><img loading=\"lazy\" decoding=\"async\" width=\"242\" height=\"1024\" src=\"https:\/\/rakosliget.hu\/wordpress\/wp-content\/uploads\/2025\/01\/1938_05_13_-7-oldal-atletika-242x1024.jpg\" alt=\"\" class=\"wp-image-15721\" srcset=\"https:\/\/rakosliget.hu\/wordpress\/wp-content\/uploads\/2025\/01\/1938_05_13_-7-oldal-atletika-242x1024.jpg 242w, https:\/\/rakosliget.hu\/wordpress\/wp-content\/uploads\/2025\/01\/1938_05_13_-7-oldal-atletika-71x300.jpg 71w\" sizes=\"auto, (max-width: 242px) 100vw, 242px\" \/><figcaption class=\"wp-element-caption\">Nemzei Sport 1938. 05. 13. 7. oldal <\/figcaption><\/figure>\n<\/div>\n\n<div class=\"wp-block-image\">\n<figure class=\"aligncenter size-large\"><a href=\"http:\/\/rakosliget.hu\/wordpress\/wp-content\/uploads\/2020\/11\/1938-majus-26-atletika.jpg\"><img loading=\"lazy\" decoding=\"async\" width=\"505\" height=\"232\" src=\"http:\/\/rakosliget.hu\/wordpress\/wp-content\/uploads\/2020\/11\/1938-majus-26-atletika.jpg\" alt=\"\" class=\"wp-image-6599\" srcset=\"https:\/\/rakosliget.hu\/wordpress\/wp-content\/uploads\/2020\/11\/1938-majus-26-atletika.jpg 505w, https:\/\/rakosliget.hu\/wordpress\/wp-content\/uploads\/2020\/11\/1938-majus-26-atletika-300x138.jpg 300w\" sizes=\"auto, (max-width: 505px) 100vw, 505px\" \/><\/a><figcaption class=\"wp-element-caption\">1938. m\u00e1jus 26.<\/figcaption><\/figure>\n<\/div>\n\n<div class=\"wp-block-image\">\n<figure class=\"aligncenter size-large\"><img loading=\"lazy\" decoding=\"async\" width=\"539\" height=\"1024\" src=\"https:\/\/rakosliget.hu\/wordpress\/wp-content\/uploads\/2025\/01\/1938_05_27_9-oldal-atletika-539x1024.jpg\" alt=\"\" class=\"wp-image-15722\" srcset=\"https:\/\/rakosliget.hu\/wordpress\/wp-content\/uploads\/2025\/01\/1938_05_27_9-oldal-atletika-539x1024.jpg 539w, https:\/\/rakosliget.hu\/wordpress\/wp-content\/uploads\/2025\/01\/1938_05_27_9-oldal-atletika-158x300.jpg 158w, https:\/\/rakosliget.hu\/wordpress\/wp-content\/uploads\/2025\/01\/1938_05_27_9-oldal-atletika.jpg 671w\" sizes=\"auto, (max-width: 539px) 100vw, 539px\" \/><figcaption class=\"wp-element-caption\">Nemzeti Sport 1938. 05. 27. 9. oldal <\/figcaption><\/figure>\n<\/div>\n\n<div class=\"wp-block-image\">\n<figure class=\"aligncenter size-large\"><a href=\"http:\/\/rakosliget.hu\/wordpress\/wp-content\/uploads\/2020\/11\/1938-julius-12-atletika.jpg\"><img loading=\"lazy\" decoding=\"async\" width=\"516\" height=\"122\" src=\"http:\/\/rakosliget.hu\/wordpress\/wp-content\/uploads\/2020\/11\/1938-julius-12-atletika.jpg\" alt=\"\" class=\"wp-image-6580\" srcset=\"https:\/\/rakosliget.hu\/wordpress\/wp-content\/uploads\/2020\/11\/1938-julius-12-atletika.jpg 516w, https:\/\/rakosliget.hu\/wordpress\/wp-content\/uploads\/2020\/11\/1938-julius-12-atletika-300x71.jpg 300w\" sizes=\"auto, (max-width: 516px) 100vw, 516px\" \/><\/a><figcaption class=\"wp-element-caption\">1938. j\u00falius 12. Az Ujs\u00e1g<\/figcaption><\/figure>\n<\/div>\n\n<div class=\"wp-block-image\">\n<figure class=\"aligncenter size-full\"><img loading=\"lazy\" decoding=\"async\" width=\"686\" height=\"322\" src=\"https:\/\/rakosliget.hu\/wordpress\/wp-content\/uploads\/2025\/01\/1938_07_14_-4-oldal-atletika.jpg\" alt=\"\" class=\"wp-image-15723\" srcset=\"https:\/\/rakosliget.hu\/wordpress\/wp-content\/uploads\/2025\/01\/1938_07_14_-4-oldal-atletika.jpg 686w, https:\/\/rakosliget.hu\/wordpress\/wp-content\/uploads\/2025\/01\/1938_07_14_-4-oldal-atletika-300x141.jpg 300w\" sizes=\"auto, (max-width: 686px) 100vw, 686px\" \/><figcaption class=\"wp-element-caption\">Nemzeti Sport 1938. 07. 14. 4. oldal <\/figcaption><\/figure>\n<\/div>\n\n<div class=\"wp-block-image\">\n<figure class=\"aligncenter size-large\"><a href=\"http:\/\/rakosliget.hu\/wordpress\/wp-content\/uploads\/2020\/11\/1938-julius-24-atletika.jpg\"><img loading=\"lazy\" decoding=\"async\" width=\"491\" height=\"118\" src=\"http:\/\/rakosliget.hu\/wordpress\/wp-content\/uploads\/2020\/11\/1938-julius-24-atletika.jpg\" alt=\"\" class=\"wp-image-6588\" srcset=\"https:\/\/rakosliget.hu\/wordpress\/wp-content\/uploads\/2020\/11\/1938-julius-24-atletika.jpg 491w, https:\/\/rakosliget.hu\/wordpress\/wp-content\/uploads\/2020\/11\/1938-julius-24-atletika-300x72.jpg 300w\" sizes=\"auto, (max-width: 491px) 100vw, 491px\" \/><\/a><figcaption class=\"wp-element-caption\">1938. j\u00falius 24.<\/figcaption><\/figure>\n<\/div>\n\n<div class=\"wp-block-image\">\n<figure class=\"aligncenter size-full\"><img loading=\"lazy\" decoding=\"async\" width=\"674\" height=\"577\" src=\"https:\/\/rakosliget.hu\/wordpress\/wp-content\/uploads\/2025\/01\/1938_07_24_-1-oldal-atletika.jpg\" alt=\"\" class=\"wp-image-15724\" srcset=\"https:\/\/rakosliget.hu\/wordpress\/wp-content\/uploads\/2025\/01\/1938_07_24_-1-oldal-atletika.jpg 674w, https:\/\/rakosliget.hu\/wordpress\/wp-content\/uploads\/2025\/01\/1938_07_24_-1-oldal-atletika-300x257.jpg 300w\" sizes=\"auto, (max-width: 674px) 100vw, 674px\" \/><figcaption class=\"wp-element-caption\">Nemzeti Sport 1938. 07. 24. 1. oldal <\/figcaption><\/figure>\n<\/div>\n\n<div class=\"wp-block-image\">\n<figure class=\"aligncenter size-large\"><img loading=\"lazy\" decoding=\"async\" width=\"622\" height=\"1024\" src=\"https:\/\/rakosliget.hu\/wordpress\/wp-content\/uploads\/2025\/01\/1938_07_25_-9-oldal-atletika-622x1024.jpg\" alt=\"\" class=\"wp-image-15726\" srcset=\"https:\/\/rakosliget.hu\/wordpress\/wp-content\/uploads\/2025\/01\/1938_07_25_-9-oldal-atletika-622x1024.jpg 622w, https:\/\/rakosliget.hu\/wordpress\/wp-content\/uploads\/2025\/01\/1938_07_25_-9-oldal-atletika-182x300.jpg 182w, https:\/\/rakosliget.hu\/wordpress\/wp-content\/uploads\/2025\/01\/1938_07_25_-9-oldal-atletika-768x1265.jpg 768w, https:\/\/rakosliget.hu\/wordpress\/wp-content\/uploads\/2025\/01\/1938_07_25_-9-oldal-atletika-932x1536.jpg 932w, https:\/\/rakosliget.hu\/wordpress\/wp-content\/uploads\/2025\/01\/1938_07_25_-9-oldal-atletika-1243x2048.jpg 1243w, https:\/\/rakosliget.hu\/wordpress\/wp-content\/uploads\/2025\/01\/1938_07_25_-9-oldal-atletika.jpg 1344w\" sizes=\"auto, (max-width: 622px) 100vw, 622px\" \/><figcaption class=\"wp-element-caption\">Nemzeti Sport 1938. 07. 25. 9. oldal <\/figcaption><\/figure>\n<\/div>\n\n<div class=\"wp-block-image\">\n<figure class=\"aligncenter size-large\"><img loading=\"lazy\" decoding=\"async\" width=\"622\" height=\"1024\" src=\"https:\/\/rakosliget.hu\/wordpress\/wp-content\/uploads\/2025\/01\/1938_07_25_9-oldal-atletika-622x1024.jpg\" alt=\"\" class=\"wp-image-15728\" srcset=\"https:\/\/rakosliget.hu\/wordpress\/wp-content\/uploads\/2025\/01\/1938_07_25_9-oldal-atletika-622x1024.jpg 622w, https:\/\/rakosliget.hu\/wordpress\/wp-content\/uploads\/2025\/01\/1938_07_25_9-oldal-atletika-182x300.jpg 182w, https:\/\/rakosliget.hu\/wordpress\/wp-content\/uploads\/2025\/01\/1938_07_25_9-oldal-atletika-768x1265.jpg 768w, https:\/\/rakosliget.hu\/wordpress\/wp-content\/uploads\/2025\/01\/1938_07_25_9-oldal-atletika-932x1536.jpg 932w, https:\/\/rakosliget.hu\/wordpress\/wp-content\/uploads\/2025\/01\/1938_07_25_9-oldal-atletika-1243x2048.jpg 1243w, https:\/\/rakosliget.hu\/wordpress\/wp-content\/uploads\/2025\/01\/1938_07_25_9-oldal-atletika.jpg 1344w\" sizes=\"auto, (max-width: 622px) 100vw, 622px\" \/><figcaption class=\"wp-element-caption\">Nemzeti Sport 1938. 07. 25. 9. oldal <\/figcaption><\/figure>\n<\/div>\n\n<div class=\"wp-block-image\">\n<figure class=\"aligncenter size-large\"><a href=\"http:\/\/rakosliget.hu\/wordpress\/wp-content\/uploads\/2020\/11\/1938-julius-26-atletika.jpg\"><img loading=\"lazy\" decoding=\"async\" width=\"466\" height=\"140\" src=\"http:\/\/rakosliget.hu\/wordpress\/wp-content\/uploads\/2020\/11\/1938-julius-26-atletika.jpg\" alt=\"\" class=\"wp-image-6590\" srcset=\"https:\/\/rakosliget.hu\/wordpress\/wp-content\/uploads\/2020\/11\/1938-julius-26-atletika.jpg 466w, https:\/\/rakosliget.hu\/wordpress\/wp-content\/uploads\/2020\/11\/1938-julius-26-atletika-300x90.jpg 300w\" sizes=\"auto, (max-width: 466px) 100vw, 466px\" \/><\/a><figcaption class=\"wp-element-caption\">1938. j\u00falius 26.<\/figcaption><\/figure>\n<\/div>\n\n<div class=\"wp-block-image\">\n<figure class=\"aligncenter size-large\"><a href=\"http:\/\/rakosliget.hu\/wordpress\/wp-content\/uploads\/2020\/11\/1938-szeptember-27-atletika.jpg\"><img loading=\"lazy\" decoding=\"async\" width=\"518\" height=\"483\" src=\"http:\/\/rakosliget.hu\/wordpress\/wp-content\/uploads\/2020\/11\/1938-szeptember-27-atletika.jpg\" alt=\"\" class=\"wp-image-6605\" srcset=\"https:\/\/rakosliget.hu\/wordpress\/wp-content\/uploads\/2020\/11\/1938-szeptember-27-atletika.jpg 518w, https:\/\/rakosliget.hu\/wordpress\/wp-content\/uploads\/2020\/11\/1938-szeptember-27-atletika-300x280.jpg 300w\" sizes=\"auto, (max-width: 518px) 100vw, 518px\" \/><\/a><figcaption class=\"wp-element-caption\">1938. szeptember 27.<\/figcaption><\/figure>\n<\/div>\n\n<div class=\"wp-block-image\">\n<figure class=\"aligncenter size-large\"><a href=\"http:\/\/rakosliget.hu\/wordpress\/wp-content\/uploads\/2020\/11\/1938-oktober-25-atletika.jpg\"><img loading=\"lazy\" decoding=\"async\" width=\"462\" height=\"393\" src=\"http:\/\/rakosliget.hu\/wordpress\/wp-content\/uploads\/2020\/11\/1938-oktober-25-atletika.jpg\" alt=\"\" class=\"wp-image-6603\" srcset=\"https:\/\/rakosliget.hu\/wordpress\/wp-content\/uploads\/2020\/11\/1938-oktober-25-atletika.jpg 462w, https:\/\/rakosliget.hu\/wordpress\/wp-content\/uploads\/2020\/11\/1938-oktober-25-atletika-300x255.jpg 300w\" sizes=\"auto, (max-width: 462px) 100vw, 462px\" \/><\/a><figcaption class=\"wp-element-caption\">1938. okt\u00f3ber 25. Az Ujs\u00e1g<\/figcaption><\/figure>\n<\/div>\n\n\n<p><\/p>\n\n\n\n<h2 class=\"wp-block-heading\">1938 ORSZ\u00c1GOS ATL\u00c9TIKAI BAJNOKS\u00c1G DOROG<\/h2>\n\n\n\n<figure class=\"wp-block-image size-large\"><img loading=\"lazy\" decoding=\"async\" width=\"1024\" height=\"391\" src=\"http:\/\/rakosliget.hu\/wordpress\/wp-content\/uploads\/2020\/01\/Esztergom-\u00e9s-vid\u00e9ke-cimlap-1024x391.jpg\" alt=\"\" class=\"wp-image-4000\" srcset=\"https:\/\/rakosliget.hu\/wordpress\/wp-content\/uploads\/2020\/01\/Esztergom-\u00e9s-vid\u00e9ke-cimlap-1024x391.jpg 1024w, https:\/\/rakosliget.hu\/wordpress\/wp-content\/uploads\/2020\/01\/Esztergom-\u00e9s-vid\u00e9ke-cimlap-300x115.jpg 300w, https:\/\/rakosliget.hu\/wordpress\/wp-content\/uploads\/2020\/01\/Esztergom-\u00e9s-vid\u00e9ke-cimlap-768x293.jpg 768w, https:\/\/rakosliget.hu\/wordpress\/wp-content\/uploads\/2020\/01\/Esztergom-\u00e9s-vid\u00e9ke-cimlap-1536x587.jpg 1536w, https:\/\/rakosliget.hu\/wordpress\/wp-content\/uploads\/2020\/01\/Esztergom-\u00e9s-vid\u00e9ke-cimlap-2048x782.jpg 2048w\" sizes=\"auto, (max-width: 1024px) 100vw, 1024px\" \/><\/figure>\n\n\n<div class=\"wp-block-image\">\n<figure class=\"aligncenter size-large\"><img loading=\"lazy\" decoding=\"async\" width=\"782\" height=\"1024\" src=\"http:\/\/rakosliget.hu\/wordpress\/wp-content\/uploads\/2020\/01\/1938-j\u00falius-17-ATL\u00c9TKA-782x1024.jpg\" alt=\"\" class=\"wp-image-4011\" srcset=\"https:\/\/rakosliget.hu\/wordpress\/wp-content\/uploads\/2020\/01\/1938-j\u00falius-17-ATL\u00c9TKA-782x1024.jpg 782w, https:\/\/rakosliget.hu\/wordpress\/wp-content\/uploads\/2020\/01\/1938-j\u00falius-17-ATL\u00c9TKA-229x300.jpg 229w, https:\/\/rakosliget.hu\/wordpress\/wp-content\/uploads\/2020\/01\/1938-j\u00falius-17-ATL\u00c9TKA-768x1006.jpg 768w, https:\/\/rakosliget.hu\/wordpress\/wp-content\/uploads\/2020\/01\/1938-j\u00falius-17-ATL\u00c9TKA.jpg 914w\" sizes=\"auto, (max-width: 782px) 100vw, 782px\" \/><\/figure>\n<\/div>\n\n\n<h2 class=\"wp-block-heading\">1938. j\u00falius 25. Orsz\u00e1gos n\u0151i atl\u00e9tikai versenyt rendezett a MOVE R\u00e1kosligeti TSE,<\/h2>\n\n\n\n<figure class=\"wp-block-image size-large\"><a href=\"http:\/\/rakosliget.hu\/wordpress\/wp-content\/uploads\/2020\/01\/Cs\u00e1k-ibolya-remecz-atletika-1938.jpg\"><img loading=\"lazy\" decoding=\"async\" width=\"805\" height=\"1024\" src=\"http:\/\/rakosliget.hu\/wordpress\/wp-content\/uploads\/2020\/01\/Cs\u00e1k-ibolya-remecz-atletika-1938-805x1024.jpg\" alt=\"\" class=\"wp-image-4608\" srcset=\"https:\/\/rakosliget.hu\/wordpress\/wp-content\/uploads\/2020\/01\/Cs\u00e1k-ibolya-remecz-atletika-1938-805x1024.jpg 805w, https:\/\/rakosliget.hu\/wordpress\/wp-content\/uploads\/2020\/01\/Cs\u00e1k-ibolya-remecz-atletika-1938-236x300.jpg 236w, https:\/\/rakosliget.hu\/wordpress\/wp-content\/uploads\/2020\/01\/Cs\u00e1k-ibolya-remecz-atletika-1938-768x977.jpg 768w, https:\/\/rakosliget.hu\/wordpress\/wp-content\/uploads\/2020\/01\/Cs\u00e1k-ibolya-remecz-atletika-1938.jpg 899w\" sizes=\"auto, (max-width: 805px) 100vw, 805px\" \/><\/a><figcaption class=\"wp-element-caption\">Az Est 1938. j\u00falius 25.<\/figcaption><\/figure>\n","protected":false},"excerpt":{"rendered":"<p>Vissza az ATL\u00c9TIKA lapra A Magyar Atl\u00e9tikai Sz\u00f6vets\u00e9g p\u00f3ttan\u00e1cstagok k\u00f6z\u00f6tt volt Paulinyi Jen\u0151 MOVE RTSE, R\u00e1kosliget, Ill. utca 32. A Magyar Athletikai Sz\u00f6vets\u00e9g bizotts\u00e1gai 1938-ban. K\u00f6zponti vid\u00e9ki bizotts\u00e1g: Tagok: Paulinyi Jen\u0151 R\u00e1kosliget, III. utca 32. 1938. \u00e1prilis 3. Szenior atl\u00e9tiaki bajnoks\u00e1g R\u00e1kosliget. Forr\u00e1s: A Magyar Athletikai Sz\u00f6vets\u00e9g \u00c9vk\u00f6nyve, 1938. 68. oldal 1938 ORSZ\u00c1GOS ATL\u00c9TIKAI BAJNOKS\u00c1G &hellip; <a href=\"https:\/\/rakosliget.hu\/wordpress\/index.php\/atletika-1938\/\" class=\"more-link\"><span class=\"screen-reader-text\">ATL\u00c9TIKA 1938<\/span> r\u00e9szletei&#8230;<\/a><\/p>\n","protected":false},"author":1,"featured_media":0,"parent":0,"menu_order":0,"comment_status":"closed","ping_status":"closed","template":"","meta":{"footnotes":""},"class_list":["post-15712","page","type-page","status-publish","hentry"],"_links":{"self":[{"href":"https:\/\/rakosliget.hu\/wordpress\/index.php\/wp-json\/wp\/v2\/pages\/15712","targetHints":{"allow":["GET"]}}],"collection":[{"href":"https:\/\/rakosliget.hu\/wordpress\/index.php\/wp-json\/wp\/v2\/pages"}],"about":[{"href":"https:\/\/rakosliget.hu\/wordpress\/index.php\/wp-json\/wp\/v2\/types\/page"}],"author":[{"embeddable":true,"href":"https:\/\/rakosliget.hu\/wordpress\/index.php\/wp-json\/wp\/v2\/users\/1"}],"replies":[{"embeddable":true,"href":"https:\/\/rakosliget.hu\/wordpress\/index.php\/wp-json\/wp\/v2\/comments?post=15712"}],"version-history":[{"count":8,"href":"https:\/\/rakosliget.hu\/wordpress\/index.php\/wp-json\/wp\/v2\/pages\/15712\/revisions"}],"predecessor-version":[{"id":17950,"href":"https:\/\/rakosliget.hu\/wordpress\/index.php\/wp-json\/wp\/v2\/pages\/15712\/revisions\/17950"}],"wp:attachment":[{"href":"https:\/\/rakosliget.hu\/wordpress\/index.php\/wp-json\/wp\/v2\/media?parent=15712"}],"curies":[{"name":"wp","href":"https:\/\/api.w.org\/{rel}","templated":true}]}}