{"id":15584,"date":"2025-01-24T19:32:49","date_gmt":"2025-01-24T18:32:49","guid":{"rendered":"https:\/\/rakosliget.hu\/wordpress\/?page_id=15584"},"modified":"2025-03-14T04:56:45","modified_gmt":"2025-03-14T03:56:45","slug":"rac-move-1937","status":"publish","type":"page","link":"https:\/\/rakosliget.hu\/wordpress\/index.php\/rac-move-1937\/","title":{"rendered":"RAC &#8211; MOVE 1937"},"content":{"rendered":"\n<p><a href=\"https:\/\/rakosliget.hu\/wordpress\/index.php\/rakosligeti-move-foci\/\">Vissza a FOCI lapra.<\/a><\/p>\n\n\n<div class=\"wp-block-image\">\n<figure class=\"aligncenter size-full\"><img loading=\"lazy\" decoding=\"async\" width=\"716\" height=\"438\" src=\"https:\/\/rakosliget.hu\/wordpress\/wp-content\/uploads\/2025\/01\/1937_03_02_5-oldal-foci.jpg\" alt=\"\" class=\"wp-image-15588\" srcset=\"https:\/\/rakosliget.hu\/wordpress\/wp-content\/uploads\/2025\/01\/1937_03_02_5-oldal-foci.jpg 716w, https:\/\/rakosliget.hu\/wordpress\/wp-content\/uploads\/2025\/01\/1937_03_02_5-oldal-foci-300x184.jpg 300w\" sizes=\"auto, (max-width: 716px) 100vw, 716px\" \/><figcaption class=\"wp-element-caption\">Nemzeti Sport 1937. 03. 02.5. oldal <\/figcaption><\/figure>\n<\/div>\n\n\n<figure class=\"wp-block-image size-full\"><img loading=\"lazy\" decoding=\"async\" width=\"665\" height=\"673\" src=\"https:\/\/rakosliget.hu\/wordpress\/wp-content\/uploads\/2025\/01\/1937_03_08_-10-oldal-foci.jpg\" alt=\"\" class=\"wp-image-15590\" srcset=\"https:\/\/rakosliget.hu\/wordpress\/wp-content\/uploads\/2025\/01\/1937_03_08_-10-oldal-foci.jpg 665w, https:\/\/rakosliget.hu\/wordpress\/wp-content\/uploads\/2025\/01\/1937_03_08_-10-oldal-foci-296x300.jpg 296w\" sizes=\"auto, (max-width: 665px) 100vw, 665px\" \/><figcaption class=\"wp-element-caption\">Nemzeti Sport 1937. 03. 08. 10. oldal<\/figcaption><\/figure>\n\n\n<div class=\"wp-block-image\">\n<figure class=\"aligncenter size-large\"><img loading=\"lazy\" decoding=\"async\" width=\"747\" height=\"1024\" src=\"https:\/\/rakosliget.hu\/wordpress\/wp-content\/uploads\/2025\/01\/1937_03_09_-5-oldal-foci-747x1024.jpg\" alt=\"\" class=\"wp-image-15591\" srcset=\"https:\/\/rakosliget.hu\/wordpress\/wp-content\/uploads\/2025\/01\/1937_03_09_-5-oldal-foci-747x1024.jpg 747w, https:\/\/rakosliget.hu\/wordpress\/wp-content\/uploads\/2025\/01\/1937_03_09_-5-oldal-foci-219x300.jpg 219w, https:\/\/rakosliget.hu\/wordpress\/wp-content\/uploads\/2025\/01\/1937_03_09_-5-oldal-foci-768x1053.jpg 768w, https:\/\/rakosliget.hu\/wordpress\/wp-content\/uploads\/2025\/01\/1937_03_09_-5-oldal-foci-1120x1536.jpg 1120w, https:\/\/rakosliget.hu\/wordpress\/wp-content\/uploads\/2025\/01\/1937_03_09_-5-oldal-foci.jpg 1313w\" sizes=\"auto, (max-width: 747px) 100vw, 747px\" \/><figcaption class=\"wp-element-caption\">Nemzeti Sport 1937. 03. 09. 5. oldal <\/figcaption><\/figure>\n<\/div>\n\n\n<figure class=\"wp-block-image size-full\"><img loading=\"lazy\" decoding=\"async\" width=\"679\" height=\"505\" src=\"https:\/\/rakosliget.hu\/wordpress\/wp-content\/uploads\/2025\/01\/1937_03_16_-10-oldal-foci.jpg\" alt=\"\" class=\"wp-image-15592\" srcset=\"https:\/\/rakosliget.hu\/wordpress\/wp-content\/uploads\/2025\/01\/1937_03_16_-10-oldal-foci.jpg 679w, https:\/\/rakosliget.hu\/wordpress\/wp-content\/uploads\/2025\/01\/1937_03_16_-10-oldal-foci-300x223.jpg 300w\" sizes=\"auto, (max-width: 679px) 100vw, 679px\" \/><figcaption class=\"wp-element-caption\">Nemzeti Sport 1937. 03. 16. 10. oldal <\/figcaption><\/figure>\n\n\n<div class=\"wp-block-image\">\n<figure class=\"aligncenter size-full\"><img loading=\"lazy\" decoding=\"async\" width=\"664\" height=\"626\" src=\"https:\/\/rakosliget.hu\/wordpress\/wp-content\/uploads\/2025\/01\/1937_03_22_-9-oldal-foci.jpg\" alt=\"\" class=\"wp-image-15594\" srcset=\"https:\/\/rakosliget.hu\/wordpress\/wp-content\/uploads\/2025\/01\/1937_03_22_-9-oldal-foci.jpg 664w, https:\/\/rakosliget.hu\/wordpress\/wp-content\/uploads\/2025\/01\/1937_03_22_-9-oldal-foci-300x283.jpg 300w\" sizes=\"auto, (max-width: 664px) 100vw, 664px\" \/><figcaption class=\"wp-element-caption\">Nemzeti Sport 1937. 03. 22. 9. oldal <\/figcaption><\/figure>\n<\/div>\n\n<div class=\"wp-block-image\">\n<figure class=\"aligncenter size-full\"><img loading=\"lazy\" decoding=\"async\" width=\"695\" height=\"419\" src=\"https:\/\/rakosliget.hu\/wordpress\/wp-content\/uploads\/2025\/01\/1937_04_05_-10-oldal-foci.jpg\" alt=\"\" class=\"wp-image-15595\" srcset=\"https:\/\/rakosliget.hu\/wordpress\/wp-content\/uploads\/2025\/01\/1937_04_05_-10-oldal-foci.jpg 695w, https:\/\/rakosliget.hu\/wordpress\/wp-content\/uploads\/2025\/01\/1937_04_05_-10-oldal-foci-300x181.jpg 300w\" sizes=\"auto, (max-width: 695px) 100vw, 695px\" \/><figcaption class=\"wp-element-caption\">Nemzeti Sport 1937. 04. 05. 10. oldal <\/figcaption><\/figure>\n<\/div>\n\n<div class=\"wp-block-image\">\n<figure class=\"aligncenter size-full\"><img loading=\"lazy\" decoding=\"async\" width=\"676\" height=\"633\" src=\"https:\/\/rakosliget.hu\/wordpress\/wp-content\/uploads\/2025\/01\/1937_04_19_10-oldal-foci.jpg\" alt=\"\" class=\"wp-image-15597\" srcset=\"https:\/\/rakosliget.hu\/wordpress\/wp-content\/uploads\/2025\/01\/1937_04_19_10-oldal-foci.jpg 676w, https:\/\/rakosliget.hu\/wordpress\/wp-content\/uploads\/2025\/01\/1937_04_19_10-oldal-foci-300x281.jpg 300w\" sizes=\"auto, (max-width: 676px) 100vw, 676px\" \/><figcaption class=\"wp-element-caption\">Nemzeti Sport 1937. 04. 19. 10. oldal<\/figcaption><\/figure>\n<\/div>\n\n<div class=\"wp-block-image\">\n<figure class=\"aligncenter size-full\"><img loading=\"lazy\" decoding=\"async\" width=\"665\" height=\"435\" src=\"https:\/\/rakosliget.hu\/wordpress\/wp-content\/uploads\/2025\/01\/1937_04_26_12-oldal-foci.jpg\" alt=\"\" class=\"wp-image-15598\" srcset=\"https:\/\/rakosliget.hu\/wordpress\/wp-content\/uploads\/2025\/01\/1937_04_26_12-oldal-foci.jpg 665w, https:\/\/rakosliget.hu\/wordpress\/wp-content\/uploads\/2025\/01\/1937_04_26_12-oldal-foci-300x196.jpg 300w\" sizes=\"auto, (max-width: 665px) 100vw, 665px\" \/><figcaption class=\"wp-element-caption\">Nemzetii Sport 1937. 04. 26. 12. oldal<\/figcaption><\/figure>\n<\/div>\n\n<div class=\"wp-block-image\">\n<figure class=\"aligncenter size-full\"><img loading=\"lazy\" decoding=\"async\" width=\"662\" height=\"472\" src=\"https:\/\/rakosliget.hu\/wordpress\/wp-content\/uploads\/2025\/01\/1937_05_10_9-oldal-foci.jpg\" alt=\"\" class=\"wp-image-15600\" srcset=\"https:\/\/rakosliget.hu\/wordpress\/wp-content\/uploads\/2025\/01\/1937_05_10_9-oldal-foci.jpg 662w, https:\/\/rakosliget.hu\/wordpress\/wp-content\/uploads\/2025\/01\/1937_05_10_9-oldal-foci-300x214.jpg 300w\" sizes=\"auto, (max-width: 662px) 100vw, 662px\" \/><figcaption class=\"wp-element-caption\">Nemzeti Sport 1937. 05. 10. 9. oldal <\/figcaption><\/figure>\n<\/div>\n\n<div class=\"wp-block-image\">\n<figure class=\"aligncenter size-full\"><img loading=\"lazy\" decoding=\"async\" width=\"667\" height=\"449\" src=\"https:\/\/rakosliget.hu\/wordpress\/wp-content\/uploads\/2025\/01\/1937_05_18_-8-oldal-foci.jpg\" alt=\"\" class=\"wp-image-15602\" srcset=\"https:\/\/rakosliget.hu\/wordpress\/wp-content\/uploads\/2025\/01\/1937_05_18_-8-oldal-foci.jpg 667w, https:\/\/rakosliget.hu\/wordpress\/wp-content\/uploads\/2025\/01\/1937_05_18_-8-oldal-foci-300x202.jpg 300w, https:\/\/rakosliget.hu\/wordpress\/wp-content\/uploads\/2025\/01\/1937_05_18_-8-oldal-foci-272x182.jpg 272w\" sizes=\"auto, (max-width: 667px) 100vw, 667px\" \/><figcaption class=\"wp-element-caption\">Nemzeti Sport 1937. 05. 18. 8. oldal <\/figcaption><\/figure>\n<\/div>\n\n<div class=\"wp-block-image\">\n<figure class=\"aligncenter size-full\"><img loading=\"lazy\" decoding=\"async\" width=\"721\" height=\"703\" src=\"https:\/\/rakosliget.hu\/wordpress\/wp-content\/uploads\/2025\/01\/1937_05_21-3-oldal-foci-paulinyi-halala.jpg\" alt=\"\" class=\"wp-image-15604\" srcset=\"https:\/\/rakosliget.hu\/wordpress\/wp-content\/uploads\/2025\/01\/1937_05_21-3-oldal-foci-paulinyi-halala.jpg 721w, https:\/\/rakosliget.hu\/wordpress\/wp-content\/uploads\/2025\/01\/1937_05_21-3-oldal-foci-paulinyi-halala-300x293.jpg 300w\" sizes=\"auto, (max-width: 721px) 100vw, 721px\" \/><figcaption class=\"wp-element-caption\">Nemzeti Sport 1937. 05. 21. 3. oldal <\/figcaption><\/figure>\n<\/div>\n\n<div class=\"wp-block-image\">\n<figure class=\"aligncenter size-full\"><img loading=\"lazy\" decoding=\"async\" width=\"649\" height=\"455\" src=\"https:\/\/rakosliget.hu\/wordpress\/wp-content\/uploads\/2025\/01\/1937_05_24_-12-oldal-foci.jpg\" alt=\"\" class=\"wp-image-15605\" srcset=\"https:\/\/rakosliget.hu\/wordpress\/wp-content\/uploads\/2025\/01\/1937_05_24_-12-oldal-foci.jpg 649w, https:\/\/rakosliget.hu\/wordpress\/wp-content\/uploads\/2025\/01\/1937_05_24_-12-oldal-foci-300x210.jpg 300w\" sizes=\"auto, (max-width: 649px) 100vw, 649px\" \/><figcaption class=\"wp-element-caption\">Nemzeti Sport 1937. 05. 24. 12. oldal <\/figcaption><\/figure>\n<\/div>\n\n<div class=\"wp-block-image\">\n<figure class=\"aligncenter size-full\"><img loading=\"lazy\" decoding=\"async\" width=\"651\" height=\"280\" src=\"https:\/\/rakosliget.hu\/wordpress\/wp-content\/uploads\/2025\/01\/1937_05_24_-10-oldal-foci-paulinyi-halala.jpg\" alt=\"\" class=\"wp-image-15606\" srcset=\"https:\/\/rakosliget.hu\/wordpress\/wp-content\/uploads\/2025\/01\/1937_05_24_-10-oldal-foci-paulinyi-halala.jpg 651w, https:\/\/rakosliget.hu\/wordpress\/wp-content\/uploads\/2025\/01\/1937_05_24_-10-oldal-foci-paulinyi-halala-300x129.jpg 300w\" sizes=\"auto, (max-width: 651px) 100vw, 651px\" \/><figcaption class=\"wp-element-caption\">Nemzeti Sport 1937. 05. 24. 10. oldal <\/figcaption><\/figure>\n<\/div>\n\n<div class=\"wp-block-image\">\n<figure class=\"aligncenter size-full\"><img loading=\"lazy\" decoding=\"async\" width=\"698\" height=\"474\" src=\"https:\/\/rakosliget.hu\/wordpress\/wp-content\/uploads\/2025\/01\/1937_05_31_12-oldal-foci.jpg\" alt=\"\" class=\"wp-image-15608\" srcset=\"https:\/\/rakosliget.hu\/wordpress\/wp-content\/uploads\/2025\/01\/1937_05_31_12-oldal-foci.jpg 698w, https:\/\/rakosliget.hu\/wordpress\/wp-content\/uploads\/2025\/01\/1937_05_31_12-oldal-foci-300x204.jpg 300w\" sizes=\"auto, (max-width: 698px) 100vw, 698px\" \/><figcaption class=\"wp-element-caption\">Nemzeti Sport 1937. 05. 31. 12. oldal<\/figcaption><\/figure>\n<\/div>\n\n<div class=\"wp-block-image\">\n<figure class=\"aligncenter size-full\"><img loading=\"lazy\" decoding=\"async\" width=\"721\" height=\"498\" src=\"https:\/\/rakosliget.hu\/wordpress\/wp-content\/uploads\/2025\/01\/1937_06_07_-12-oldal-foci.jpg\" alt=\"\" class=\"wp-image-15610\" srcset=\"https:\/\/rakosliget.hu\/wordpress\/wp-content\/uploads\/2025\/01\/1937_06_07_-12-oldal-foci.jpg 721w, https:\/\/rakosliget.hu\/wordpress\/wp-content\/uploads\/2025\/01\/1937_06_07_-12-oldal-foci-300x207.jpg 300w\" sizes=\"auto, (max-width: 721px) 100vw, 721px\" \/><figcaption class=\"wp-element-caption\">Nemzeti Sport 1937. 06. 07. 12. oldal <\/figcaption><\/figure>\n<\/div>\n\n<div class=\"wp-block-image\">\n<figure class=\"aligncenter size-full\"><img loading=\"lazy\" decoding=\"async\" width=\"713\" height=\"664\" src=\"https:\/\/rakosliget.hu\/wordpress\/wp-content\/uploads\/2025\/01\/1937_06_14_-9-oldal-foci.jpg\" alt=\"\" class=\"wp-image-15611\" srcset=\"https:\/\/rakosliget.hu\/wordpress\/wp-content\/uploads\/2025\/01\/1937_06_14_-9-oldal-foci.jpg 713w, https:\/\/rakosliget.hu\/wordpress\/wp-content\/uploads\/2025\/01\/1937_06_14_-9-oldal-foci-300x279.jpg 300w\" sizes=\"auto, (max-width: 713px) 100vw, 713px\" \/><figcaption class=\"wp-element-caption\">Nemzeti sport 1937. 06. 14. 9. oldal <\/figcaption><\/figure>\n<\/div>\n\n<div class=\"wp-block-image\">\n<figure class=\"aligncenter size-large\"><img loading=\"lazy\" decoding=\"async\" width=\"1024\" height=\"202\" src=\"https:\/\/rakosliget.hu\/wordpress\/wp-content\/uploads\/2025\/03\/A-magyar-sport-evkonyve-1937-1938-1939-Budapest-1939-1937_1938-vegeredmeny-255-oldal-1024x202.jpg\" alt=\"\" class=\"wp-image-16935\" srcset=\"https:\/\/rakosliget.hu\/wordpress\/wp-content\/uploads\/2025\/03\/A-magyar-sport-evkonyve-1937-1938-1939-Budapest-1939-1937_1938-vegeredmeny-255-oldal-1024x202.jpg 1024w, https:\/\/rakosliget.hu\/wordpress\/wp-content\/uploads\/2025\/03\/A-magyar-sport-evkonyve-1937-1938-1939-Budapest-1939-1937_1938-vegeredmeny-255-oldal-300x59.jpg 300w, https:\/\/rakosliget.hu\/wordpress\/wp-content\/uploads\/2025\/03\/A-magyar-sport-evkonyve-1937-1938-1939-Budapest-1939-1937_1938-vegeredmeny-255-oldal-768x152.jpg 768w, https:\/\/rakosliget.hu\/wordpress\/wp-content\/uploads\/2025\/03\/A-magyar-sport-evkonyve-1937-1938-1939-Budapest-1939-1937_1938-vegeredmeny-255-oldal-1536x303.jpg 1536w, https:\/\/rakosliget.hu\/wordpress\/wp-content\/uploads\/2025\/03\/A-magyar-sport-evkonyve-1937-1938-1939-Budapest-1939-1937_1938-vegeredmeny-255-oldal.jpg 1733w\" sizes=\"auto, (max-width: 1024px) 100vw, 1024px\" \/><figcaption class=\"wp-element-caption\">A magyar sport \u00e9vk\u00f6nyve 1937-1938-1939 (Budapest, 1939) 1937_1938 v\u00e9geredm\u00e9ny 255 oldal<\/figcaption><\/figure>\n<\/div>\n\n<div class=\"wp-block-image\">\n<figure class=\"aligncenter size-full\"><img loading=\"lazy\" decoding=\"async\" width=\"672\" height=\"363\" src=\"https:\/\/rakosliget.hu\/wordpress\/wp-content\/uploads\/2025\/01\/1937_07_23_-5-oldal-foci.jpg\" alt=\"\" class=\"wp-image-15612\" srcset=\"https:\/\/rakosliget.hu\/wordpress\/wp-content\/uploads\/2025\/01\/1937_07_23_-5-oldal-foci.jpg 672w, https:\/\/rakosliget.hu\/wordpress\/wp-content\/uploads\/2025\/01\/1937_07_23_-5-oldal-foci-300x162.jpg 300w\" sizes=\"auto, (max-width: 672px) 100vw, 672px\" \/><figcaption class=\"wp-element-caption\">Nemzeti Sport 1937. 07. 23. 5. oldal <\/figcaption><\/figure>\n<\/div>\n\n<div class=\"wp-block-image\">\n<figure class=\"aligncenter size-large\"><img loading=\"lazy\" decoding=\"async\" width=\"250\" height=\"1024\" src=\"https:\/\/rakosliget.hu\/wordpress\/wp-content\/uploads\/2025\/01\/1937_08_09_-4-oldal-foci-250x1024.jpg\" alt=\"\" class=\"wp-image-15614\" srcset=\"https:\/\/rakosliget.hu\/wordpress\/wp-content\/uploads\/2025\/01\/1937_08_09_-4-oldal-foci-250x1024.jpg 250w, https:\/\/rakosliget.hu\/wordpress\/wp-content\/uploads\/2025\/01\/1937_08_09_-4-oldal-foci-73x300.jpg 73w\" sizes=\"auto, (max-width: 250px) 100vw, 250px\" \/><figcaption class=\"wp-element-caption\">Nemzeti Sport 1937. 08. 09. 4. oldal <\/figcaption><\/figure>\n<\/div>\n\n<div class=\"wp-block-image\">\n<figure class=\"aligncenter size-large\"><a href=\"http:\/\/rakosliget.hu\/wordpress\/wp-content\/uploads\/2020\/11\/1937-augusztus-10-foci.jpg\"><img loading=\"lazy\" decoding=\"async\" width=\"491\" height=\"567\" src=\"http:\/\/rakosliget.hu\/wordpress\/wp-content\/uploads\/2020\/11\/1937-augusztus-10-foci.jpg\" alt=\"\" class=\"wp-image-6555\" srcset=\"https:\/\/rakosliget.hu\/wordpress\/wp-content\/uploads\/2020\/11\/1937-augusztus-10-foci.jpg 491w, https:\/\/rakosliget.hu\/wordpress\/wp-content\/uploads\/2020\/11\/1937-augusztus-10-foci-260x300.jpg 260w\" sizes=\"auto, (max-width: 491px) 100vw, 491px\" \/><\/a><figcaption class=\"wp-element-caption\">1937. augusztus 10. Az Ujs\u00e1g<\/figcaption><\/figure>\n<\/div>\n\n<div class=\"wp-block-image\">\n<figure class=\"aligncenter size-full\"><img loading=\"lazy\" decoding=\"async\" width=\"678\" height=\"739\" src=\"https:\/\/rakosliget.hu\/wordpress\/wp-content\/uploads\/2025\/01\/1937_08_10_-2-oldal-foci.jpg\" alt=\"\" class=\"wp-image-15615\" srcset=\"https:\/\/rakosliget.hu\/wordpress\/wp-content\/uploads\/2025\/01\/1937_08_10_-2-oldal-foci.jpg 678w, https:\/\/rakosliget.hu\/wordpress\/wp-content\/uploads\/2025\/01\/1937_08_10_-2-oldal-foci-275x300.jpg 275w\" sizes=\"auto, (max-width: 678px) 100vw, 678px\" \/><figcaption class=\"wp-element-caption\">Nemzeti Sport 1937. 08. 10. 2. oldal<\/figcaption><\/figure>\n<\/div>\n\n<div class=\"wp-block-image\">\n<figure class=\"aligncenter size-full\"><img loading=\"lazy\" decoding=\"async\" width=\"712\" height=\"922\" src=\"https:\/\/rakosliget.hu\/wordpress\/wp-content\/uploads\/2025\/01\/1937_08_13_-4-oldal-foci.jpg\" alt=\"\" class=\"wp-image-15617\" srcset=\"https:\/\/rakosliget.hu\/wordpress\/wp-content\/uploads\/2025\/01\/1937_08_13_-4-oldal-foci.jpg 712w, https:\/\/rakosliget.hu\/wordpress\/wp-content\/uploads\/2025\/01\/1937_08_13_-4-oldal-foci-232x300.jpg 232w\" sizes=\"auto, (max-width: 712px) 100vw, 712px\" \/><figcaption class=\"wp-element-caption\">Nemzeti Sport 1937. 08. 13. 4. oldal <\/figcaption><\/figure>\n<\/div>\n\n<div class=\"wp-block-image\">\n<figure class=\"aligncenter size-full\"><img loading=\"lazy\" decoding=\"async\" width=\"676\" height=\"234\" src=\"https:\/\/rakosliget.hu\/wordpress\/wp-content\/uploads\/2025\/01\/1937_08_30_-9-oldal-foci.jpg\" alt=\"\" class=\"wp-image-15619\" srcset=\"https:\/\/rakosliget.hu\/wordpress\/wp-content\/uploads\/2025\/01\/1937_08_30_-9-oldal-foci.jpg 676w, https:\/\/rakosliget.hu\/wordpress\/wp-content\/uploads\/2025\/01\/1937_08_30_-9-oldal-foci-300x104.jpg 300w\" sizes=\"auto, (max-width: 676px) 100vw, 676px\" \/><figcaption class=\"wp-element-caption\">Nemzeti Sport 1937. 08. 30. 9. oldal <\/figcaption><\/figure>\n<\/div>\n\n<div class=\"wp-block-image\">\n<figure class=\"aligncenter size-full\"><img loading=\"lazy\" decoding=\"async\" width=\"677\" height=\"266\" src=\"https:\/\/rakosliget.hu\/wordpress\/wp-content\/uploads\/2025\/01\/1937_09_06_-10-oldal-foci.jpg\" alt=\"\" class=\"wp-image-15621\" srcset=\"https:\/\/rakosliget.hu\/wordpress\/wp-content\/uploads\/2025\/01\/1937_09_06_-10-oldal-foci.jpg 677w, https:\/\/rakosliget.hu\/wordpress\/wp-content\/uploads\/2025\/01\/1937_09_06_-10-oldal-foci-300x118.jpg 300w\" sizes=\"auto, (max-width: 677px) 100vw, 677px\" \/><figcaption class=\"wp-element-caption\">Nemzeti sport 1937. 09. 06. 10. oldal <\/figcaption><\/figure>\n<\/div>\n\n<div class=\"wp-block-image\">\n<figure class=\"aligncenter size-full\"><img loading=\"lazy\" decoding=\"async\" width=\"706\" height=\"350\" src=\"https:\/\/rakosliget.hu\/wordpress\/wp-content\/uploads\/2025\/01\/1937_09_13_-12-oldal-foci.jpg\" alt=\"\" class=\"wp-image-15622\" srcset=\"https:\/\/rakosliget.hu\/wordpress\/wp-content\/uploads\/2025\/01\/1937_09_13_-12-oldal-foci.jpg 706w, https:\/\/rakosliget.hu\/wordpress\/wp-content\/uploads\/2025\/01\/1937_09_13_-12-oldal-foci-300x149.jpg 300w\" sizes=\"auto, (max-width: 706px) 100vw, 706px\" \/><figcaption class=\"wp-element-caption\">Nemzeti Sport 1937. 09. 13. 12. oldal <\/figcaption><\/figure>\n<\/div>\n\n<div class=\"wp-block-image\">\n<figure class=\"aligncenter size-full\"><img loading=\"lazy\" decoding=\"async\" width=\"662\" height=\"650\" src=\"https:\/\/rakosliget.hu\/wordpress\/wp-content\/uploads\/2025\/01\/1937_09_20_-10-oldal-foci.jpg\" alt=\"\" class=\"wp-image-15623\" srcset=\"https:\/\/rakosliget.hu\/wordpress\/wp-content\/uploads\/2025\/01\/1937_09_20_-10-oldal-foci.jpg 662w, https:\/\/rakosliget.hu\/wordpress\/wp-content\/uploads\/2025\/01\/1937_09_20_-10-oldal-foci-300x295.jpg 300w\" sizes=\"auto, (max-width: 662px) 100vw, 662px\" \/><figcaption class=\"wp-element-caption\">Nemzeti Sport 1937. 09. 20. 10. oldal <\/figcaption><\/figure>\n<\/div>\n\n<div class=\"wp-block-image\">\n<figure class=\"aligncenter size-full\"><img loading=\"lazy\" decoding=\"async\" width=\"676\" height=\"457\" src=\"https:\/\/rakosliget.hu\/wordpress\/wp-content\/uploads\/2025\/01\/1937_09_27_-12-oldal-foci.jpg\" alt=\"\" class=\"wp-image-15624\" srcset=\"https:\/\/rakosliget.hu\/wordpress\/wp-content\/uploads\/2025\/01\/1937_09_27_-12-oldal-foci.jpg 676w, https:\/\/rakosliget.hu\/wordpress\/wp-content\/uploads\/2025\/01\/1937_09_27_-12-oldal-foci-300x203.jpg 300w\" sizes=\"auto, (max-width: 676px) 100vw, 676px\" \/><figcaption class=\"wp-element-caption\">Nemzeti Sport 1937. 09. 27. 12. oldal<\/figcaption><\/figure>\n<\/div>\n\n<div class=\"wp-block-image\">\n<figure class=\"aligncenter size-full\"><img loading=\"lazy\" decoding=\"async\" width=\"670\" height=\"603\" src=\"https:\/\/rakosliget.hu\/wordpress\/wp-content\/uploads\/2025\/01\/1937_10_04_12-oldal-foci.jpg\" alt=\"\" class=\"wp-image-15625\" srcset=\"https:\/\/rakosliget.hu\/wordpress\/wp-content\/uploads\/2025\/01\/1937_10_04_12-oldal-foci.jpg 670w, https:\/\/rakosliget.hu\/wordpress\/wp-content\/uploads\/2025\/01\/1937_10_04_12-oldal-foci-300x270.jpg 300w\" sizes=\"auto, (max-width: 670px) 100vw, 670px\" \/><figcaption class=\"wp-element-caption\">Nemzeti Sport 1937. 10. 04. 12. oldal <\/figcaption><\/figure>\n<\/div>\n\n<div class=\"wp-block-image\">\n<figure class=\"aligncenter size-full\"><img loading=\"lazy\" decoding=\"async\" width=\"709\" height=\"410\" src=\"https:\/\/rakosliget.hu\/wordpress\/wp-content\/uploads\/2025\/01\/1937_10_18_12-oldal-foci.jpg\" alt=\"\" class=\"wp-image-15627\" srcset=\"https:\/\/rakosliget.hu\/wordpress\/wp-content\/uploads\/2025\/01\/1937_10_18_12-oldal-foci.jpg 709w, https:\/\/rakosliget.hu\/wordpress\/wp-content\/uploads\/2025\/01\/1937_10_18_12-oldal-foci-300x173.jpg 300w\" sizes=\"auto, (max-width: 709px) 100vw, 709px\" \/><figcaption class=\"wp-element-caption\">Nemzeti Sport 1937. 10. 18. 12. oldal <\/figcaption><\/figure>\n<\/div>\n\n<div class=\"wp-block-image\">\n<figure class=\"aligncenter size-full\"><img loading=\"lazy\" decoding=\"async\" width=\"697\" height=\"976\" src=\"https:\/\/rakosliget.hu\/wordpress\/wp-content\/uploads\/2025\/01\/1937_11_02_13-oldal-foci.jpg\" alt=\"\" class=\"wp-image-15628\" srcset=\"https:\/\/rakosliget.hu\/wordpress\/wp-content\/uploads\/2025\/01\/1937_11_02_13-oldal-foci.jpg 697w, https:\/\/rakosliget.hu\/wordpress\/wp-content\/uploads\/2025\/01\/1937_11_02_13-oldal-foci-214x300.jpg 214w\" sizes=\"auto, (max-width: 697px) 100vw, 697px\" \/><figcaption class=\"wp-element-caption\">Nemzeti Sport 1937. 11. 02. 13. oldal <\/figcaption><\/figure>\n<\/div>\n\n<div class=\"wp-block-image\">\n<figure class=\"aligncenter size-full\"><img loading=\"lazy\" decoding=\"async\" width=\"697\" height=\"976\" src=\"https:\/\/rakosliget.hu\/wordpress\/wp-content\/uploads\/2025\/01\/1937_11_02_13-oldal-foci-1.jpg\" alt=\"\" class=\"wp-image-15629\" srcset=\"https:\/\/rakosliget.hu\/wordpress\/wp-content\/uploads\/2025\/01\/1937_11_02_13-oldal-foci-1.jpg 697w, https:\/\/rakosliget.hu\/wordpress\/wp-content\/uploads\/2025\/01\/1937_11_02_13-oldal-foci-1-214x300.jpg 214w\" sizes=\"auto, (max-width: 697px) 100vw, 697px\" \/><figcaption class=\"wp-element-caption\">Nemzeti Sport 1937. 11. 02. 13. oldal <\/figcaption><\/figure>\n<\/div>\n\n<div class=\"wp-block-image\">\n<figure class=\"aligncenter size-full\"><img loading=\"lazy\" decoding=\"async\" width=\"691\" height=\"558\" src=\"https:\/\/rakosliget.hu\/wordpress\/wp-content\/uploads\/2025\/01\/1937_11_08_13-oldal-foci.jpg\" alt=\"\" class=\"wp-image-15630\" srcset=\"https:\/\/rakosliget.hu\/wordpress\/wp-content\/uploads\/2025\/01\/1937_11_08_13-oldal-foci.jpg 691w, https:\/\/rakosliget.hu\/wordpress\/wp-content\/uploads\/2025\/01\/1937_11_08_13-oldal-foci-300x242.jpg 300w\" sizes=\"auto, (max-width: 691px) 100vw, 691px\" \/><figcaption class=\"wp-element-caption\">Nemzeti Sport 1937. 11. 08. 13. oldal <\/figcaption><\/figure>\n<\/div>\n\n<div class=\"wp-block-image\">\n<figure class=\"aligncenter size-full\"><img loading=\"lazy\" decoding=\"async\" width=\"675\" height=\"321\" src=\"https:\/\/rakosliget.hu\/wordpress\/wp-content\/uploads\/2025\/01\/1937_11_09_-6-oldal-foci.jpg\" alt=\"\" class=\"wp-image-15631\" srcset=\"https:\/\/rakosliget.hu\/wordpress\/wp-content\/uploads\/2025\/01\/1937_11_09_-6-oldal-foci.jpg 675w, https:\/\/rakosliget.hu\/wordpress\/wp-content\/uploads\/2025\/01\/1937_11_09_-6-oldal-foci-300x143.jpg 300w\" sizes=\"auto, (max-width: 675px) 100vw, 675px\" \/><figcaption class=\"wp-element-caption\">Nemzeti Sport 1937. 11. 09. 6. oldal <\/figcaption><\/figure>\n<\/div>\n\n<div class=\"wp-block-image\">\n<figure class=\"aligncenter size-full\"><img loading=\"lazy\" decoding=\"async\" width=\"681\" height=\"519\" src=\"https:\/\/rakosliget.hu\/wordpress\/wp-content\/uploads\/2025\/01\/1937_11_29_11-oldal-foci.jpg\" alt=\"\" class=\"wp-image-15632\" srcset=\"https:\/\/rakosliget.hu\/wordpress\/wp-content\/uploads\/2025\/01\/1937_11_29_11-oldal-foci.jpg 681w, https:\/\/rakosliget.hu\/wordpress\/wp-content\/uploads\/2025\/01\/1937_11_29_11-oldal-foci-300x229.jpg 300w\" sizes=\"auto, (max-width: 681px) 100vw, 681px\" \/><figcaption class=\"wp-element-caption\">Nemzeti Sport 1937. 11. 29. 11. oldal <\/figcaption><\/figure>\n<\/div>\n\n\n<p><a href=\"https:\/\/rakosliget.hu\/wordpress\/index.php\/rakosligeti-move-foci\/\">Vissza a FOCI lapra.<\/a><\/p>\n","protected":false},"excerpt":{"rendered":"<p>Vissza a FOCI lapra. Vissza a FOCI lapra.<\/p>\n","protected":false},"author":1,"featured_media":0,"parent":0,"menu_order":0,"comment_status":"closed","ping_status":"closed","template":"","meta":{"footnotes":""},"class_list":["post-15584","page","type-page","status-publish","hentry"],"_links":{"self":[{"href":"https:\/\/rakosliget.hu\/wordpress\/index.php\/wp-json\/wp\/v2\/pages\/15584","targetHints":{"allow":["GET"]}}],"collection":[{"href":"https:\/\/rakosliget.hu\/wordpress\/index.php\/wp-json\/wp\/v2\/pages"}],"about":[{"href":"https:\/\/rakosliget.hu\/wordpress\/index.php\/wp-json\/wp\/v2\/types\/page"}],"author":[{"embeddable":true,"href":"https:\/\/rakosliget.hu\/wordpress\/index.php\/wp-json\/wp\/v2\/users\/1"}],"replies":[{"embeddable":true,"href":"https:\/\/rakosliget.hu\/wordpress\/index.php\/wp-json\/wp\/v2\/comments?post=15584"}],"version-history":[{"count":16,"href":"https:\/\/rakosliget.hu\/wordpress\/index.php\/wp-json\/wp\/v2\/pages\/15584\/revisions"}],"predecessor-version":[{"id":16937,"href":"https:\/\/rakosliget.hu\/wordpress\/index.php\/wp-json\/wp\/v2\/pages\/15584\/revisions\/16937"}],"wp:attachment":[{"href":"https:\/\/rakosliget.hu\/wordpress\/index.php\/wp-json\/wp\/v2\/media?parent=15584"}],"curies":[{"name":"wp","href":"https:\/\/api.w.org\/{rel}","templated":true}]}}