{"id":15297,"date":"2025-01-18T12:44:53","date_gmt":"2025-01-18T11:44:53","guid":{"rendered":"https:\/\/rakosliget.hu\/wordpress\/?page_id=15297"},"modified":"2025-01-18T12:44:53","modified_gmt":"2025-01-18T11:44:53","slug":"rue-1932","status":"publish","type":"page","link":"https:\/\/rakosliget.hu\/wordpress\/index.php\/rue-1932\/","title":{"rendered":"RUE 1932"},"content":{"rendered":"\n<p><a href=\"https:\/\/rakosliget.hu\/wordpress\/index.php\/rakosligeti-uszo-egylet-rue\/\">Vissza az \u00daSZ\u00c1S lapra<\/a><\/p>\n\n\n\n<figure class=\"wp-block-image size-large\"><img loading=\"lazy\" decoding=\"async\" width=\"667\" height=\"1024\" src=\"https:\/\/rakosliget.hu\/wordpress\/wp-content\/uploads\/2025\/01\/1932_05_08_-8-oldal-uszas-667x1024.jpg\" alt=\"\" class=\"wp-image-15299\" srcset=\"https:\/\/rakosliget.hu\/wordpress\/wp-content\/uploads\/2025\/01\/1932_05_08_-8-oldal-uszas-667x1024.jpg 667w, https:\/\/rakosliget.hu\/wordpress\/wp-content\/uploads\/2025\/01\/1932_05_08_-8-oldal-uszas-196x300.jpg 196w, https:\/\/rakosliget.hu\/wordpress\/wp-content\/uploads\/2025\/01\/1932_05_08_-8-oldal-uszas-768x1178.jpg 768w, https:\/\/rakosliget.hu\/wordpress\/wp-content\/uploads\/2025\/01\/1932_05_08_-8-oldal-uszas-1001x1536.jpg 1001w, https:\/\/rakosliget.hu\/wordpress\/wp-content\/uploads\/2025\/01\/1932_05_08_-8-oldal-uszas-1335x2048.jpg 1335w, https:\/\/rakosliget.hu\/wordpress\/wp-content\/uploads\/2025\/01\/1932_05_08_-8-oldal-uszas-scaled.jpg 1669w\" sizes=\"auto, (max-width: 667px) 100vw, 667px\" \/><figcaption class=\"wp-element-caption\">Nemzeti Sport 1932. 05. 08. 8. oldal <\/figcaption><\/figure>\n\n\n<div class=\"wp-block-image\">\n<figure class=\"aligncenter size-large\"><img loading=\"lazy\" decoding=\"async\" width=\"275\" height=\"1024\" src=\"https:\/\/rakosliget.hu\/wordpress\/wp-content\/uploads\/2025\/01\/1932_08_24_-9-oldal-uszas-275x1024.jpg\" alt=\"\" class=\"wp-image-15300\" srcset=\"https:\/\/rakosliget.hu\/wordpress\/wp-content\/uploads\/2025\/01\/1932_08_24_-9-oldal-uszas-275x1024.jpg 275w, https:\/\/rakosliget.hu\/wordpress\/wp-content\/uploads\/2025\/01\/1932_08_24_-9-oldal-uszas-413x1536.jpg 413w\" sizes=\"auto, (max-width: 275px) 100vw, 275px\" \/><figcaption class=\"wp-element-caption\">Nemzeti Sport 1932. 08. 24. 9. oldal <\/figcaption><\/figure>\n<\/div>\n\n<div class=\"wp-block-image\">\n<figure class=\"aligncenter size-large\"><a href=\"http:\/\/rakosliget.hu\/wordpress\/wp-content\/uploads\/2020\/11\/unnamed-file.jpg\"><img loading=\"lazy\" decoding=\"async\" width=\"496\" height=\"274\" src=\"http:\/\/rakosliget.hu\/wordpress\/wp-content\/uploads\/2020\/11\/unnamed-file.jpg\" alt=\"\" class=\"wp-image-6403\" srcset=\"https:\/\/rakosliget.hu\/wordpress\/wp-content\/uploads\/2020\/11\/unnamed-file.jpg 496w, https:\/\/rakosliget.hu\/wordpress\/wp-content\/uploads\/2020\/11\/unnamed-file-300x166.jpg 300w\" sizes=\"auto, (max-width: 496px) 100vw, 496px\" \/><\/a><figcaption class=\"wp-element-caption\">1932. augusztus 28. Az Ujs\u00e1g<\/figcaption><\/figure>\n<\/div>\n\n\n<p><a href=\"https:\/\/rakosliget.hu\/wordpress\/index.php\/rakosligeti-uszo-egylet-rue\/\">Vissza az \u00daSZ\u00c1S lapra<\/a><\/p>\n","protected":false},"excerpt":{"rendered":"<p>Vissza az \u00daSZ\u00c1S lapra Vissza az \u00daSZ\u00c1S lapra<\/p>\n","protected":false},"author":1,"featured_media":0,"parent":0,"menu_order":0,"comment_status":"closed","ping_status":"closed","template":"","meta":{"footnotes":""},"class_list":["post-15297","page","type-page","status-publish","hentry"],"_links":{"self":[{"href":"https:\/\/rakosliget.hu\/wordpress\/index.php\/wp-json\/wp\/v2\/pages\/15297","targetHints":{"allow":["GET"]}}],"collection":[{"href":"https:\/\/rakosliget.hu\/wordpress\/index.php\/wp-json\/wp\/v2\/pages"}],"about":[{"href":"https:\/\/rakosliget.hu\/wordpress\/index.php\/wp-json\/wp\/v2\/types\/page"}],"author":[{"embeddable":true,"href":"https:\/\/rakosliget.hu\/wordpress\/index.php\/wp-json\/wp\/v2\/users\/1"}],"replies":[{"embeddable":true,"href":"https:\/\/rakosliget.hu\/wordpress\/index.php\/wp-json\/wp\/v2\/comments?post=15297"}],"version-history":[{"count":2,"href":"https:\/\/rakosliget.hu\/wordpress\/index.php\/wp-json\/wp\/v2\/pages\/15297\/revisions"}],"predecessor-version":[{"id":15301,"href":"https:\/\/rakosliget.hu\/wordpress\/index.php\/wp-json\/wp\/v2\/pages\/15297\/revisions\/15301"}],"wp:attachment":[{"href":"https:\/\/rakosliget.hu\/wordpress\/index.php\/wp-json\/wp\/v2\/media?parent=15297"}],"curies":[{"name":"wp","href":"https:\/\/api.w.org\/{rel}","templated":true}]}}