{"id":14628,"date":"2025-01-04T19:40:09","date_gmt":"2025-01-04T18:40:09","guid":{"rendered":"https:\/\/rakosliget.hu\/wordpress\/?page_id=14628"},"modified":"2025-03-14T04:06:37","modified_gmt":"2025-03-14T03:06:37","slug":"rue-1927","status":"publish","type":"page","link":"https:\/\/rakosliget.hu\/wordpress\/index.php\/rue-1927\/","title":{"rendered":"RUE 1927"},"content":{"rendered":"\n<p><a href=\"https:\/\/rakosliget.hu\/wordpress\/index.php\/rakosligeti-uszo-egylet-rue\/\">Vissza az \u00dasz\u00e1s lapra<\/a><\/p>\n\n\n\n<figure class=\"wp-block-image size-full\"><img loading=\"lazy\" decoding=\"async\" width=\"747\" height=\"286\" src=\"https:\/\/rakosliget.hu\/wordpress\/wp-content\/uploads\/2022\/10\/RUE-vezetok1927.jpg\" alt=\"\" class=\"wp-image-10341\" srcset=\"https:\/\/rakosliget.hu\/wordpress\/wp-content\/uploads\/2022\/10\/RUE-vezetok1927.jpg 747w, https:\/\/rakosliget.hu\/wordpress\/wp-content\/uploads\/2022\/10\/RUE-vezetok1927-300x115.jpg 300w\" sizes=\"auto, (max-width: 747px) 100vw, 747px\" \/><figcaption class=\"wp-element-caption\">Forr\u00e1s: Zuber Ferencz (szerk.) Magyar sport Almanach 1927 (Budapest, 1928) Sportegyes\u00fcletek \u00e9s sz\u00f6vets\u00e9gek c\u00edmjegyz\u00e9ke<\/figcaption><\/figure>\n\n\n\n<figure class=\"wp-block-image size-large\"><img loading=\"lazy\" decoding=\"async\" width=\"778\" height=\"1024\" src=\"https:\/\/rakosliget.hu\/wordpress\/wp-content\/uploads\/2025\/01\/1927_01_06_-6-oldal-uszas-778x1024.jpg\" alt=\"\" class=\"wp-image-14585\" srcset=\"https:\/\/rakosliget.hu\/wordpress\/wp-content\/uploads\/2025\/01\/1927_01_06_-6-oldal-uszas-778x1024.jpg 778w, https:\/\/rakosliget.hu\/wordpress\/wp-content\/uploads\/2025\/01\/1927_01_06_-6-oldal-uszas-228x300.jpg 228w, https:\/\/rakosliget.hu\/wordpress\/wp-content\/uploads\/2025\/01\/1927_01_06_-6-oldal-uszas-768x1011.jpg 768w, https:\/\/rakosliget.hu\/wordpress\/wp-content\/uploads\/2025\/01\/1927_01_06_-6-oldal-uszas-1167x1536.jpg 1167w, https:\/\/rakosliget.hu\/wordpress\/wp-content\/uploads\/2025\/01\/1927_01_06_-6-oldal-uszas.jpg 1432w\" sizes=\"auto, (max-width: 778px) 100vw, 778px\" \/><figcaption class=\"wp-element-caption\">Nemzeti Sport 1927. 01. 06. 6. oldal <\/figcaption><\/figure>\n\n\n\n<figure class=\"wp-block-image size-full\"><img loading=\"lazy\" decoding=\"async\" width=\"722\" height=\"664\" src=\"https:\/\/rakosliget.hu\/wordpress\/wp-content\/uploads\/2025\/01\/1927_07_12_5-oldal-uszas.jpg\" alt=\"\" class=\"wp-image-14587\" srcset=\"https:\/\/rakosliget.hu\/wordpress\/wp-content\/uploads\/2025\/01\/1927_07_12_5-oldal-uszas.jpg 722w, https:\/\/rakosliget.hu\/wordpress\/wp-content\/uploads\/2025\/01\/1927_07_12_5-oldal-uszas-300x276.jpg 300w\" sizes=\"auto, (max-width: 722px) 100vw, 722px\" \/><figcaption class=\"wp-element-caption\">Nemzeti Sport 1927. 07. 12. 5. oldal <\/figcaption><\/figure>\n\n\n<div class=\"wp-block-image\">\n<figure class=\"aligncenter size-large is-resized\"><img loading=\"lazy\" decoding=\"async\" width=\"531\" height=\"1024\" src=\"https:\/\/rakosliget.hu\/wordpress\/wp-content\/uploads\/2025\/01\/1927_07_19_-8-oldal-uszas-531x1024.jpg\" alt=\"\" class=\"wp-image-14588\" style=\"width:531px;height:auto\" srcset=\"https:\/\/rakosliget.hu\/wordpress\/wp-content\/uploads\/2025\/01\/1927_07_19_-8-oldal-uszas-531x1024.jpg 531w, https:\/\/rakosliget.hu\/wordpress\/wp-content\/uploads\/2025\/01\/1927_07_19_-8-oldal-uszas-156x300.jpg 156w, https:\/\/rakosliget.hu\/wordpress\/wp-content\/uploads\/2025\/01\/1927_07_19_-8-oldal-uszas.jpg 737w\" sizes=\"auto, (max-width: 531px) 100vw, 531px\" \/><figcaption class=\"wp-element-caption\">Nemzeti Sport 1927. 07. 19. 8. oldal <\/figcaption><\/figure>\n<\/div>\n\n\n<figure class=\"wp-block-image size-full\"><img loading=\"lazy\" decoding=\"async\" width=\"712\" height=\"341\" src=\"https:\/\/rakosliget.hu\/wordpress\/wp-content\/uploads\/2025\/01\/1927_08_12_-7-oldal-uszas.jpg\" alt=\"\" class=\"wp-image-14589\" srcset=\"https:\/\/rakosliget.hu\/wordpress\/wp-content\/uploads\/2025\/01\/1927_08_12_-7-oldal-uszas.jpg 712w, https:\/\/rakosliget.hu\/wordpress\/wp-content\/uploads\/2025\/01\/1927_08_12_-7-oldal-uszas-300x144.jpg 300w\" sizes=\"auto, (max-width: 712px) 100vw, 712px\" \/><figcaption class=\"wp-element-caption\">Nemzeti Sport 1927. 08. 12. 7. oldal<\/figcaption><\/figure>\n\n\n\n<figure class=\"wp-block-image size-full\"><img loading=\"lazy\" decoding=\"async\" width=\"718\" height=\"666\" src=\"https:\/\/rakosliget.hu\/wordpress\/wp-content\/uploads\/2025\/01\/1927_08_12_-7-oldal-uszas-1.jpg\" alt=\"\" class=\"wp-image-14590\" srcset=\"https:\/\/rakosliget.hu\/wordpress\/wp-content\/uploads\/2025\/01\/1927_08_12_-7-oldal-uszas-1.jpg 718w, https:\/\/rakosliget.hu\/wordpress\/wp-content\/uploads\/2025\/01\/1927_08_12_-7-oldal-uszas-1-300x278.jpg 300w\" sizes=\"auto, (max-width: 718px) 100vw, 718px\" \/><figcaption class=\"wp-element-caption\">Nemzeti Sport 1927. 08. 12. 7. oldal <\/figcaption><\/figure>\n\n\n<div class=\"wp-block-image\">\n<figure class=\"aligncenter size-large\"><img loading=\"lazy\" decoding=\"async\" width=\"364\" height=\"1024\" src=\"https:\/\/rakosliget.hu\/wordpress\/wp-content\/uploads\/2025\/01\/1927_08_23-6-oldal-uszas-364x1024.jpg\" alt=\"\" class=\"wp-image-14591\" srcset=\"https:\/\/rakosliget.hu\/wordpress\/wp-content\/uploads\/2025\/01\/1927_08_23-6-oldal-uszas-364x1024.jpg 364w, https:\/\/rakosliget.hu\/wordpress\/wp-content\/uploads\/2025\/01\/1927_08_23-6-oldal-uszas-107x300.jpg 107w, https:\/\/rakosliget.hu\/wordpress\/wp-content\/uploads\/2025\/01\/1927_08_23-6-oldal-uszas-546x1536.jpg 546w, https:\/\/rakosliget.hu\/wordpress\/wp-content\/uploads\/2025\/01\/1927_08_23-6-oldal-uszas-728x2048.jpg 728w, https:\/\/rakosliget.hu\/wordpress\/wp-content\/uploads\/2025\/01\/1927_08_23-6-oldal-uszas.jpg 745w\" sizes=\"auto, (max-width: 364px) 100vw, 364px\" \/><figcaption class=\"wp-element-caption\">Nemzeti Sport 1927. 08. 23. 6. oldal <\/figcaption><\/figure>\n<\/div>\n\n<div class=\"wp-block-image\">\n<figure class=\"aligncenter size-large\"><img loading=\"lazy\" decoding=\"async\" width=\"519\" height=\"1024\" src=\"https:\/\/rakosliget.hu\/wordpress\/wp-content\/uploads\/2025\/01\/1927_08_23_-5-oldal-uszas-519x1024.jpg\" alt=\"\" class=\"wp-image-14592\" srcset=\"https:\/\/rakosliget.hu\/wordpress\/wp-content\/uploads\/2025\/01\/1927_08_23_-5-oldal-uszas-519x1024.jpg 519w, https:\/\/rakosliget.hu\/wordpress\/wp-content\/uploads\/2025\/01\/1927_08_23_-5-oldal-uszas-152x300.jpg 152w, https:\/\/rakosliget.hu\/wordpress\/wp-content\/uploads\/2025\/01\/1927_08_23_-5-oldal-uszas.jpg 752w\" sizes=\"auto, (max-width: 519px) 100vw, 519px\" \/><figcaption class=\"wp-element-caption\">Nemzeti Sport 1927. 08. 23. 5. oldal <\/figcaption><\/figure>\n<\/div>\n\n\n<figure class=\"wp-block-image size-large\"><img loading=\"lazy\" decoding=\"async\" width=\"614\" height=\"1024\" src=\"https:\/\/rakosliget.hu\/wordpress\/wp-content\/uploads\/2025\/01\/1927_09_-11_-11-oldal-uszas-614x1024.jpg\" alt=\"\" class=\"wp-image-14593\" srcset=\"https:\/\/rakosliget.hu\/wordpress\/wp-content\/uploads\/2025\/01\/1927_09_-11_-11-oldal-uszas-614x1024.jpg 614w, https:\/\/rakosliget.hu\/wordpress\/wp-content\/uploads\/2025\/01\/1927_09_-11_-11-oldal-uszas-180x300.jpg 180w, https:\/\/rakosliget.hu\/wordpress\/wp-content\/uploads\/2025\/01\/1927_09_-11_-11-oldal-uszas.jpg 749w\" sizes=\"auto, (max-width: 614px) 100vw, 614px\" \/><figcaption class=\"wp-element-caption\">Nemzeti Sport 1927. 09_.11. 11. oldal <\/figcaption><\/figure>\n\n\n\n<p><a href=\"https:\/\/rakosliget.hu\/wordpress\/index.php\/rakosligeti-uszo-egylet-rue\/\">Vissza az \u00dasz\u00e1s lapra<\/a><\/p>\n","protected":false},"excerpt":{"rendered":"<p>Vissza az \u00dasz\u00e1s lapra Vissza az \u00dasz\u00e1s lapra<\/p>\n","protected":false},"author":1,"featured_media":0,"parent":0,"menu_order":0,"comment_status":"closed","ping_status":"closed","template":"","meta":{"footnotes":""},"class_list":["post-14628","page","type-page","status-publish","hentry"],"_links":{"self":[{"href":"https:\/\/rakosliget.hu\/wordpress\/index.php\/wp-json\/wp\/v2\/pages\/14628","targetHints":{"allow":["GET"]}}],"collection":[{"href":"https:\/\/rakosliget.hu\/wordpress\/index.php\/wp-json\/wp\/v2\/pages"}],"about":[{"href":"https:\/\/rakosliget.hu\/wordpress\/index.php\/wp-json\/wp\/v2\/types\/page"}],"author":[{"embeddable":true,"href":"https:\/\/rakosliget.hu\/wordpress\/index.php\/wp-json\/wp\/v2\/users\/1"}],"replies":[{"embeddable":true,"href":"https:\/\/rakosliget.hu\/wordpress\/index.php\/wp-json\/wp\/v2\/comments?post=14628"}],"version-history":[{"count":2,"href":"https:\/\/rakosliget.hu\/wordpress\/index.php\/wp-json\/wp\/v2\/pages\/14628\/revisions"}],"predecessor-version":[{"id":14630,"href":"https:\/\/rakosliget.hu\/wordpress\/index.php\/wp-json\/wp\/v2\/pages\/14628\/revisions\/14630"}],"wp:attachment":[{"href":"https:\/\/rakosliget.hu\/wordpress\/index.php\/wp-json\/wp\/v2\/media?parent=14628"}],"curies":[{"name":"wp","href":"https:\/\/api.w.org\/{rel}","templated":true}]}}