{"id":14607,"date":"2025-01-04T19:29:05","date_gmt":"2025-01-04T18:29:05","guid":{"rendered":"https:\/\/rakosliget.hu\/wordpress\/?page_id=14607"},"modified":"2025-01-04T19:29:05","modified_gmt":"2025-01-04T18:29:05","slug":"rue-1921","status":"publish","type":"page","link":"https:\/\/rakosliget.hu\/wordpress\/index.php\/rue-1921\/","title":{"rendered":"RUE 1921"},"content":{"rendered":"\n<p><a href=\"https:\/\/rakosliget.hu\/wordpress\/index.php\/rakosligeti-uszo-egylet-rue\/\">Vissza az \u00dasz\u00e1s lapra<\/a><\/p>\n\n\n\n<figure class=\"wp-block-image size-full\"><img loading=\"lazy\" decoding=\"async\" width=\"716\" height=\"886\" src=\"https:\/\/rakosliget.hu\/wordpress\/wp-content\/uploads\/2024\/12\/1921_02_28_4-oldal-uszas.jpg\" alt=\"\" class=\"wp-image-13940\" srcset=\"https:\/\/rakosliget.hu\/wordpress\/wp-content\/uploads\/2024\/12\/1921_02_28_4-oldal-uszas.jpg 716w, https:\/\/rakosliget.hu\/wordpress\/wp-content\/uploads\/2024\/12\/1921_02_28_4-oldal-uszas-242x300.jpg 242w\" sizes=\"auto, (max-width: 716px) 100vw, 716px\" \/><figcaption class=\"wp-element-caption\">Nemzeti Sport 1921. febru\u00e1r 28. 4. oldal<\/figcaption><\/figure>\n\n\n<div class=\"wp-block-image\">\n<figure class=\"aligncenter size-large\"><img loading=\"lazy\" decoding=\"async\" width=\"493\" height=\"1024\" src=\"https:\/\/rakosliget.hu\/wordpress\/wp-content\/uploads\/2024\/12\/192107_16_-6-olddal-uszas-493x1024.jpg\" alt=\"\" class=\"wp-image-13956\" srcset=\"https:\/\/rakosliget.hu\/wordpress\/wp-content\/uploads\/2024\/12\/192107_16_-6-olddal-uszas-493x1024.jpg 493w, https:\/\/rakosliget.hu\/wordpress\/wp-content\/uploads\/2024\/12\/192107_16_-6-olddal-uszas-144x300.jpg 144w, https:\/\/rakosliget.hu\/wordpress\/wp-content\/uploads\/2024\/12\/192107_16_-6-olddal-uszas-740x1536.jpg 740w, https:\/\/rakosliget.hu\/wordpress\/wp-content\/uploads\/2024\/12\/192107_16_-6-olddal-uszas.jpg 761w\" sizes=\"auto, (max-width: 493px) 100vw, 493px\" \/><figcaption class=\"wp-element-caption\">Nemzeti Sport 1921. j\u00falius 16. 6. oldal<\/figcaption><\/figure>\n<\/div>\n\n\n<figure class=\"wp-block-image size-large\"><img loading=\"lazy\" decoding=\"async\" width=\"681\" height=\"1024\" src=\"https:\/\/rakosliget.hu\/wordpress\/wp-content\/uploads\/2024\/12\/1921_07_18_7-oldal-uszas-681x1024.jpg\" alt=\"\" class=\"wp-image-13943\" srcset=\"https:\/\/rakosliget.hu\/wordpress\/wp-content\/uploads\/2024\/12\/1921_07_18_7-oldal-uszas-681x1024.jpg 681w, https:\/\/rakosliget.hu\/wordpress\/wp-content\/uploads\/2024\/12\/1921_07_18_7-oldal-uszas-199x300.jpg 199w, https:\/\/rakosliget.hu\/wordpress\/wp-content\/uploads\/2024\/12\/1921_07_18_7-oldal-uszas.jpg 718w\" sizes=\"auto, (max-width: 681px) 100vw, 681px\" \/><\/figure>\n\n\n<div class=\"wp-block-image\">\n<figure class=\"aligncenter size-large\"><img loading=\"lazy\" decoding=\"async\" width=\"530\" height=\"1024\" src=\"https:\/\/rakosliget.hu\/wordpress\/wp-content\/uploads\/2024\/12\/1921_07_21_-7-oldal-uszas-530x1024.jpg\" alt=\"\" class=\"wp-image-13945\" srcset=\"https:\/\/rakosliget.hu\/wordpress\/wp-content\/uploads\/2024\/12\/1921_07_21_-7-oldal-uszas-530x1024.jpg 530w, https:\/\/rakosliget.hu\/wordpress\/wp-content\/uploads\/2024\/12\/1921_07_21_-7-oldal-uszas-155x300.jpg 155w, https:\/\/rakosliget.hu\/wordpress\/wp-content\/uploads\/2024\/12\/1921_07_21_-7-oldal-uszas.jpg 707w\" sizes=\"auto, (max-width: 530px) 100vw, 530px\" \/><figcaption class=\"wp-element-caption\">Nemzeti Sport 1921. j\u00falius 21. 7. oldal<\/figcaption><\/figure>\n<\/div>\n\n<div class=\"wp-block-image\">\n<figure class=\"aligncenter size-large\"><img loading=\"lazy\" decoding=\"async\" width=\"364\" height=\"1024\" src=\"https:\/\/rakosliget.hu\/wordpress\/wp-content\/uploads\/2024\/12\/1921_07_23_-7-oldal-uszas-364x1024.jpg\" alt=\"\" class=\"wp-image-13947\" srcset=\"https:\/\/rakosliget.hu\/wordpress\/wp-content\/uploads\/2024\/12\/1921_07_23_-7-oldal-uszas-364x1024.jpg 364w, https:\/\/rakosliget.hu\/wordpress\/wp-content\/uploads\/2024\/12\/1921_07_23_-7-oldal-uszas-107x300.jpg 107w, https:\/\/rakosliget.hu\/wordpress\/wp-content\/uploads\/2024\/12\/1921_07_23_-7-oldal-uszas-546x1536.jpg 546w, https:\/\/rakosliget.hu\/wordpress\/wp-content\/uploads\/2024\/12\/1921_07_23_-7-oldal-uszas-728x2048.jpg 728w, https:\/\/rakosliget.hu\/wordpress\/wp-content\/uploads\/2024\/12\/1921_07_23_-7-oldal-uszas.jpg 765w\" sizes=\"auto, (max-width: 364px) 100vw, 364px\" \/><figcaption class=\"wp-element-caption\">Nemzeti Sport 1921. j\u00falius 23. 7. oldal<\/figcaption><\/figure>\n<\/div>\n\n<div class=\"wp-block-image\">\n<figure class=\"aligncenter size-large\"><a href=\"http:\/\/rakosliget.hu\/wordpress\/wp-content\/uploads\/2020\/11\/1921-julius-24-uszoverseny.jpg\"><img loading=\"lazy\" decoding=\"async\" width=\"597\" height=\"375\" src=\"http:\/\/rakosliget.hu\/wordpress\/wp-content\/uploads\/2020\/11\/1921-julius-24-uszoverseny.jpg\" alt=\"\" class=\"wp-image-6070\" srcset=\"https:\/\/rakosliget.hu\/wordpress\/wp-content\/uploads\/2020\/11\/1921-julius-24-uszoverseny.jpg 597w, https:\/\/rakosliget.hu\/wordpress\/wp-content\/uploads\/2020\/11\/1921-julius-24-uszoverseny-300x188.jpg 300w\" sizes=\"auto, (max-width: 597px) 100vw, 597px\" \/><\/a><figcaption class=\"wp-element-caption\">1921. j\u00falius 24. Az Ujs\u00e1g<\/figcaption><\/figure>\n<\/div>\n\n\n<figure class=\"wp-block-image size-full\"><img loading=\"lazy\" decoding=\"async\" width=\"715\" height=\"165\" src=\"https:\/\/rakosliget.hu\/wordpress\/wp-content\/uploads\/2024\/12\/1921_07_25_-7-oldal-vizilabda.jpg\" alt=\"\" class=\"wp-image-13949\" srcset=\"https:\/\/rakosliget.hu\/wordpress\/wp-content\/uploads\/2024\/12\/1921_07_25_-7-oldal-vizilabda.jpg 715w, https:\/\/rakosliget.hu\/wordpress\/wp-content\/uploads\/2024\/12\/1921_07_25_-7-oldal-vizilabda-300x69.jpg 300w\" sizes=\"auto, (max-width: 715px) 100vw, 715px\" \/><figcaption class=\"wp-element-caption\">Nemzeti Sport 1921. j\u00falius 25. 7. oldal<\/figcaption><\/figure>\n\n\n\n<figure class=\"wp-block-image size-full\"><img loading=\"lazy\" decoding=\"async\" width=\"753\" height=\"393\" src=\"https:\/\/rakosliget.hu\/wordpress\/wp-content\/uploads\/2024\/12\/1921_07_30_7-oldal-uszas.jpg\" alt=\"\" class=\"wp-image-13951\" srcset=\"https:\/\/rakosliget.hu\/wordpress\/wp-content\/uploads\/2024\/12\/1921_07_30_7-oldal-uszas.jpg 753w, https:\/\/rakosliget.hu\/wordpress\/wp-content\/uploads\/2024\/12\/1921_07_30_7-oldal-uszas-300x157.jpg 300w\" sizes=\"auto, (max-width: 753px) 100vw, 753px\" \/><figcaption class=\"wp-element-caption\">Nemzeti Sport 1921. j\u00falius 30. 7. oldal<\/figcaption><\/figure>\n\n\n\n<figure class=\"wp-block-image size-large\"><img loading=\"lazy\" decoding=\"async\" width=\"1024\" height=\"1000\" src=\"https:\/\/rakosliget.hu\/wordpress\/wp-content\/uploads\/2024\/12\/1921_08_01_-7-oldal-uszas-1024x1000.jpg\" alt=\"\" class=\"wp-image-13953\" srcset=\"https:\/\/rakosliget.hu\/wordpress\/wp-content\/uploads\/2024\/12\/1921_08_01_-7-oldal-uszas-1024x1000.jpg 1024w, https:\/\/rakosliget.hu\/wordpress\/wp-content\/uploads\/2024\/12\/1921_08_01_-7-oldal-uszas-300x293.jpg 300w, https:\/\/rakosliget.hu\/wordpress\/wp-content\/uploads\/2024\/12\/1921_08_01_-7-oldal-uszas-768x750.jpg 768w, https:\/\/rakosliget.hu\/wordpress\/wp-content\/uploads\/2024\/12\/1921_08_01_-7-oldal-uszas.jpg 1480w\" sizes=\"auto, (max-width: 1024px) 100vw, 1024px\" \/><\/figure>\n\n\n\n<figure class=\"wp-block-image size-full\"><img loading=\"lazy\" decoding=\"async\" width=\"708\" height=\"700\" src=\"https:\/\/rakosliget.hu\/wordpress\/wp-content\/uploads\/2024\/12\/1921_08_06_-7-oldal-uszas.jpg\" alt=\"\" class=\"wp-image-13954\" srcset=\"https:\/\/rakosliget.hu\/wordpress\/wp-content\/uploads\/2024\/12\/1921_08_06_-7-oldal-uszas.jpg 708w, https:\/\/rakosliget.hu\/wordpress\/wp-content\/uploads\/2024\/12\/1921_08_06_-7-oldal-uszas-300x297.jpg 300w\" sizes=\"auto, (max-width: 708px) 100vw, 708px\" \/><figcaption class=\"wp-element-caption\">Nemzeti Sport 1921. augusztus 6. 7. oldal<\/figcaption><\/figure>\n\n\n<div class=\"wp-block-image\">\n<figure class=\"aligncenter size-large\"><img loading=\"lazy\" decoding=\"async\" width=\"306\" height=\"1024\" src=\"https:\/\/rakosliget.hu\/wordpress\/wp-content\/uploads\/2024\/12\/1921_08_13_7-oldal-uszas-306x1024.jpg\" alt=\"\" class=\"wp-image-13955\" srcset=\"https:\/\/rakosliget.hu\/wordpress\/wp-content\/uploads\/2024\/12\/1921_08_13_7-oldal-uszas-306x1024.jpg 306w, https:\/\/rakosliget.hu\/wordpress\/wp-content\/uploads\/2024\/12\/1921_08_13_7-oldal-uszas-90x300.jpg 90w, https:\/\/rakosliget.hu\/wordpress\/wp-content\/uploads\/2024\/12\/1921_08_13_7-oldal-uszas-459x1536.jpg 459w, https:\/\/rakosliget.hu\/wordpress\/wp-content\/uploads\/2024\/12\/1921_08_13_7-oldal-uszas.jpg 724w\" sizes=\"auto, (max-width: 306px) 100vw, 306px\" \/><figcaption class=\"wp-element-caption\">Nemzeti Sport 1921. augusztus 13. 7. oldal<\/figcaption><\/figure>\n<\/div>\n\n\n<p><a href=\"https:\/\/rakosliget.hu\/wordpress\/index.php\/rakosligeti-uszo-egylet-rue\/\">Vissza az \u00dasz\u00e1s lapra<\/a><\/p>\n","protected":false},"excerpt":{"rendered":"<p>Vissza az \u00dasz\u00e1s lapra Vissza az \u00dasz\u00e1s lapra<\/p>\n","protected":false},"author":1,"featured_media":0,"parent":0,"menu_order":0,"comment_status":"closed","ping_status":"closed","template":"","meta":{"footnotes":""},"class_list":["post-14607","page","type-page","status-publish","hentry"],"_links":{"self":[{"href":"https:\/\/rakosliget.hu\/wordpress\/index.php\/wp-json\/wp\/v2\/pages\/14607","targetHints":{"allow":["GET"]}}],"collection":[{"href":"https:\/\/rakosliget.hu\/wordpress\/index.php\/wp-json\/wp\/v2\/pages"}],"about":[{"href":"https:\/\/rakosliget.hu\/wordpress\/index.php\/wp-json\/wp\/v2\/types\/page"}],"author":[{"embeddable":true,"href":"https:\/\/rakosliget.hu\/wordpress\/index.php\/wp-json\/wp\/v2\/users\/1"}],"replies":[{"embeddable":true,"href":"https:\/\/rakosliget.hu\/wordpress\/index.php\/wp-json\/wp\/v2\/comments?post=14607"}],"version-history":[{"count":2,"href":"https:\/\/rakosliget.hu\/wordpress\/index.php\/wp-json\/wp\/v2\/pages\/14607\/revisions"}],"predecessor-version":[{"id":14609,"href":"https:\/\/rakosliget.hu\/wordpress\/index.php\/wp-json\/wp\/v2\/pages\/14607\/revisions\/14609"}],"wp:attachment":[{"href":"https:\/\/rakosliget.hu\/wordpress\/index.php\/wp-json\/wp\/v2\/media?parent=14607"}],"curies":[{"name":"wp","href":"https:\/\/api.w.org\/{rel}","templated":true}]}}