{"id":14601,"date":"2025-01-04T19:25:45","date_gmt":"2025-01-04T18:25:45","guid":{"rendered":"https:\/\/rakosliget.hu\/wordpress\/?page_id=14601"},"modified":"2025-10-26T19:05:26","modified_gmt":"2025-10-26T18:05:26","slug":"rue-1913","status":"publish","type":"page","link":"https:\/\/rakosliget.hu\/wordpress\/index.php\/rue-1913\/","title":{"rendered":"RUE 1913"},"content":{"rendered":"\n<p><a href=\"https:\/\/rakosliget.hu\/wordpress\/index.php\/rakosligeti-uszo-egylet-rue\/\">Vissza az \u00dasz\u00e1s lapra<\/a><\/p>\n\n\n<div class=\"wp-block-image is-resized\">\n<figure class=\"aligncenter size-large\"><a href=\"http:\/\/rakosliget.hu\/wordpress\/wp-content\/uploads\/2020\/11\/1913-augusztus-8-uszoverseny.jpg\"><img loading=\"lazy\" decoding=\"async\" width=\"554\" height=\"534\" src=\"http:\/\/rakosliget.hu\/wordpress\/wp-content\/uploads\/2020\/11\/1913-augusztus-8-uszoverseny.jpg\" alt=\"\" class=\"wp-image-5941\" srcset=\"https:\/\/rakosliget.hu\/wordpress\/wp-content\/uploads\/2020\/11\/1913-augusztus-8-uszoverseny.jpg 554w, https:\/\/rakosliget.hu\/wordpress\/wp-content\/uploads\/2020\/11\/1913-augusztus-8-uszoverseny-300x289.jpg 300w\" sizes=\"auto, (max-width: 554px) 100vw, 554px\" \/><\/a><figcaption class=\"wp-element-caption\">1913. augusztus 8. Az Ujs\u00e1g<\/figcaption><\/figure>\n<\/div>\n\n<div class=\"wp-block-image\">\n<figure class=\"aligncenter size-large\"><a href=\"http:\/\/rakosliget.hu\/wordpress\/wp-content\/uploads\/2020\/11\/1913-julius-17-uszoverseny.jpg\"><img loading=\"lazy\" decoding=\"async\" width=\"588\" height=\"541\" src=\"http:\/\/rakosliget.hu\/wordpress\/wp-content\/uploads\/2020\/11\/1913-julius-17-uszoverseny.jpg\" alt=\"\" class=\"wp-image-5948\" srcset=\"https:\/\/rakosliget.hu\/wordpress\/wp-content\/uploads\/2020\/11\/1913-julius-17-uszoverseny.jpg 588w, https:\/\/rakosliget.hu\/wordpress\/wp-content\/uploads\/2020\/11\/1913-julius-17-uszoverseny-300x276.jpg 300w\" sizes=\"auto, (max-width: 588px) 100vw, 588px\" \/><\/a><figcaption class=\"wp-element-caption\">1913. j\u00falius 17. Az Ujs\u00e1g<\/figcaption><\/figure>\n<\/div>\n\n\n<figure class=\"wp-block-image size-large\"><img loading=\"lazy\" decoding=\"async\" width=\"2048\" height=\"3064\" src=\"https:\/\/rakosliget.hu\/wordpress\/wp-content\/uploads\/2025\/10\/uszas-2048x3064.jpg\" alt=\"\" class=\"wp-image-18601\" srcset=\"https:\/\/rakosliget.hu\/wordpress\/wp-content\/uploads\/2025\/10\/uszas-2048x3064.jpg 2048w, https:\/\/rakosliget.hu\/wordpress\/wp-content\/uploads\/2025\/10\/uszas-201x300.jpg 201w, https:\/\/rakosliget.hu\/wordpress\/wp-content\/uploads\/2025\/10\/uszas-768x1149.jpg 768w, https:\/\/rakosliget.hu\/wordpress\/wp-content\/uploads\/2025\/10\/uszas-1027x1536.jpg 1027w, https:\/\/rakosliget.hu\/wordpress\/wp-content\/uploads\/2025\/10\/uszas-1369x2048.jpg 1369w, https:\/\/rakosliget.hu\/wordpress\/wp-content\/uploads\/2025\/10\/uszas-scaled.jpg 1711w\" sizes=\"auto, (max-width: 2048px) 100vw, 2048px\" \/><figcaption class=\"wp-element-caption\">Forr\u00e1s: Miskolczi Napl\u00f3, 1913. j\u00falius 25.<\/figcaption><\/figure>\n\n\n<div class=\"wp-block-image\">\n<figure class=\"aligncenter size-large\"><a href=\"http:\/\/rakosliget.hu\/wordpress\/wp-content\/uploads\/2020\/11\/1913-szeptember-3-uszoverseny.jpg\"><img loading=\"lazy\" decoding=\"async\" width=\"582\" height=\"233\" src=\"http:\/\/rakosliget.hu\/wordpress\/wp-content\/uploads\/2020\/11\/1913-szeptember-3-uszoverseny.jpg\" alt=\"\" class=\"wp-image-5962\" srcset=\"https:\/\/rakosliget.hu\/wordpress\/wp-content\/uploads\/2020\/11\/1913-szeptember-3-uszoverseny.jpg 582w, https:\/\/rakosliget.hu\/wordpress\/wp-content\/uploads\/2020\/11\/1913-szeptember-3-uszoverseny-300x120.jpg 300w\" sizes=\"auto, (max-width: 582px) 100vw, 582px\" \/><\/a><figcaption class=\"wp-element-caption\">1913. szeptember 3. Az Ujs\u00e1g<\/figcaption><\/figure>\n<\/div>\n\n\n<p><a href=\"https:\/\/rakosliget.hu\/wordpress\/index.php\/rakosligeti-uszo-egylet-rue\/\">Vissza az \u00dasz\u00e1s lapra<\/a><\/p>\n","protected":false},"excerpt":{"rendered":"<p>Vissza az \u00dasz\u00e1s lapra Vissza az \u00dasz\u00e1s lapra<\/p>\n","protected":false},"author":1,"featured_media":0,"parent":0,"menu_order":0,"comment_status":"closed","ping_status":"closed","template":"","meta":{"footnotes":""},"class_list":["post-14601","page","type-page","status-publish","hentry"],"_links":{"self":[{"href":"https:\/\/rakosliget.hu\/wordpress\/index.php\/wp-json\/wp\/v2\/pages\/14601","targetHints":{"allow":["GET"]}}],"collection":[{"href":"https:\/\/rakosliget.hu\/wordpress\/index.php\/wp-json\/wp\/v2\/pages"}],"about":[{"href":"https:\/\/rakosliget.hu\/wordpress\/index.php\/wp-json\/wp\/v2\/types\/page"}],"author":[{"embeddable":true,"href":"https:\/\/rakosliget.hu\/wordpress\/index.php\/wp-json\/wp\/v2\/users\/1"}],"replies":[{"embeddable":true,"href":"https:\/\/rakosliget.hu\/wordpress\/index.php\/wp-json\/wp\/v2\/comments?post=14601"}],"version-history":[{"count":3,"href":"https:\/\/rakosliget.hu\/wordpress\/index.php\/wp-json\/wp\/v2\/pages\/14601\/revisions"}],"predecessor-version":[{"id":18603,"href":"https:\/\/rakosliget.hu\/wordpress\/index.php\/wp-json\/wp\/v2\/pages\/14601\/revisions\/18603"}],"wp:attachment":[{"href":"https:\/\/rakosliget.hu\/wordpress\/index.php\/wp-json\/wp\/v2\/media?parent=14601"}],"curies":[{"name":"wp","href":"https:\/\/api.w.org\/{rel}","templated":true}]}}

<p><a href="https://rakosliget.hu/wordpress/index.php/rakosligeti-uszo-egylet-rue/">Vissza az Úszás lapra</a></p>


<div class="wp-block-image is-resized">
<figure class="aligncenter size-large"><a href="http://rakosliget.hu/wordpress/wp-content/uploads/2020/11/1913-augusztus-8-uszoverseny.jpg"><img loading="lazy" decoding="async" width="554" height="534" src="http://rakosliget.hu/wordpress/wp-content/uploads/2020/11/1913-augusztus-8-uszoverseny.jpg" alt="" class="wp-image-5941" srcset="https://rakosliget.hu/wordpress/wp-content/uploads/2020/11/1913-augusztus-8-uszoverseny.jpg 554w, https://rakosliget.hu/wordpress/wp-content/uploads/2020/11/1913-augusztus-8-uszoverseny-300x289.jpg 300w" sizes="auto, (max-width: 554px) 100vw, 554px" /></a><figcaption class="wp-element-caption">1913. augusztus 8. Az Ujság</figcaption></figure>
</div>

<div class="wp-block-image">
<figure class="aligncenter size-large"><a href="http://rakosliget.hu/wordpress/wp-content/uploads/2020/11/1913-julius-17-uszoverseny.jpg"><img loading="lazy" decoding="async" width="588" height="541" src="http://rakosliget.hu/wordpress/wp-content/uploads/2020/11/1913-julius-17-uszoverseny.jpg" alt="" class="wp-image-5948" srcset="https://rakosliget.hu/wordpress/wp-content/uploads/2020/11/1913-julius-17-uszoverseny.jpg 588w, https://rakosliget.hu/wordpress/wp-content/uploads/2020/11/1913-julius-17-uszoverseny-300x276.jpg 300w" sizes="auto, (max-width: 588px) 100vw, 588px" /></a><figcaption class="wp-element-caption">1913. július 17. Az Ujság</figcaption></figure>
</div>


<figure class="wp-block-image size-large"><img loading="lazy" decoding="async" width="2048" height="3064" src="https://rakosliget.hu/wordpress/wp-content/uploads/2025/10/uszas-2048x3064.jpg" alt="" class="wp-image-18601" srcset="https://rakosliget.hu/wordpress/wp-content/uploads/2025/10/uszas-2048x3064.jpg 2048w, https://rakosliget.hu/wordpress/wp-content/uploads/2025/10/uszas-201x300.jpg 201w, https://rakosliget.hu/wordpress/wp-content/uploads/2025/10/uszas-768x1149.jpg 768w, https://rakosliget.hu/wordpress/wp-content/uploads/2025/10/uszas-1027x1536.jpg 1027w, https://rakosliget.hu/wordpress/wp-content/uploads/2025/10/uszas-1369x2048.jpg 1369w, https://rakosliget.hu/wordpress/wp-content/uploads/2025/10/uszas-scaled.jpg 1711w" sizes="auto, (max-width: 2048px) 100vw, 2048px" /><figcaption class="wp-element-caption">Forrás: Miskolczi Napló, 1913. július 25.</figcaption></figure>


<div class="wp-block-image">
<figure class="aligncenter size-large"><a href="http://rakosliget.hu/wordpress/wp-content/uploads/2020/11/1913-szeptember-3-uszoverseny.jpg"><img loading="lazy" decoding="async" width="582" height="233" src="http://rakosliget.hu/wordpress/wp-content/uploads/2020/11/1913-szeptember-3-uszoverseny.jpg" alt="" class="wp-image-5962" srcset="https://rakosliget.hu/wordpress/wp-content/uploads/2020/11/1913-szeptember-3-uszoverseny.jpg 582w, https://rakosliget.hu/wordpress/wp-content/uploads/2020/11/1913-szeptember-3-uszoverseny-300x120.jpg 300w" sizes="auto, (max-width: 582px) 100vw, 582px" /></a><figcaption class="wp-element-caption">1913. szeptember 3. Az Ujság</figcaption></figure>
</div>


<p><a href="https://rakosliget.hu/wordpress/index.php/rakosligeti-uszo-egylet-rue/">Vissza az Úszás lapra</a></p>

<p>Vissza az Úszás lapra Vissza az Úszás lapra</p>
