{"id":14372,"date":"2025-01-02T13:08:37","date_gmt":"2025-01-02T12:08:37","guid":{"rendered":"https:\/\/rakosliget.hu\/wordpress\/?page_id=14372"},"modified":"2025-03-23T11:24:47","modified_gmt":"2025-03-23T10:24:47","slug":"rac-1924","status":"publish","type":"page","link":"https:\/\/rakosliget.hu\/wordpress\/index.php\/rac-1924\/","title":{"rendered":"RAC 1924"},"content":{"rendered":"\n<p><a href=\"https:\/\/rakosliget.hu\/wordpress\/index.php\/rakosligeti-move-foci\/\">Vissza a Foci lapra<\/a><\/p>\n\n\n\n<figure class=\"wp-block-image size-full\"><img loading=\"lazy\" decoding=\"async\" width=\"716\" height=\"199\" src=\"https:\/\/rakosliget.hu\/wordpress\/wp-content\/uploads\/2024\/12\/1924_-06_23_6-oldal-foci.jpg\" alt=\"\" class=\"wp-image-14101\" srcset=\"https:\/\/rakosliget.hu\/wordpress\/wp-content\/uploads\/2024\/12\/1924_-06_23_6-oldal-foci.jpg 716w, https:\/\/rakosliget.hu\/wordpress\/wp-content\/uploads\/2024\/12\/1924_-06_23_6-oldal-foci-300x83.jpg 300w\" sizes=\"auto, (max-width: 716px) 100vw, 716px\" \/><figcaption class=\"wp-element-caption\">Nemzeti Sport 1924_. 06. 23. 6. oldal <\/figcaption><\/figure>\n\n\n<div class=\"wp-block-image\">\n<figure class=\"aligncenter size-large\"><img loading=\"lazy\" decoding=\"async\" width=\"428\" height=\"1024\" src=\"https:\/\/rakosliget.hu\/wordpress\/wp-content\/uploads\/2024\/12\/1924_-08_14_-4-oldal-foci-428x1024.jpg\" alt=\"\" class=\"wp-image-14104\" srcset=\"https:\/\/rakosliget.hu\/wordpress\/wp-content\/uploads\/2024\/12\/1924_-08_14_-4-oldal-foci-428x1024.jpg 428w, https:\/\/rakosliget.hu\/wordpress\/wp-content\/uploads\/2024\/12\/1924_-08_14_-4-oldal-foci-125x300.jpg 125w, https:\/\/rakosliget.hu\/wordpress\/wp-content\/uploads\/2024\/12\/1924_-08_14_-4-oldal-foci-642x1536.jpg 642w, https:\/\/rakosliget.hu\/wordpress\/wp-content\/uploads\/2024\/12\/1924_-08_14_-4-oldal-foci.jpg 723w\" sizes=\"auto, (max-width: 428px) 100vw, 428px\" \/><figcaption class=\"wp-element-caption\">Nemzeti Sport 1924_. 08. 14. 4. oldal <\/figcaption><\/figure>\n<\/div>\n\n\n<figure class=\"wp-block-image size-full\"><img loading=\"lazy\" decoding=\"async\" width=\"720\" height=\"505\" src=\"https:\/\/rakosliget.hu\/wordpress\/wp-content\/uploads\/2024\/12\/1924_03_29_4-oldal-foci.jpg\" alt=\"\" class=\"wp-image-14106\" srcset=\"https:\/\/rakosliget.hu\/wordpress\/wp-content\/uploads\/2024\/12\/1924_03_29_4-oldal-foci.jpg 720w, https:\/\/rakosliget.hu\/wordpress\/wp-content\/uploads\/2024\/12\/1924_03_29_4-oldal-foci-300x210.jpg 300w\" sizes=\"auto, (max-width: 720px) 100vw, 720px\" \/><figcaption class=\"wp-element-caption\">Nemzeti Sport 1924. 03. 29. 4. oldal <\/figcaption><\/figure>\n\n\n\n<figure class=\"wp-block-image size-full\"><img loading=\"lazy\" decoding=\"async\" width=\"720\" height=\"505\" src=\"https:\/\/rakosliget.hu\/wordpress\/wp-content\/uploads\/2024\/12\/1924_03_29_4-oldal-foci-1.jpg\" alt=\"\" class=\"wp-image-14111\" srcset=\"https:\/\/rakosliget.hu\/wordpress\/wp-content\/uploads\/2024\/12\/1924_03_29_4-oldal-foci-1.jpg 720w, https:\/\/rakosliget.hu\/wordpress\/wp-content\/uploads\/2024\/12\/1924_03_29_4-oldal-foci-1-300x210.jpg 300w\" sizes=\"auto, (max-width: 720px) 100vw, 720px\" \/><figcaption class=\"wp-element-caption\">Nemzeti Sport 1924. 03. 29. 4. oldal <\/figcaption><\/figure>\n\n\n\n<figure class=\"wp-block-image size-full\"><img loading=\"lazy\" decoding=\"async\" width=\"724\" height=\"470\" src=\"https:\/\/rakosliget.hu\/wordpress\/wp-content\/uploads\/2024\/12\/1924_04_09_2-oldal-foci.jpg\" alt=\"\" class=\"wp-image-14113\" srcset=\"https:\/\/rakosliget.hu\/wordpress\/wp-content\/uploads\/2024\/12\/1924_04_09_2-oldal-foci.jpg 724w, https:\/\/rakosliget.hu\/wordpress\/wp-content\/uploads\/2024\/12\/1924_04_09_2-oldal-foci-300x195.jpg 300w\" sizes=\"auto, (max-width: 724px) 100vw, 724px\" \/><figcaption class=\"wp-element-caption\">Nemzeti Sport 1924. 04. 09. 2. oldal<\/figcaption><\/figure>\n\n\n<div class=\"wp-block-image\">\n<figure class=\"aligncenter size-full\"><img loading=\"lazy\" decoding=\"async\" width=\"678\" height=\"598\" src=\"https:\/\/rakosliget.hu\/wordpress\/wp-content\/uploads\/2024\/12\/1924_05_16_-5-oldal-foci.jpg\" alt=\"\" class=\"wp-image-14114\" srcset=\"https:\/\/rakosliget.hu\/wordpress\/wp-content\/uploads\/2024\/12\/1924_05_16_-5-oldal-foci.jpg 678w, https:\/\/rakosliget.hu\/wordpress\/wp-content\/uploads\/2024\/12\/1924_05_16_-5-oldal-foci-300x265.jpg 300w\" sizes=\"auto, (max-width: 678px) 100vw, 678px\" \/><figcaption class=\"wp-element-caption\">Nemzeti Sport 1924. 05. 16. 5. oldal <\/figcaption><\/figure>\n<\/div>\n\n<div class=\"wp-block-image\">\n<figure class=\"aligncenter size-full is-resized\"><img loading=\"lazy\" decoding=\"async\" width=\"687\" height=\"740\" src=\"https:\/\/rakosliget.hu\/wordpress\/wp-content\/uploads\/2024\/12\/1924_06_01_-6-oldal-foci.jpg\" alt=\"\" class=\"wp-image-14116\" style=\"width:690px;height:auto\" srcset=\"https:\/\/rakosliget.hu\/wordpress\/wp-content\/uploads\/2024\/12\/1924_06_01_-6-oldal-foci.jpg 687w, https:\/\/rakosliget.hu\/wordpress\/wp-content\/uploads\/2024\/12\/1924_06_01_-6-oldal-foci-279x300.jpg 279w\" sizes=\"auto, (max-width: 687px) 100vw, 687px\" \/><figcaption class=\"wp-element-caption\">Nemzeti Sport 1924. 06. 01. 6 oldal <\/figcaption><\/figure>\n<\/div>\n\n<div class=\"wp-block-image\">\n<figure class=\"aligncenter size-large\"><img loading=\"lazy\" decoding=\"async\" width=\"299\" height=\"1024\" src=\"https:\/\/rakosliget.hu\/wordpress\/wp-content\/uploads\/2024\/12\/1924_06_05_2-oldal-foci-299x1024.jpg\" alt=\"\" class=\"wp-image-14118\" srcset=\"https:\/\/rakosliget.hu\/wordpress\/wp-content\/uploads\/2024\/12\/1924_06_05_2-oldal-foci-299x1024.jpg 299w, https:\/\/rakosliget.hu\/wordpress\/wp-content\/uploads\/2024\/12\/1924_06_05_2-oldal-foci-88x300.jpg 88w, https:\/\/rakosliget.hu\/wordpress\/wp-content\/uploads\/2024\/12\/1924_06_05_2-oldal-foci-449x1536.jpg 449w, https:\/\/rakosliget.hu\/wordpress\/wp-content\/uploads\/2024\/12\/1924_06_05_2-oldal-foci-598x2048.jpg 598w, https:\/\/rakosliget.hu\/wordpress\/wp-content\/uploads\/2024\/12\/1924_06_05_2-oldal-foci-scaled.jpg 748w\" sizes=\"auto, (max-width: 299px) 100vw, 299px\" \/><figcaption class=\"wp-element-caption\">Nemzeti Sport 1924. 06. 05. 2. oldal <\/figcaption><\/figure>\n<\/div>\n\n\n<p>Az FTC R\u00e1kosligeten.<\/p>\n\n\n\n<figure class=\"wp-block-image size-full\"><img loading=\"lazy\" decoding=\"async\" width=\"687\" height=\"182\" src=\"https:\/\/rakosliget.hu\/wordpress\/wp-content\/uploads\/2024\/12\/1924_06_07_4-oldal-foci.jpg\" alt=\"\" class=\"wp-image-14120\" srcset=\"https:\/\/rakosliget.hu\/wordpress\/wp-content\/uploads\/2024\/12\/1924_06_07_4-oldal-foci.jpg 687w, https:\/\/rakosliget.hu\/wordpress\/wp-content\/uploads\/2024\/12\/1924_06_07_4-oldal-foci-300x79.jpg 300w\" sizes=\"auto, (max-width: 687px) 100vw, 687px\" \/><figcaption class=\"wp-element-caption\">Nemzeti Sport 1924. 06. 07. 4. oldal <\/figcaption><\/figure>\n\n\n<div class=\"wp-block-image\">\n<figure class=\"aligncenter size-full\"><img loading=\"lazy\" decoding=\"async\" width=\"985\" height=\"632\" src=\"https:\/\/rakosliget.hu\/wordpress\/wp-content\/uploads\/2025\/03\/Miskolci-Reggeli-Hirlap-1924.-06.-07.-9.oldal_.jpg\" alt=\"\" class=\"wp-image-17272\" srcset=\"https:\/\/rakosliget.hu\/wordpress\/wp-content\/uploads\/2025\/03\/Miskolci-Reggeli-Hirlap-1924.-06.-07.-9.oldal_.jpg 985w, https:\/\/rakosliget.hu\/wordpress\/wp-content\/uploads\/2025\/03\/Miskolci-Reggeli-Hirlap-1924.-06.-07.-9.oldal_-300x192.jpg 300w, https:\/\/rakosliget.hu\/wordpress\/wp-content\/uploads\/2025\/03\/Miskolci-Reggeli-Hirlap-1924.-06.-07.-9.oldal_-768x493.jpg 768w\" sizes=\"auto, (max-width: 985px) 100vw, 985px\" \/><figcaption class=\"wp-element-caption\">Miskolci Reggeli Hirlap 1924. 06. 07. 9.oldal<\/figcaption><\/figure>\n<\/div>\n\n\n<figure class=\"wp-block-image size-full\"><img loading=\"lazy\" decoding=\"async\" width=\"729\" height=\"161\" src=\"https:\/\/rakosliget.hu\/wordpress\/wp-content\/uploads\/2024\/12\/1924_06_22_-4-oldal-foci.jpg\" alt=\"\" class=\"wp-image-14122\" srcset=\"https:\/\/rakosliget.hu\/wordpress\/wp-content\/uploads\/2024\/12\/1924_06_22_-4-oldal-foci.jpg 729w, https:\/\/rakosliget.hu\/wordpress\/wp-content\/uploads\/2024\/12\/1924_06_22_-4-oldal-foci-300x66.jpg 300w\" sizes=\"auto, (max-width: 729px) 100vw, 729px\" \/><figcaption class=\"wp-element-caption\">Nemzeti Sport 1924. 06. 22. 4. oldal <\/figcaption><\/figure>\n\n\n\n<figure class=\"wp-block-image size-full\"><img loading=\"lazy\" decoding=\"async\" width=\"710\" height=\"939\" src=\"https:\/\/rakosliget.hu\/wordpress\/wp-content\/uploads\/2024\/12\/1924_07_05_6-oldal-foci.jpg\" alt=\"\" class=\"wp-image-14124\" srcset=\"https:\/\/rakosliget.hu\/wordpress\/wp-content\/uploads\/2024\/12\/1924_07_05_6-oldal-foci.jpg 710w, https:\/\/rakosliget.hu\/wordpress\/wp-content\/uploads\/2024\/12\/1924_07_05_6-oldal-foci-227x300.jpg 227w\" sizes=\"auto, (max-width: 710px) 100vw, 710px\" \/><figcaption class=\"wp-element-caption\">Nemzeti Sport 1924. 07. 05. 6. oldal <\/figcaption><\/figure>\n\n\n\n<figure class=\"wp-block-image size-full\"><img loading=\"lazy\" decoding=\"async\" width=\"704\" height=\"874\" src=\"https:\/\/rakosliget.hu\/wordpress\/wp-content\/uploads\/2024\/12\/1924_07_17_-4-oldal-foci.jpg\" alt=\"\" class=\"wp-image-14126\" srcset=\"https:\/\/rakosliget.hu\/wordpress\/wp-content\/uploads\/2024\/12\/1924_07_17_-4-oldal-foci.jpg 704w, https:\/\/rakosliget.hu\/wordpress\/wp-content\/uploads\/2024\/12\/1924_07_17_-4-oldal-foci-242x300.jpg 242w\" sizes=\"auto, (max-width: 704px) 100vw, 704px\" \/><figcaption class=\"wp-element-caption\">Nemzeti Sport 1924. 07. 17. 4. oldal <\/figcaption><\/figure>\n\n\n\n<figure class=\"wp-block-image size-full\"><img loading=\"lazy\" decoding=\"async\" width=\"672\" height=\"755\" src=\"https:\/\/rakosliget.hu\/wordpress\/wp-content\/uploads\/2024\/12\/1924_07_29_-3-oldal-foci.jpg\" alt=\"\" class=\"wp-image-14128\" srcset=\"https:\/\/rakosliget.hu\/wordpress\/wp-content\/uploads\/2024\/12\/1924_07_29_-3-oldal-foci.jpg 672w, https:\/\/rakosliget.hu\/wordpress\/wp-content\/uploads\/2024\/12\/1924_07_29_-3-oldal-foci-267x300.jpg 267w\" sizes=\"auto, (max-width: 672px) 100vw, 672px\" \/><figcaption class=\"wp-element-caption\">Nemzeti Sport 1924. 07. 17. 4. oldal <\/figcaption><\/figure>\n\n\n<div class=\"wp-block-image\">\n<figure class=\"aligncenter size-large\"><img loading=\"lazy\" decoding=\"async\" width=\"474\" height=\"1024\" src=\"https:\/\/rakosliget.hu\/wordpress\/wp-content\/uploads\/2024\/12\/1924_08_07_-2-oldal-foci-474x1024.jpg\" alt=\"\" class=\"wp-image-14130\" srcset=\"https:\/\/rakosliget.hu\/wordpress\/wp-content\/uploads\/2024\/12\/1924_08_07_-2-oldal-foci-474x1024.jpg 474w, https:\/\/rakosliget.hu\/wordpress\/wp-content\/uploads\/2024\/12\/1924_08_07_-2-oldal-foci-139x300.jpg 139w, https:\/\/rakosliget.hu\/wordpress\/wp-content\/uploads\/2024\/12\/1924_08_07_-2-oldal-foci-768x1658.jpg 768w, https:\/\/rakosliget.hu\/wordpress\/wp-content\/uploads\/2024\/12\/1924_08_07_-2-oldal-foci-712x1536.jpg 712w, https:\/\/rakosliget.hu\/wordpress\/wp-content\/uploads\/2024\/12\/1924_08_07_-2-oldal-foci-949x2048.jpg 949w, https:\/\/rakosliget.hu\/wordpress\/wp-content\/uploads\/2024\/12\/1924_08_07_-2-oldal-foci-scaled.jpg 1186w\" sizes=\"auto, (max-width: 474px) 100vw, 474px\" \/><figcaption class=\"wp-element-caption\">Nemzeti Sport 1924. 08. 07. 2. oldal <\/figcaption><\/figure>\n<\/div>\n\n\n<figure class=\"wp-block-image size-full\"><img loading=\"lazy\" decoding=\"async\" width=\"691\" height=\"282\" src=\"https:\/\/rakosliget.hu\/wordpress\/wp-content\/uploads\/2024\/12\/1924_08_07_2-oldal-foci.jpg\" alt=\"\" class=\"wp-image-14135\" srcset=\"https:\/\/rakosliget.hu\/wordpress\/wp-content\/uploads\/2024\/12\/1924_08_07_2-oldal-foci.jpg 691w, https:\/\/rakosliget.hu\/wordpress\/wp-content\/uploads\/2024\/12\/1924_08_07_2-oldal-foci-300x122.jpg 300w\" sizes=\"auto, (max-width: 691px) 100vw, 691px\" \/><figcaption class=\"wp-element-caption\">Nemzeti Sport 1924. 08. 07. 2. oldal <\/figcaption><\/figure>\n\n\n\n<figure class=\"wp-block-image size-full\"><img loading=\"lazy\" decoding=\"async\" width=\"708\" height=\"340\" src=\"https:\/\/rakosliget.hu\/wordpress\/wp-content\/uploads\/2024\/12\/1924_08_20_-4-oldal-foci.jpg\" alt=\"\" class=\"wp-image-14139\" srcset=\"https:\/\/rakosliget.hu\/wordpress\/wp-content\/uploads\/2024\/12\/1924_08_20_-4-oldal-foci.jpg 708w, https:\/\/rakosliget.hu\/wordpress\/wp-content\/uploads\/2024\/12\/1924_08_20_-4-oldal-foci-300x144.jpg 300w\" sizes=\"auto, (max-width: 708px) 100vw, 708px\" \/><figcaption class=\"wp-element-caption\">Nemzeti Sport 1924. 08. 20. 4. oldal <\/figcaption><\/figure>\n\n\n\n<figure class=\"wp-block-image size-full\"><img loading=\"lazy\" decoding=\"async\" width=\"738\" height=\"103\" src=\"https:\/\/rakosliget.hu\/wordpress\/wp-content\/uploads\/2024\/12\/1924_08_20_-5-oldal-foci.jpg\" alt=\"\" class=\"wp-image-14141\" srcset=\"https:\/\/rakosliget.hu\/wordpress\/wp-content\/uploads\/2024\/12\/1924_08_20_-5-oldal-foci.jpg 738w, https:\/\/rakosliget.hu\/wordpress\/wp-content\/uploads\/2024\/12\/1924_08_20_-5-oldal-foci-300x42.jpg 300w\" sizes=\"auto, (max-width: 738px) 100vw, 738px\" \/><figcaption class=\"wp-element-caption\">Nemzeti Sport 1924. 08. 20. 4. oldal <\/figcaption><\/figure>\n\n\n<div class=\"wp-block-image\">\n<figure class=\"aligncenter size-large\"><img loading=\"lazy\" decoding=\"async\" width=\"431\" height=\"1024\" src=\"https:\/\/rakosliget.hu\/wordpress\/wp-content\/uploads\/2024\/12\/1924_08_28_4-oldal-foci-431x1024.jpg\" alt=\"\" class=\"wp-image-14143\" srcset=\"https:\/\/rakosliget.hu\/wordpress\/wp-content\/uploads\/2024\/12\/1924_08_28_4-oldal-foci-431x1024.jpg 431w, https:\/\/rakosliget.hu\/wordpress\/wp-content\/uploads\/2024\/12\/1924_08_28_4-oldal-foci-126x300.jpg 126w, https:\/\/rakosliget.hu\/wordpress\/wp-content\/uploads\/2024\/12\/1924_08_28_4-oldal-foci-646x1536.jpg 646w, https:\/\/rakosliget.hu\/wordpress\/wp-content\/uploads\/2024\/12\/1924_08_28_4-oldal-foci.jpg 688w\" sizes=\"auto, (max-width: 431px) 100vw, 431px\" \/><figcaption class=\"wp-element-caption\">Nemzeti Sport 1924. 08. 28. 4. oldal <\/figcaption><\/figure>\n<\/div>\n\n<div class=\"wp-block-image\">\n<figure class=\"aligncenter size-large\"><img loading=\"lazy\" decoding=\"async\" width=\"508\" height=\"1024\" src=\"https:\/\/rakosliget.hu\/wordpress\/wp-content\/uploads\/2024\/12\/1924_09_04_-4-oldal-foci-508x1024.jpg\" alt=\"\" class=\"wp-image-14145\" srcset=\"https:\/\/rakosliget.hu\/wordpress\/wp-content\/uploads\/2024\/12\/1924_09_04_-4-oldal-foci-508x1024.jpg 508w, https:\/\/rakosliget.hu\/wordpress\/wp-content\/uploads\/2024\/12\/1924_09_04_-4-oldal-foci-149x300.jpg 149w, https:\/\/rakosliget.hu\/wordpress\/wp-content\/uploads\/2024\/12\/1924_09_04_-4-oldal-foci.jpg 721w\" sizes=\"auto, (max-width: 508px) 100vw, 508px\" \/><figcaption class=\"wp-element-caption\">Nemzeti Sport 1924. 09. 04. 4. oldal <\/figcaption><\/figure>\n<\/div>\n\n\n<figure class=\"wp-block-image size-large\"><img loading=\"lazy\" decoding=\"async\" width=\"621\" height=\"1024\" src=\"https:\/\/rakosliget.hu\/wordpress\/wp-content\/uploads\/2024\/12\/1924_09_11_-3-oldal-foci-621x1024.jpg\" alt=\"\" class=\"wp-image-14147\" srcset=\"https:\/\/rakosliget.hu\/wordpress\/wp-content\/uploads\/2024\/12\/1924_09_11_-3-oldal-foci-621x1024.jpg 621w, https:\/\/rakosliget.hu\/wordpress\/wp-content\/uploads\/2024\/12\/1924_09_11_-3-oldal-foci-182x300.jpg 182w, https:\/\/rakosliget.hu\/wordpress\/wp-content\/uploads\/2024\/12\/1924_09_11_-3-oldal-foci.jpg 735w\" sizes=\"auto, (max-width: 621px) 100vw, 621px\" \/><figcaption class=\"wp-element-caption\">Nemzeti Sport 1924. 09. 11. 3. oldal <\/figcaption><\/figure>\n\n\n<div class=\"wp-block-image\">\n<figure class=\"aligncenter size-large\"><img loading=\"lazy\" decoding=\"async\" width=\"552\" height=\"1024\" src=\"https:\/\/rakosliget.hu\/wordpress\/wp-content\/uploads\/2024\/12\/1924_09_24_5-oldal-foci-552x1024.jpg\" alt=\"\" class=\"wp-image-14149\" srcset=\"https:\/\/rakosliget.hu\/wordpress\/wp-content\/uploads\/2024\/12\/1924_09_24_5-oldal-foci-552x1024.jpg 552w, https:\/\/rakosliget.hu\/wordpress\/wp-content\/uploads\/2024\/12\/1924_09_24_5-oldal-foci-162x300.jpg 162w, https:\/\/rakosliget.hu\/wordpress\/wp-content\/uploads\/2024\/12\/1924_09_24_5-oldal-foci.jpg 692w\" sizes=\"auto, (max-width: 552px) 100vw, 552px\" \/><figcaption class=\"wp-element-caption\">Nemzeti Sport 1924. 09. 24. 5. oldal <\/figcaption><\/figure>\n<\/div>\n\n\n<figure class=\"wp-block-image size-full\"><img loading=\"lazy\" decoding=\"async\" width=\"985\" height=\"543\" src=\"https:\/\/rakosliget.hu\/wordpress\/wp-content\/uploads\/2024\/12\/1924_10_02_-2-oldal-foci.jpg\" alt=\"\" class=\"wp-image-14151\" srcset=\"https:\/\/rakosliget.hu\/wordpress\/wp-content\/uploads\/2024\/12\/1924_10_02_-2-oldal-foci.jpg 985w, https:\/\/rakosliget.hu\/wordpress\/wp-content\/uploads\/2024\/12\/1924_10_02_-2-oldal-foci-300x165.jpg 300w, https:\/\/rakosliget.hu\/wordpress\/wp-content\/uploads\/2024\/12\/1924_10_02_-2-oldal-foci-768x423.jpg 768w\" sizes=\"auto, (max-width: 985px) 100vw, 985px\" \/><figcaption class=\"wp-element-caption\">Nemzeti Sport 1924. 10. 02. 2. oldal <\/figcaption><\/figure>\n\n\n\n<figure class=\"wp-block-image size-full\"><img loading=\"lazy\" decoding=\"async\" width=\"704\" height=\"359\" src=\"https:\/\/rakosliget.hu\/wordpress\/wp-content\/uploads\/2024\/12\/1924_10_08_5-oldal-foci.jpg\" alt=\"\" class=\"wp-image-14153\" srcset=\"https:\/\/rakosliget.hu\/wordpress\/wp-content\/uploads\/2024\/12\/1924_10_08_5-oldal-foci.jpg 704w, https:\/\/rakosliget.hu\/wordpress\/wp-content\/uploads\/2024\/12\/1924_10_08_5-oldal-foci-300x153.jpg 300w\" sizes=\"auto, (max-width: 704px) 100vw, 704px\" \/><figcaption class=\"wp-element-caption\">Nemzeti Sport 1924. 10. 08. 5. oldal<\/figcaption><\/figure>\n\n\n\n<figure class=\"wp-block-image size-full\"><img loading=\"lazy\" decoding=\"async\" width=\"999\" height=\"462\" src=\"https:\/\/rakosliget.hu\/wordpress\/wp-content\/uploads\/2024\/12\/1924_10_11_-2-oldal-foci.jpg\" alt=\"\" class=\"wp-image-14155\" srcset=\"https:\/\/rakosliget.hu\/wordpress\/wp-content\/uploads\/2024\/12\/1924_10_11_-2-oldal-foci.jpg 999w, https:\/\/rakosliget.hu\/wordpress\/wp-content\/uploads\/2024\/12\/1924_10_11_-2-oldal-foci-300x139.jpg 300w, https:\/\/rakosliget.hu\/wordpress\/wp-content\/uploads\/2024\/12\/1924_10_11_-2-oldal-foci-768x355.jpg 768w\" sizes=\"auto, (max-width: 999px) 100vw, 999px\" \/><figcaption class=\"wp-element-caption\">Nemzeti Sport 1924. 10. 11. 2. oldal <\/figcaption><\/figure>\n\n\n\n<figure class=\"wp-block-image size-large\"><img loading=\"lazy\" decoding=\"async\" width=\"624\" height=\"132\" src=\"http:\/\/rakosliget.hu\/wordpress\/wp-content\/uploads\/2020\/01\/foci-1924.jpg\" alt=\"\" class=\"wp-image-4079\" srcset=\"https:\/\/rakosliget.hu\/wordpress\/wp-content\/uploads\/2020\/01\/foci-1924.jpg 624w, https:\/\/rakosliget.hu\/wordpress\/wp-content\/uploads\/2020\/01\/foci-1924-300x63.jpg 300w\" sizes=\"auto, (max-width: 624px) 100vw, 624px\" \/><figcaption class=\"wp-element-caption\"> R\u00e1kos Vid\u00e9ke  41. sz\u00e1m 1924. okt\u00f3ber 12.  <\/figcaption><\/figure>\n\n\n\n<figure class=\"wp-block-image size-large is-resized\"><img loading=\"lazy\" decoding=\"async\" width=\"616\" height=\"92\" src=\"http:\/\/rakosliget.hu\/wordpress\/wp-content\/uploads\/2020\/01\/foci-_2-1924.jpg\" alt=\"\" class=\"wp-image-4078\" style=\"width:690px;height:auto\" srcset=\"https:\/\/rakosliget.hu\/wordpress\/wp-content\/uploads\/2020\/01\/foci-_2-1924.jpg 616w, https:\/\/rakosliget.hu\/wordpress\/wp-content\/uploads\/2020\/01\/foci-_2-1924-300x45.jpg 300w\" sizes=\"auto, (max-width: 616px) 100vw, 616px\" \/><figcaption class=\"wp-element-caption\">R\u00e1kos Vid\u00e9ke 42. sz\u00e1m 1924. okt\u00f3ber 19.<\/figcaption><\/figure>\n\n\n\n<figure class=\"wp-block-image size-full\"><img loading=\"lazy\" decoding=\"async\" width=\"747\" height=\"493\" src=\"https:\/\/rakosliget.hu\/wordpress\/wp-content\/uploads\/2024\/12\/1924_10_23_-5-oldal-foci.jpg\" alt=\"\" class=\"wp-image-14157\" srcset=\"https:\/\/rakosliget.hu\/wordpress\/wp-content\/uploads\/2024\/12\/1924_10_23_-5-oldal-foci.jpg 747w, https:\/\/rakosliget.hu\/wordpress\/wp-content\/uploads\/2024\/12\/1924_10_23_-5-oldal-foci-300x198.jpg 300w\" sizes=\"auto, (max-width: 747px) 100vw, 747px\" \/><figcaption class=\"wp-element-caption\">Nemzeti Sport 1924. 10. 23. 5. oldal <\/figcaption><\/figure>\n\n\n\n<figure class=\"wp-block-image size-full\"><img loading=\"lazy\" decoding=\"async\" width=\"685\" height=\"193\" src=\"https:\/\/rakosliget.hu\/wordpress\/wp-content\/uploads\/2024\/12\/1924_10_25_-6-oldal-foci.jpg\" alt=\"\" class=\"wp-image-14159\" srcset=\"https:\/\/rakosliget.hu\/wordpress\/wp-content\/uploads\/2024\/12\/1924_10_25_-6-oldal-foci.jpg 685w, https:\/\/rakosliget.hu\/wordpress\/wp-content\/uploads\/2024\/12\/1924_10_25_-6-oldal-foci-300x85.jpg 300w\" sizes=\"auto, (max-width: 685px) 100vw, 685px\" \/><figcaption class=\"wp-element-caption\">Nemzeti Sport 1924. 10. 25. 6. oldal <\/figcaption><\/figure>\n\n\n\n<figure class=\"wp-block-image size-full\"><img loading=\"lazy\" decoding=\"async\" width=\"689\" height=\"227\" src=\"https:\/\/rakosliget.hu\/wordpress\/wp-content\/uploads\/2024\/12\/1924_11_03_5-oldal-foci.jpg\" alt=\"\" class=\"wp-image-14161\" srcset=\"https:\/\/rakosliget.hu\/wordpress\/wp-content\/uploads\/2024\/12\/1924_11_03_5-oldal-foci.jpg 689w, https:\/\/rakosliget.hu\/wordpress\/wp-content\/uploads\/2024\/12\/1924_11_03_5-oldal-foci-300x99.jpg 300w\" sizes=\"auto, (max-width: 689px) 100vw, 689px\" \/><figcaption class=\"wp-element-caption\">Nemzeti Sport 1924. 11. 03. 5. oldal <\/figcaption><\/figure>\n\n\n\n<figure class=\"wp-block-image size-full\"><img loading=\"lazy\" decoding=\"async\" width=\"997\" height=\"250\" src=\"https:\/\/rakosliget.hu\/wordpress\/wp-content\/uploads\/2024\/12\/1924_11_06_-2-oldal-foci.jpg\" alt=\"\" class=\"wp-image-14163\" srcset=\"https:\/\/rakosliget.hu\/wordpress\/wp-content\/uploads\/2024\/12\/1924_11_06_-2-oldal-foci.jpg 997w, https:\/\/rakosliget.hu\/wordpress\/wp-content\/uploads\/2024\/12\/1924_11_06_-2-oldal-foci-300x75.jpg 300w, https:\/\/rakosliget.hu\/wordpress\/wp-content\/uploads\/2024\/12\/1924_11_06_-2-oldal-foci-768x193.jpg 768w\" sizes=\"auto, (max-width: 997px) 100vw, 997px\" \/><figcaption class=\"wp-element-caption\">Nemzeti Sport 1924. 11. 06. 2. oldal <\/figcaption><\/figure>\n\n\n\n<figure class=\"wp-block-image size-full\"><img loading=\"lazy\" decoding=\"async\" width=\"728\" height=\"447\" src=\"https:\/\/rakosliget.hu\/wordpress\/wp-content\/uploads\/2024\/12\/1924_11_08_5-oldal-foci.jpg\" alt=\"\" class=\"wp-image-14165\" srcset=\"https:\/\/rakosliget.hu\/wordpress\/wp-content\/uploads\/2024\/12\/1924_11_08_5-oldal-foci.jpg 728w, https:\/\/rakosliget.hu\/wordpress\/wp-content\/uploads\/2024\/12\/1924_11_08_5-oldal-foci-300x184.jpg 300w\" sizes=\"auto, (max-width: 728px) 100vw, 728px\" \/><figcaption class=\"wp-element-caption\">Nemzeti Sport 1924. 11. 08. 5. oldal <\/figcaption><\/figure>\n\n\n<div class=\"wp-block-image\">\n<figure class=\"aligncenter size-large\"><img loading=\"lazy\" decoding=\"async\" width=\"320\" height=\"1024\" src=\"https:\/\/rakosliget.hu\/wordpress\/wp-content\/uploads\/2024\/12\/1924_11_16_-6-oldal-foci-320x1024.jpg\" alt=\"\" class=\"wp-image-14167\" srcset=\"https:\/\/rakosliget.hu\/wordpress\/wp-content\/uploads\/2024\/12\/1924_11_16_-6-oldal-foci-320x1024.jpg 320w, https:\/\/rakosliget.hu\/wordpress\/wp-content\/uploads\/2024\/12\/1924_11_16_-6-oldal-foci-94x300.jpg 94w, https:\/\/rakosliget.hu\/wordpress\/wp-content\/uploads\/2024\/12\/1924_11_16_-6-oldal-foci-480x1536.jpg 480w, https:\/\/rakosliget.hu\/wordpress\/wp-content\/uploads\/2024\/12\/1924_11_16_-6-oldal-foci-640x2048.jpg 640w, https:\/\/rakosliget.hu\/wordpress\/wp-content\/uploads\/2024\/12\/1924_11_16_-6-oldal-foci.jpg 696w\" sizes=\"auto, (max-width: 320px) 100vw, 320px\" \/><figcaption class=\"wp-element-caption\">Nemzeti Sport 1924. 11. 16. 6. oldal <\/figcaption><\/figure>\n<\/div>\n\n\n<figure class=\"wp-block-image size-full\"><img loading=\"lazy\" decoding=\"async\" width=\"684\" height=\"173\" src=\"https:\/\/rakosliget.hu\/wordpress\/wp-content\/uploads\/2024\/12\/1924_11_22_3-oldal-foci.jpg\" alt=\"\" class=\"wp-image-14169\" srcset=\"https:\/\/rakosliget.hu\/wordpress\/wp-content\/uploads\/2024\/12\/1924_11_22_3-oldal-foci.jpg 684w, https:\/\/rakosliget.hu\/wordpress\/wp-content\/uploads\/2024\/12\/1924_11_22_3-oldal-foci-300x76.jpg 300w\" sizes=\"auto, (max-width: 684px) 100vw, 684px\" \/><figcaption class=\"wp-element-caption\">Nemzeti Sport 1924. 11. 22. 3. oldal <\/figcaption><\/figure>\n\n\n\n<figure class=\"wp-block-image size-full\"><img loading=\"lazy\" decoding=\"async\" width=\"673\" height=\"129\" src=\"https:\/\/rakosliget.hu\/wordpress\/wp-content\/uploads\/2024\/12\/1924_12_-01_-9-oldal-foci.jpg\" alt=\"\" class=\"wp-image-14171\" srcset=\"https:\/\/rakosliget.hu\/wordpress\/wp-content\/uploads\/2024\/12\/1924_12_-01_-9-oldal-foci.jpg 673w, https:\/\/rakosliget.hu\/wordpress\/wp-content\/uploads\/2024\/12\/1924_12_-01_-9-oldal-foci-300x58.jpg 300w\" sizes=\"auto, (max-width: 673px) 100vw, 673px\" \/><figcaption class=\"wp-element-caption\">Nemzeti Sport 1924. 12. 01. 9. oldal<\/figcaption><\/figure>\n\n\n\n<p><a href=\"https:\/\/rakosliget.hu\/wordpress\/index.php\/rakosligeti-move-foci\/\">Vissza a Foci lapra<\/a><\/p>\n\n\n\n<p><\/p>\n","protected":false},"excerpt":{"rendered":"<p>Vissza a Foci lapra Az FTC R\u00e1kosligeten. Vissza a Foci lapra<\/p>\n","protected":false},"author":1,"featured_media":0,"parent":0,"menu_order":0,"comment_status":"closed","ping_status":"closed","template":"","meta":{"footnotes":""},"class_list":["post-14372","page","type-page","status-publish","hentry"],"_links":{"self":[{"href":"https:\/\/rakosliget.hu\/wordpress\/index.php\/wp-json\/wp\/v2\/pages\/14372","targetHints":{"allow":["GET"]}}],"collection":[{"href":"https:\/\/rakosliget.hu\/wordpress\/index.php\/wp-json\/wp\/v2\/pages"}],"about":[{"href":"https:\/\/rakosliget.hu\/wordpress\/index.php\/wp-json\/wp\/v2\/types\/page"}],"author":[{"embeddable":true,"href":"https:\/\/rakosliget.hu\/wordpress\/index.php\/wp-json\/wp\/v2\/users\/1"}],"replies":[{"embeddable":true,"href":"https:\/\/rakosliget.hu\/wordpress\/index.php\/wp-json\/wp\/v2\/comments?post=14372"}],"version-history":[{"count":3,"href":"https:\/\/rakosliget.hu\/wordpress\/index.php\/wp-json\/wp\/v2\/pages\/14372\/revisions"}],"predecessor-version":[{"id":17273,"href":"https:\/\/rakosliget.hu\/wordpress\/index.php\/wp-json\/wp\/v2\/pages\/14372\/revisions\/17273"}],"wp:attachment":[{"href":"https:\/\/rakosliget.hu\/wordpress\/index.php\/wp-json\/wp\/v2\/media?parent=14372"}],"curies":[{"name":"wp","href":"https:\/\/api.w.org\/{rel}","templated":true}]}}