{"id":14353,"date":"2025-01-02T12:58:33","date_gmt":"2025-01-02T11:58:33","guid":{"rendered":"https:\/\/rakosliget.hu\/wordpress\/?page_id=14353"},"modified":"2025-01-02T12:58:33","modified_gmt":"2025-01-02T11:58:33","slug":"rac-1916","status":"publish","type":"page","link":"https:\/\/rakosliget.hu\/wordpress\/index.php\/rac-1916\/","title":{"rendered":"RAC 1916"},"content":{"rendered":"\n<p><a href=\"https:\/\/rakosliget.hu\/wordpress\/index.php\/rakosligeti-move-foci\/\">Vissza a Foci lapra<\/a><\/p>\n\n\n\n<figure class=\"wp-block-image\"><img decoding=\"async\" src=\"http:\/\/rakosliget.hu\/wordpress\/wp-content\/uploads\/2020\/01\/RAFC-R%C3%A1kosliget-bar%C3%A1ts%C3%A1gos-1916.jpg\" alt=\"A k\u00e9phez tartoz\u00f3 alt jellemz\u0151 \u00fcres; RAFC-R%C3%A1kosliget-bar%C3%A1ts%C3%A1gos-1916.jpg a f\u00e1jln\u00e9v\"\/><\/figure>\n\n\n\n<p class=\"has-text-align-center\">R\u00e1kosligeti SC &#8211; RAFC bar\u00e1ts\u00e1gos m\u00e9rk\u0151z\u00e9se<br>R\u00e1kos Vid\u00e9ke 26. sz\u00e1m 1916. j\u00fanius 25.<\/p>\n\n\n\n<p><a href=\"https:\/\/rakosliget.hu\/wordpress\/index.php\/rakosligeti-move-foci\/\">Vissza a Foci lapra<\/a><\/p>\n","protected":false},"excerpt":{"rendered":"<p>Vissza a Foci lapra R\u00e1kosligeti SC &#8211; RAFC bar\u00e1ts\u00e1gos m\u00e9rk\u0151z\u00e9seR\u00e1kos Vid\u00e9ke 26. sz\u00e1m 1916. j\u00fanius 25. Vissza a Foci lapra<\/p>\n","protected":false},"author":1,"featured_media":0,"parent":0,"menu_order":0,"comment_status":"closed","ping_status":"closed","template":"","meta":{"footnotes":""},"class_list":["post-14353","page","type-page","status-publish","hentry"],"_links":{"self":[{"href":"https:\/\/rakosliget.hu\/wordpress\/index.php\/wp-json\/wp\/v2\/pages\/14353","targetHints":{"allow":["GET"]}}],"collection":[{"href":"https:\/\/rakosliget.hu\/wordpress\/index.php\/wp-json\/wp\/v2\/pages"}],"about":[{"href":"https:\/\/rakosliget.hu\/wordpress\/index.php\/wp-json\/wp\/v2\/types\/page"}],"author":[{"embeddable":true,"href":"https:\/\/rakosliget.hu\/wordpress\/index.php\/wp-json\/wp\/v2\/users\/1"}],"replies":[{"embeddable":true,"href":"https:\/\/rakosliget.hu\/wordpress\/index.php\/wp-json\/wp\/v2\/comments?post=14353"}],"version-history":[{"count":2,"href":"https:\/\/rakosliget.hu\/wordpress\/index.php\/wp-json\/wp\/v2\/pages\/14353\/revisions"}],"predecessor-version":[{"id":14355,"href":"https:\/\/rakosliget.hu\/wordpress\/index.php\/wp-json\/wp\/v2\/pages\/14353\/revisions\/14355"}],"wp:attachment":[{"href":"https:\/\/rakosliget.hu\/wordpress\/index.php\/wp-json\/wp\/v2\/media?parent=14353"}],"curies":[{"name":"wp","href":"https:\/\/api.w.org\/{rel}","templated":true}]}}