{"id":13340,"date":"2024-12-12T17:47:46","date_gmt":"2024-12-12T16:47:46","guid":{"rendered":"https:\/\/rakosliget.hu\/wordpress\/?page_id=13340"},"modified":"2024-12-12T17:54:36","modified_gmt":"2024-12-12T16:54:36","slug":"hirhozo-2006","status":"publish","type":"page","link":"https:\/\/rakosliget.hu\/wordpress\/index.php\/hirhozo-2006\/","title":{"rendered":"H\u00edrhoz\u00f3 2006"},"content":{"rendered":"\n<h2 class=\"wp-block-heading\">Janu\u00e1r<\/h2>\n\n\n\n<figure class=\"wp-block-image size-full\"><img loading=\"lazy\" decoding=\"async\" width=\"759\" height=\"178\" src=\"https:\/\/rakosliget.hu\/wordpress\/wp-content\/uploads\/2024\/12\/Ut-1.jpg\" alt=\"\" class=\"wp-image-13342\" srcset=\"https:\/\/rakosliget.hu\/wordpress\/wp-content\/uploads\/2024\/12\/Ut-1.jpg 759w, https:\/\/rakosliget.hu\/wordpress\/wp-content\/uploads\/2024\/12\/Ut-1-300x70.jpg 300w\" sizes=\"auto, (max-width: 759px) 100vw, 759px\" \/><\/figure>\n\n\n\n<figure class=\"wp-block-image size-large\"><img loading=\"lazy\" decoding=\"async\" width=\"584\" height=\"1024\" src=\"https:\/\/rakosliget.hu\/wordpress\/wp-content\/uploads\/2024\/12\/hosok-tere-584x1024.jpg\" alt=\"\" class=\"wp-image-13343\" srcset=\"https:\/\/rakosliget.hu\/wordpress\/wp-content\/uploads\/2024\/12\/hosok-tere-584x1024.jpg 584w, https:\/\/rakosliget.hu\/wordpress\/wp-content\/uploads\/2024\/12\/hosok-tere-171x300.jpg 171w, https:\/\/rakosliget.hu\/wordpress\/wp-content\/uploads\/2024\/12\/hosok-tere-768x1347.jpg 768w, https:\/\/rakosliget.hu\/wordpress\/wp-content\/uploads\/2024\/12\/hosok-tere.jpg 772w\" sizes=\"auto, (max-width: 584px) 100vw, 584px\" \/><\/figure>\n\n\n\n<figure class=\"wp-block-image size-large\"><img loading=\"lazy\" decoding=\"async\" width=\"806\" height=\"1024\" src=\"https:\/\/rakosliget.hu\/wordpress\/wp-content\/uploads\/2024\/12\/Iskola-2-806x1024.jpg\" alt=\"\" class=\"wp-image-13345\" srcset=\"https:\/\/rakosliget.hu\/wordpress\/wp-content\/uploads\/2024\/12\/Iskola-2-806x1024.jpg 806w, https:\/\/rakosliget.hu\/wordpress\/wp-content\/uploads\/2024\/12\/Iskola-2-236x300.jpg 236w, https:\/\/rakosliget.hu\/wordpress\/wp-content\/uploads\/2024\/12\/Iskola-2-768x975.jpg 768w, https:\/\/rakosliget.hu\/wordpress\/wp-content\/uploads\/2024\/12\/Iskola-2.jpg 1153w\" sizes=\"auto, (max-width: 806px) 100vw, 806px\" \/><\/figure>\n\n\n\n<figure class=\"wp-block-image size-large\"><img loading=\"lazy\" decoding=\"async\" width=\"579\" height=\"1024\" src=\"https:\/\/rakosliget.hu\/wordpress\/wp-content\/uploads\/2024\/12\/Gozon1-579x1024.jpg\" alt=\"\" class=\"wp-image-13347\" srcset=\"https:\/\/rakosliget.hu\/wordpress\/wp-content\/uploads\/2024\/12\/Gozon1-579x1024.jpg 579w, https:\/\/rakosliget.hu\/wordpress\/wp-content\/uploads\/2024\/12\/Gozon1-170x300.jpg 170w, https:\/\/rakosliget.hu\/wordpress\/wp-content\/uploads\/2024\/12\/Gozon1-768x1358.jpg 768w, https:\/\/rakosliget.hu\/wordpress\/wp-content\/uploads\/2024\/12\/Gozon1-869x1536.jpg 869w, https:\/\/rakosliget.hu\/wordpress\/wp-content\/uploads\/2024\/12\/Gozon1-1158x2048.jpg 1158w, https:\/\/rakosliget.hu\/wordpress\/wp-content\/uploads\/2024\/12\/Gozon1.jpg 1162w\" sizes=\"auto, (max-width: 579px) 100vw, 579px\" \/><\/figure>\n\n\n\n<h2 class=\"wp-block-heading\">Febru\u00e1r<\/h2>\n\n\n\n<figure class=\"wp-block-image size-full\"><img loading=\"lazy\" decoding=\"async\" width=\"762\" height=\"439\" src=\"https:\/\/rakosliget.hu\/wordpress\/wp-content\/uploads\/2024\/12\/Iskola1.jpg\" alt=\"\" class=\"wp-image-13349\" srcset=\"https:\/\/rakosliget.hu\/wordpress\/wp-content\/uploads\/2024\/12\/Iskola1.jpg 762w, https:\/\/rakosliget.hu\/wordpress\/wp-content\/uploads\/2024\/12\/Iskola1-300x173.jpg 300w\" sizes=\"auto, (max-width: 762px) 100vw, 762px\" \/><\/figure>\n\n\n\n<figure class=\"wp-block-image size-full\"><img loading=\"lazy\" decoding=\"async\" width=\"777\" height=\"442\" src=\"https:\/\/rakosliget.hu\/wordpress\/wp-content\/uploads\/2024\/12\/parkolo.jpg\" alt=\"\" class=\"wp-image-13350\" srcset=\"https:\/\/rakosliget.hu\/wordpress\/wp-content\/uploads\/2024\/12\/parkolo.jpg 777w, https:\/\/rakosliget.hu\/wordpress\/wp-content\/uploads\/2024\/12\/parkolo-300x171.jpg 300w, https:\/\/rakosliget.hu\/wordpress\/wp-content\/uploads\/2024\/12\/parkolo-768x437.jpg 768w\" sizes=\"auto, (max-width: 777px) 100vw, 777px\" \/><\/figure>\n\n\n\n<figure class=\"wp-block-image size-large\"><img loading=\"lazy\" decoding=\"async\" width=\"539\" height=\"1024\" src=\"https:\/\/rakosliget.hu\/wordpress\/wp-content\/uploads\/2024\/12\/csekov1-539x1024.jpg\" alt=\"\" class=\"wp-image-13351\" srcset=\"https:\/\/rakosliget.hu\/wordpress\/wp-content\/uploads\/2024\/12\/csekov1-539x1024.jpg 539w, https:\/\/rakosliget.hu\/wordpress\/wp-content\/uploads\/2024\/12\/csekov1-158x300.jpg 158w, https:\/\/rakosliget.hu\/wordpress\/wp-content\/uploads\/2024\/12\/csekov1.jpg 738w\" sizes=\"auto, (max-width: 539px) 100vw, 539px\" \/><\/figure>\n\n\n\n<figure class=\"wp-block-image size-large\"><img loading=\"lazy\" decoding=\"async\" width=\"494\" height=\"1024\" src=\"https:\/\/rakosliget.hu\/wordpress\/wp-content\/uploads\/2024\/12\/csekov2-494x1024.jpg\" alt=\"\" class=\"wp-image-13352\" srcset=\"https:\/\/rakosliget.hu\/wordpress\/wp-content\/uploads\/2024\/12\/csekov2-494x1024.jpg 494w, https:\/\/rakosliget.hu\/wordpress\/wp-content\/uploads\/2024\/12\/csekov2-145x300.jpg 145w, https:\/\/rakosliget.hu\/wordpress\/wp-content\/uploads\/2024\/12\/csekov2-768x1591.jpg 768w, https:\/\/rakosliget.hu\/wordpress\/wp-content\/uploads\/2024\/12\/csekov2-741x1536.jpg 741w, https:\/\/rakosliget.hu\/wordpress\/wp-content\/uploads\/2024\/12\/csekov2-989x2048.jpg 989w, https:\/\/rakosliget.hu\/wordpress\/wp-content\/uploads\/2024\/12\/csekov2-scaled.jpg 1236w\" sizes=\"auto, (max-width: 494px) 100vw, 494px\" \/><\/figure>\n\n\n\n<figure class=\"wp-block-image size-large\"><img loading=\"lazy\" decoding=\"async\" width=\"488\" height=\"1024\" src=\"https:\/\/rakosliget.hu\/wordpress\/wp-content\/uploads\/2024\/12\/maszoverseny-488x1024.jpg\" alt=\"\" class=\"wp-image-13354\" srcset=\"https:\/\/rakosliget.hu\/wordpress\/wp-content\/uploads\/2024\/12\/maszoverseny-488x1024.jpg 488w, https:\/\/rakosliget.hu\/wordpress\/wp-content\/uploads\/2024\/12\/maszoverseny-143x300.jpg 143w, https:\/\/rakosliget.hu\/wordpress\/wp-content\/uploads\/2024\/12\/maszoverseny.jpg 724w\" sizes=\"auto, (max-width: 488px) 100vw, 488px\" \/><\/figure>\n\n\n\n<h2 class=\"wp-block-heading\">\u00c1prilis<\/h2>\n\n\n\n<figure class=\"wp-block-image size-full\"><img loading=\"lazy\" decoding=\"async\" width=\"795\" height=\"447\" src=\"https:\/\/rakosliget.hu\/wordpress\/wp-content\/uploads\/2024\/12\/ut2.jpg\" alt=\"\" class=\"wp-image-13357\" srcset=\"https:\/\/rakosliget.hu\/wordpress\/wp-content\/uploads\/2024\/12\/ut2.jpg 795w, https:\/\/rakosliget.hu\/wordpress\/wp-content\/uploads\/2024\/12\/ut2-300x169.jpg 300w, https:\/\/rakosliget.hu\/wordpress\/wp-content\/uploads\/2024\/12\/ut2-768x432.jpg 768w\" sizes=\"auto, (max-width: 795px) 100vw, 795px\" \/><\/figure>\n\n\n\n<figure class=\"wp-block-image size-full\"><img loading=\"lazy\" decoding=\"async\" width=\"762\" height=\"355\" src=\"https:\/\/rakosliget.hu\/wordpress\/wp-content\/uploads\/2024\/12\/demszky.jpg\" alt=\"\" class=\"wp-image-13358\" srcset=\"https:\/\/rakosliget.hu\/wordpress\/wp-content\/uploads\/2024\/12\/demszky.jpg 762w, https:\/\/rakosliget.hu\/wordpress\/wp-content\/uploads\/2024\/12\/demszky-300x140.jpg 300w\" sizes=\"auto, (max-width: 762px) 100vw, 762px\" \/><\/figure>\n\n\n\n<figure class=\"wp-block-image size-large\"><img loading=\"lazy\" decoding=\"async\" width=\"1024\" height=\"537\" src=\"https:\/\/rakosliget.hu\/wordpress\/wp-content\/uploads\/2024\/12\/csekov3-1024x537.jpg\" alt=\"\" class=\"wp-image-13360\" srcset=\"https:\/\/rakosliget.hu\/wordpress\/wp-content\/uploads\/2024\/12\/csekov3-1024x537.jpg 1024w, https:\/\/rakosliget.hu\/wordpress\/wp-content\/uploads\/2024\/12\/csekov3-300x157.jpg 300w, https:\/\/rakosliget.hu\/wordpress\/wp-content\/uploads\/2024\/12\/csekov3-768x403.jpg 768w, https:\/\/rakosliget.hu\/wordpress\/wp-content\/uploads\/2024\/12\/csekov3-1536x806.jpg 1536w, https:\/\/rakosliget.hu\/wordpress\/wp-content\/uploads\/2024\/12\/csekov3-2048x1074.jpg 2048w\" sizes=\"auto, (max-width: 1024px) 100vw, 1024px\" \/><\/figure>\n\n\n\n<figure class=\"wp-block-image size-large\"><img loading=\"lazy\" decoding=\"async\" width=\"1024\" height=\"583\" src=\"https:\/\/rakosliget.hu\/wordpress\/wp-content\/uploads\/2024\/12\/csekov4-1024x583.jpg\" alt=\"\" class=\"wp-image-13361\" srcset=\"https:\/\/rakosliget.hu\/wordpress\/wp-content\/uploads\/2024\/12\/csekov4-1024x583.jpg 1024w, https:\/\/rakosliget.hu\/wordpress\/wp-content\/uploads\/2024\/12\/csekov4-300x171.jpg 300w, https:\/\/rakosliget.hu\/wordpress\/wp-content\/uploads\/2024\/12\/csekov4-768x437.jpg 768w, https:\/\/rakosliget.hu\/wordpress\/wp-content\/uploads\/2024\/12\/csekov4-1536x875.jpg 1536w, https:\/\/rakosliget.hu\/wordpress\/wp-content\/uploads\/2024\/12\/csekov4-2048x1166.jpg 2048w\" sizes=\"auto, (max-width: 1024px) 100vw, 1024px\" \/><\/figure>\n\n\n\n<h2 class=\"wp-block-heading\">M\u00e1jus<\/h2>\n\n\n\n<figure class=\"wp-block-image size-large\"><img loading=\"lazy\" decoding=\"async\" width=\"1024\" height=\"649\" src=\"https:\/\/rakosliget.hu\/wordpress\/wp-content\/uploads\/2024\/12\/Ut3-1024x649.jpg\" alt=\"\" class=\"wp-image-13362\" srcset=\"https:\/\/rakosliget.hu\/wordpress\/wp-content\/uploads\/2024\/12\/Ut3-1024x649.jpg 1024w, https:\/\/rakosliget.hu\/wordpress\/wp-content\/uploads\/2024\/12\/Ut3-300x190.jpg 300w, https:\/\/rakosliget.hu\/wordpress\/wp-content\/uploads\/2024\/12\/Ut3-768x487.jpg 768w, https:\/\/rakosliget.hu\/wordpress\/wp-content\/uploads\/2024\/12\/Ut3-1536x974.jpg 1536w, https:\/\/rakosliget.hu\/wordpress\/wp-content\/uploads\/2024\/12\/Ut3-2048x1298.jpg 2048w\" sizes=\"auto, (max-width: 1024px) 100vw, 1024px\" \/><\/figure>\n\n\n\n<figure class=\"wp-block-image size-large\"><img loading=\"lazy\" decoding=\"async\" width=\"247\" height=\"1024\" src=\"https:\/\/rakosliget.hu\/wordpress\/wp-content\/uploads\/2024\/12\/Berky-247x1024.jpg\" alt=\"\" class=\"wp-image-13363\" srcset=\"https:\/\/rakosliget.hu\/wordpress\/wp-content\/uploads\/2024\/12\/Berky-247x1024.jpg 247w, https:\/\/rakosliget.hu\/wordpress\/wp-content\/uploads\/2024\/12\/Berky-768x3185.jpg 768w, https:\/\/rakosliget.hu\/wordpress\/wp-content\/uploads\/2024\/12\/Berky-370x1536.jpg 370w, https:\/\/rakosliget.hu\/wordpress\/wp-content\/uploads\/2024\/12\/Berky-494x2048.jpg 494w, https:\/\/rakosliget.hu\/wordpress\/wp-content\/uploads\/2024\/12\/Berky-scaled.jpg 617w\" sizes=\"auto, (max-width: 247px) 100vw, 247px\" \/><\/figure>\n\n\n\n<h2 class=\"wp-block-heading\">J\u00fanius<\/h2>\n\n\n\n<figure class=\"wp-block-image size-large\"><img loading=\"lazy\" decoding=\"async\" width=\"306\" height=\"1024\" src=\"https:\/\/rakosliget.hu\/wordpress\/wp-content\/uploads\/2024\/12\/Mark-1-306x1024.jpg\" alt=\"\" class=\"wp-image-13364\" srcset=\"https:\/\/rakosliget.hu\/wordpress\/wp-content\/uploads\/2024\/12\/Mark-1-306x1024.jpg 306w, https:\/\/rakosliget.hu\/wordpress\/wp-content\/uploads\/2024\/12\/Mark-1-90x300.jpg 90w, https:\/\/rakosliget.hu\/wordpress\/wp-content\/uploads\/2024\/12\/Mark-1.jpg 748w\" sizes=\"auto, (max-width: 306px) 100vw, 306px\" \/><\/figure>\n\n\n\n<figure class=\"wp-block-image size-large\"><img loading=\"lazy\" decoding=\"async\" width=\"1024\" height=\"518\" src=\"https:\/\/rakosliget.hu\/wordpress\/wp-content\/uploads\/2024\/12\/Goblein-1024x518.jpg\" alt=\"\" class=\"wp-image-13365\" srcset=\"https:\/\/rakosliget.hu\/wordpress\/wp-content\/uploads\/2024\/12\/Goblein-1024x518.jpg 1024w, https:\/\/rakosliget.hu\/wordpress\/wp-content\/uploads\/2024\/12\/Goblein-300x152.jpg 300w, https:\/\/rakosliget.hu\/wordpress\/wp-content\/uploads\/2024\/12\/Goblein-768x388.jpg 768w, https:\/\/rakosliget.hu\/wordpress\/wp-content\/uploads\/2024\/12\/Goblein-1536x776.jpg 1536w, https:\/\/rakosliget.hu\/wordpress\/wp-content\/uploads\/2024\/12\/Goblein-2048x1035.jpg 2048w\" sizes=\"auto, (max-width: 1024px) 100vw, 1024px\" \/><\/figure>\n\n\n\n<h2 class=\"wp-block-heading\">J\u00falius &#8211; augusztus<\/h2>\n\n\n\n<figure class=\"wp-block-image size-large\"><img loading=\"lazy\" decoding=\"async\" width=\"725\" height=\"1024\" src=\"https:\/\/rakosliget.hu\/wordpress\/wp-content\/uploads\/2024\/12\/Majalis-3-725x1024.jpg\" alt=\"\" class=\"wp-image-13367\" srcset=\"https:\/\/rakosliget.hu\/wordpress\/wp-content\/uploads\/2024\/12\/Majalis-3-725x1024.jpg 725w, https:\/\/rakosliget.hu\/wordpress\/wp-content\/uploads\/2024\/12\/Majalis-3-212x300.jpg 212w, https:\/\/rakosliget.hu\/wordpress\/wp-content\/uploads\/2024\/12\/Majalis-3-768x1085.jpg 768w, https:\/\/rakosliget.hu\/wordpress\/wp-content\/uploads\/2024\/12\/Majalis-3-1087x1536.jpg 1087w, https:\/\/rakosliget.hu\/wordpress\/wp-content\/uploads\/2024\/12\/Majalis-3.jpg 1189w\" sizes=\"auto, (max-width: 725px) 100vw, 725px\" \/><\/figure>\n\n\n\n<h2 class=\"wp-block-heading\">Szeptember<\/h2>\n\n\n\n<figure class=\"wp-block-image size-large\"><img loading=\"lazy\" decoding=\"async\" width=\"747\" height=\"1024\" src=\"https:\/\/rakosliget.hu\/wordpress\/wp-content\/uploads\/2024\/12\/Vasut-747x1024.jpg\" alt=\"\" class=\"wp-image-13368\" srcset=\"https:\/\/rakosliget.hu\/wordpress\/wp-content\/uploads\/2024\/12\/Vasut-747x1024.jpg 747w, https:\/\/rakosliget.hu\/wordpress\/wp-content\/uploads\/2024\/12\/Vasut-219x300.jpg 219w, https:\/\/rakosliget.hu\/wordpress\/wp-content\/uploads\/2024\/12\/Vasut-768x1053.jpg 768w, https:\/\/rakosliget.hu\/wordpress\/wp-content\/uploads\/2024\/12\/Vasut-1121x1536.jpg 1121w, https:\/\/rakosliget.hu\/wordpress\/wp-content\/uploads\/2024\/12\/Vasut-1494x2048.jpg 1494w, https:\/\/rakosliget.hu\/wordpress\/wp-content\/uploads\/2024\/12\/Vasut-scaled.jpg 1868w\" sizes=\"auto, (max-width: 747px) 100vw, 747px\" \/><\/figure>\n\n\n\n<h2 class=\"wp-block-heading\">Okt\u00f3ber<\/h2>\n\n\n\n<figure class=\"wp-block-image size-large\"><img loading=\"lazy\" decoding=\"async\" width=\"732\" height=\"1024\" src=\"https:\/\/rakosliget.hu\/wordpress\/wp-content\/uploads\/2024\/12\/Rakosliget-dij-732x1024.jpg\" alt=\"\" class=\"wp-image-13370\" srcset=\"https:\/\/rakosliget.hu\/wordpress\/wp-content\/uploads\/2024\/12\/Rakosliget-dij-732x1024.jpg 732w, https:\/\/rakosliget.hu\/wordpress\/wp-content\/uploads\/2024\/12\/Rakosliget-dij-214x300.jpg 214w, https:\/\/rakosliget.hu\/wordpress\/wp-content\/uploads\/2024\/12\/Rakosliget-dij-768x1074.jpg 768w, https:\/\/rakosliget.hu\/wordpress\/wp-content\/uploads\/2024\/12\/Rakosliget-dij-1098x1536.jpg 1098w, https:\/\/rakosliget.hu\/wordpress\/wp-content\/uploads\/2024\/12\/Rakosliget-dij-1464x2048.jpg 1464w, https:\/\/rakosliget.hu\/wordpress\/wp-content\/uploads\/2024\/12\/Rakosliget-dij-scaled.jpg 1830w\" sizes=\"auto, (max-width: 732px) 100vw, 732px\" \/><\/figure>\n\n\n\n<figure class=\"wp-block-image size-full\"><img loading=\"lazy\" decoding=\"async\" width=\"799\" height=\"354\" src=\"https:\/\/rakosliget.hu\/wordpress\/wp-content\/uploads\/2024\/12\/lampa.jpg\" alt=\"\" class=\"wp-image-13371\" srcset=\"https:\/\/rakosliget.hu\/wordpress\/wp-content\/uploads\/2024\/12\/lampa.jpg 799w, https:\/\/rakosliget.hu\/wordpress\/wp-content\/uploads\/2024\/12\/lampa-300x133.jpg 300w, https:\/\/rakosliget.hu\/wordpress\/wp-content\/uploads\/2024\/12\/lampa-768x340.jpg 768w\" sizes=\"auto, (max-width: 799px) 100vw, 799px\" \/><\/figure>\n\n\n\n<figure class=\"wp-block-image size-large\"><img loading=\"lazy\" decoding=\"async\" width=\"406\" height=\"1024\" src=\"https:\/\/rakosliget.hu\/wordpress\/wp-content\/uploads\/2024\/12\/Ut4-406x1024.jpg\" alt=\"\" class=\"wp-image-13372\" srcset=\"https:\/\/rakosliget.hu\/wordpress\/wp-content\/uploads\/2024\/12\/Ut4-406x1024.jpg 406w, https:\/\/rakosliget.hu\/wordpress\/wp-content\/uploads\/2024\/12\/Ut4-119x300.jpg 119w, https:\/\/rakosliget.hu\/wordpress\/wp-content\/uploads\/2024\/12\/Ut4-609x1536.jpg 609w, https:\/\/rakosliget.hu\/wordpress\/wp-content\/uploads\/2024\/12\/Ut4.jpg 736w\" sizes=\"auto, (max-width: 406px) 100vw, 406px\" \/><\/figure>\n\n\n\n<figure class=\"wp-block-image size-large\"><img loading=\"lazy\" decoding=\"async\" width=\"1024\" height=\"832\" src=\"https:\/\/rakosliget.hu\/wordpress\/wp-content\/uploads\/2024\/12\/Kozlekedes-1-1024x832.jpg\" alt=\"\" class=\"wp-image-13374\" srcset=\"https:\/\/rakosliget.hu\/wordpress\/wp-content\/uploads\/2024\/12\/Kozlekedes-1-1024x832.jpg 1024w, https:\/\/rakosliget.hu\/wordpress\/wp-content\/uploads\/2024\/12\/Kozlekedes-1-300x244.jpg 300w, https:\/\/rakosliget.hu\/wordpress\/wp-content\/uploads\/2024\/12\/Kozlekedes-1-768x624.jpg 768w, https:\/\/rakosliget.hu\/wordpress\/wp-content\/uploads\/2024\/12\/Kozlekedes-1-1536x1249.jpg 1536w, https:\/\/rakosliget.hu\/wordpress\/wp-content\/uploads\/2024\/12\/Kozlekedes-1-2048x1665.jpg 2048w\" sizes=\"auto, (max-width: 1024px) 100vw, 1024px\" \/><\/figure>\n\n\n\n<h2 class=\"wp-block-heading\">November<\/h2>\n\n\n\n<figure class=\"wp-block-image size-large\"><img loading=\"lazy\" decoding=\"async\" width=\"1024\" height=\"603\" src=\"https:\/\/rakosliget.hu\/wordpress\/wp-content\/uploads\/2024\/12\/Kepviselotestulet-1024x603.jpg\" alt=\"\" class=\"wp-image-13376\" srcset=\"https:\/\/rakosliget.hu\/wordpress\/wp-content\/uploads\/2024\/12\/Kepviselotestulet-1024x603.jpg 1024w, https:\/\/rakosliget.hu\/wordpress\/wp-content\/uploads\/2024\/12\/Kepviselotestulet-300x177.jpg 300w, https:\/\/rakosliget.hu\/wordpress\/wp-content\/uploads\/2024\/12\/Kepviselotestulet-768x452.jpg 768w, https:\/\/rakosliget.hu\/wordpress\/wp-content\/uploads\/2024\/12\/Kepviselotestulet.jpg 1524w\" sizes=\"auto, (max-width: 1024px) 100vw, 1024px\" \/><\/figure>\n\n\n\n<figure class=\"wp-block-image size-large\"><img loading=\"lazy\" decoding=\"async\" width=\"276\" height=\"1024\" src=\"https:\/\/rakosliget.hu\/wordpress\/wp-content\/uploads\/2024\/12\/Gregorhalala-276x1024.jpg\" alt=\"\" class=\"wp-image-13377\" srcset=\"https:\/\/rakosliget.hu\/wordpress\/wp-content\/uploads\/2024\/12\/Gregorhalala-276x1024.jpg 276w, https:\/\/rakosliget.hu\/wordpress\/wp-content\/uploads\/2024\/12\/Gregorhalala-81x300.jpg 81w\" sizes=\"auto, (max-width: 276px) 100vw, 276px\" \/><\/figure>\n\n\n\n<figure class=\"wp-block-image size-full\"><img loading=\"lazy\" decoding=\"async\" width=\"768\" height=\"827\" src=\"https:\/\/rakosliget.hu\/wordpress\/wp-content\/uploads\/2024\/12\/56.jpg\" alt=\"\" class=\"wp-image-13378\" srcset=\"https:\/\/rakosliget.hu\/wordpress\/wp-content\/uploads\/2024\/12\/56.jpg 768w, https:\/\/rakosliget.hu\/wordpress\/wp-content\/uploads\/2024\/12\/56-279x300.jpg 279w\" sizes=\"auto, (max-width: 768px) 100vw, 768px\" \/><\/figure>\n\n\n\n<h2 class=\"wp-block-heading\">December<\/h2>\n\n\n\n<figure class=\"wp-block-image size-large\"><img loading=\"lazy\" decoding=\"async\" width=\"720\" height=\"1024\" src=\"https:\/\/rakosliget.hu\/wordpress\/wp-content\/uploads\/2024\/12\/VEKE-720x1024.jpg\" alt=\"\" class=\"wp-image-13380\" srcset=\"https:\/\/rakosliget.hu\/wordpress\/wp-content\/uploads\/2024\/12\/VEKE-720x1024.jpg 720w, https:\/\/rakosliget.hu\/wordpress\/wp-content\/uploads\/2024\/12\/VEKE-211x300.jpg 211w, https:\/\/rakosliget.hu\/wordpress\/wp-content\/uploads\/2024\/12\/VEKE-768x1093.jpg 768w, https:\/\/rakosliget.hu\/wordpress\/wp-content\/uploads\/2024\/12\/VEKE-1079x1536.jpg 1079w, https:\/\/rakosliget.hu\/wordpress\/wp-content\/uploads\/2024\/12\/VEKE-1439x2048.jpg 1439w, https:\/\/rakosliget.hu\/wordpress\/wp-content\/uploads\/2024\/12\/VEKE-scaled.jpg 1799w\" sizes=\"auto, (max-width: 720px) 100vw, 720px\" \/><\/figure>\n\n\n\n<p><\/p>\n\n\n\n<p><\/p>\n","protected":false},"excerpt":{"rendered":"<p>Janu\u00e1r Febru\u00e1r \u00c1prilis M\u00e1jus J\u00fanius J\u00falius &#8211; augusztus Szeptember Okt\u00f3ber November December<\/p>\n","protected":false},"author":1,"featured_media":0,"parent":0,"menu_order":0,"comment_status":"closed","ping_status":"closed","template":"","meta":{"footnotes":""},"class_list":["post-13340","page","type-page","status-publish","hentry"],"_links":{"self":[{"href":"https:\/\/rakosliget.hu\/wordpress\/index.php\/wp-json\/wp\/v2\/pages\/13340","targetHints":{"allow":["GET"]}}],"collection":[{"href":"https:\/\/rakosliget.hu\/wordpress\/index.php\/wp-json\/wp\/v2\/pages"}],"about":[{"href":"https:\/\/rakosliget.hu\/wordpress\/index.php\/wp-json\/wp\/v2\/types\/page"}],"author":[{"embeddable":true,"href":"https:\/\/rakosliget.hu\/wordpress\/index.php\/wp-json\/wp\/v2\/users\/1"}],"replies":[{"embeddable":true,"href":"https:\/\/rakosliget.hu\/wordpress\/index.php\/wp-json\/wp\/v2\/comments?post=13340"}],"version-history":[{"count":24,"href":"https:\/\/rakosliget.hu\/wordpress\/index.php\/wp-json\/wp\/v2\/pages\/13340\/revisions"}],"predecessor-version":[{"id":13392,"href":"https:\/\/rakosliget.hu\/wordpress\/index.php\/wp-json\/wp\/v2\/pages\/13340\/revisions\/13392"}],"wp:attachment":[{"href":"https:\/\/rakosliget.hu\/wordpress\/index.php\/wp-json\/wp\/v2\/media?parent=13340"}],"curies":[{"name":"wp","href":"https:\/\/api.w.org\/{rel}","templated":true}]}}