{"id":1297,"date":"2018-03-29T03:55:34","date_gmt":"2018-03-29T02:55:34","guid":{"rendered":"http:\/\/rakosliget.hu\/wordpress\/?page_id=1297"},"modified":"2026-03-29T17:43:30","modified_gmt":"2026-03-29T16:43:30","slug":"kurschner-jakab","status":"publish","type":"page","link":"https:\/\/rakosliget.hu\/wordpress\/index.php\/kurschner-jakab\/","title":{"rendered":"K\u00fcrschner Jakab"},"content":{"rendered":"\n<p><em>Az oldal friss\u00edtve: 2020. 12. 09.<\/em><\/p>\n\n\n\n<p>&nbsp;1852. m\u00e1rcius 27-\u00e9n sz\u00fcletett a Somogy megyei Mosd\u00f3s k\u00f6zs\u00e9gben \u2014 \u00e9s 77 \u00e9ves kor\u00e1ban halt meg R\u00e1kosligeten \u2014 K\u00fcrschner Jakab, a Magyarorsz\u00e1gi \u00c1ltal\u00e1nos Munk\u00e1sp\u00e1rt egyik vezet\u0151je, a munk\u00e1sbiztos\u00edt\u00e1s szervez\u0151je.<br>A fiatal baranyai szab\u00f3seg\u00e9d 17 esztend\u0151s kor\u00e1ban P\u00e9csett l\u00e9pett a szervezett munk\u00e1sok k\u00f6z\u00e9, s mint a P\u00e9csi Munk\u00e1sk\u00e9pz\u0151 Egylet v\u00e1lasztm\u00e1nyi tagja, a k\u00f6rny\u00e9k b\u00e1nyamunk\u00e1sait szervezte. Csakhamar a f\u0151v\u00e1rosba k\u00f6lt\u00f6z\u00f6tt, s a munk\u00e1ss\u00e1g els\u0151 szoci\u00e1lis int\u00e9zm\u00e9ny\u00e9nek, a Betegp\u00e9nzt\u00e1rnak a szolg\u00e1lat\u00e1ba l\u00e9pett. Kor\u00e1n kit\u0171nt logikus \u00e9rvel\u00e9s\u0171, magyar \u00e9s n\u00e9met nyelven egyar\u00e1nt hat\u00e1sos sz\u00f3noklataival, kiv\u00e1l\u00f3 szervez\u0151- k\u00e9szs\u00e9g\u00e9vel. j\u00f3 taktikai \u00e9rz\u00e9k\u00e9vel. Frankel Le\u00f3 mellett vett r\u00e9szt a politikai k\u00fczdelmekben. Hossz\u00fa \u00e9veken \u00e1t szerkesztette a N\u00e9pszav\u00e1t s 1886-t\u00f3l a Budapesti Munk\u00e1skor eln\u00f6ke volt. Jelent\u0151s r\u00e9szt v\u00e1llalt a szoci\u00e1ldemokrata p\u00e1rt els\u0151 kongresszus\u00e1nak el\u0151k\u00e9sz\u00edt\u00e9s\u00e9b\u0151l is.<br>A szocializmus eszm\u00e9je ir\u00e1nti h\u0171s\u00e9get bizony\u00edtja, hogy id\u0151s kora ellen\u00e9re k\u00f6z\u00f6ss\u00e9get v\u00e1llalt a Tan\u00e1csk\u00f6zt\u00e1rsas\u00e1ggal; a r\u00e1kosligeti munk\u00e1stan\u00e1cs eln\u00f6ke volt. <a href=\"http:\/\/rakosliget.hu\/wordpress\/index.php\/a-tanacskoztarsasag-utani-perek-rakosligeti-vadlottjai\/\">Az Horthy rendszer gyors\u00edtott b\u00edr\u00f3s\u00e1ga ez\u00e9rt 1920-ban h\u00e9t h\u00f3napi b\u00f6rt\u00f6nre \u00edt\u00e9lte.<\/a><\/p>\n\n\n\n<div class=\"wp-block-media-text alignwide is-stacked-on-mobile\"><figure class=\"wp-block-media-text__media\"><a href=\"http:\/\/rakosliget.hu\/wordpress\/wp-content\/uploads\/2020\/12\/nepszava-1883-02-11-scaled.jpg\"><img loading=\"lazy\" decoding=\"async\" width=\"499\" height=\"1024\" src=\"http:\/\/rakosliget.hu\/wordpress\/wp-content\/uploads\/2020\/12\/nepszava-1883-02-11-499x1024.jpg\" alt=\"\" class=\"wp-image-8667 size-full\" srcset=\"https:\/\/rakosliget.hu\/wordpress\/wp-content\/uploads\/2020\/12\/nepszava-1883-02-11-499x1024.jpg 499w, https:\/\/rakosliget.hu\/wordpress\/wp-content\/uploads\/2020\/12\/nepszava-1883-02-11-146x300.jpg 146w, https:\/\/rakosliget.hu\/wordpress\/wp-content\/uploads\/2020\/12\/nepszava-1883-02-11-768x1575.jpg 768w, https:\/\/rakosliget.hu\/wordpress\/wp-content\/uploads\/2020\/12\/nepszava-1883-02-11-749x1536.jpg 749w, https:\/\/rakosliget.hu\/wordpress\/wp-content\/uploads\/2020\/12\/nepszava-1883-02-11-999x2048.jpg 999w, https:\/\/rakosliget.hu\/wordpress\/wp-content\/uploads\/2020\/12\/nepszava-1883-02-11-scaled.jpg 1248w\" sizes=\"auto, (max-width: 499px) 100vw, 499px\" \/><\/a><\/figure><div class=\"wp-block-media-text__content\">\n<p><a href=\"http:\/\/rakosliget.hu\/wordpress\/index.php\/nepszava\">N\u00c9PSZAVA<\/a> <strong>1883. febru\u00e1r 11.<\/strong><\/p>\n<\/div><\/div>\n\n\n\n<div class=\"wp-block-media-text alignwide is-stacked-on-mobile\"><figure class=\"wp-block-media-text__media\"><a href=\"http:\/\/rakosliget.hu\/wordpress\/wp-content\/uploads\/2020\/12\/nepszava-1883-02-11_2.jpg\"><img loading=\"lazy\" decoding=\"async\" width=\"650\" height=\"1024\" src=\"http:\/\/rakosliget.hu\/wordpress\/wp-content\/uploads\/2020\/12\/nepszava-1883-02-11_2-650x1024.jpg\" alt=\"\" class=\"wp-image-8668 size-full\" srcset=\"https:\/\/rakosliget.hu\/wordpress\/wp-content\/uploads\/2020\/12\/nepszava-1883-02-11_2-650x1024.jpg 650w, https:\/\/rakosliget.hu\/wordpress\/wp-content\/uploads\/2020\/12\/nepszava-1883-02-11_2-190x300.jpg 190w, https:\/\/rakosliget.hu\/wordpress\/wp-content\/uploads\/2020\/12\/nepszava-1883-02-11_2-768x1210.jpg 768w, https:\/\/rakosliget.hu\/wordpress\/wp-content\/uploads\/2020\/12\/nepszava-1883-02-11_2-975x1536.jpg 975w, https:\/\/rakosliget.hu\/wordpress\/wp-content\/uploads\/2020\/12\/nepszava-1883-02-11_2.jpg 1240w\" sizes=\"auto, (max-width: 650px) 100vw, 650px\" \/><\/a><\/figure><div class=\"wp-block-media-text__content\">\n<p><a href=\"http:\/\/rakosliget.hu\/wordpress\/index.php\/nepszava\">N\u00c9PSZAVA<\/a> <strong>1883. febru\u00e1r 11.<\/strong><\/p>\n<\/div><\/div>\n\n\n\n<p>1911 &#8211; 1913 k\u00f6z\u00f6tt a r\u00e1kosligeti <a href=\"http:\/\/rakosliget.hu\/wordpress\/index.php\/rakosliget-kozsegi-polgari-iskola\/\">polg\u00e1ri iskola<\/a>, iskolasz\u00e9ki eln\u00f6ke.<\/p>\n\n\n\n<p>A v\u00e1ci b\u00f6rt\u00f6nbe 1919. november 24-\u00e9n du. 5 \u00f3rakor \u00e9rkezett  K\u00fcrschner Jakab, 67 \u00e9ves, r\u00e1kosligeti lakos.<\/p>\n\n\n\n<figure class=\"wp-block-image size-large\"><a href=\"http:\/\/rakosliget.hu\/wordpress\/wp-content\/uploads\/2020\/11\/1920-november-6-Kurschner-Jakab.jpg\"><img loading=\"lazy\" decoding=\"async\" width=\"773\" height=\"531\" src=\"http:\/\/rakosliget.hu\/wordpress\/wp-content\/uploads\/2020\/11\/1920-november-6-Kurschner-Jakab.jpg\" alt=\"\" class=\"wp-image-6888\" srcset=\"https:\/\/rakosliget.hu\/wordpress\/wp-content\/uploads\/2020\/11\/1920-november-6-Kurschner-Jakab.jpg 773w, https:\/\/rakosliget.hu\/wordpress\/wp-content\/uploads\/2020\/11\/1920-november-6-Kurschner-Jakab-300x206.jpg 300w, https:\/\/rakosliget.hu\/wordpress\/wp-content\/uploads\/2020\/11\/1920-november-6-Kurschner-Jakab-768x528.jpg 768w\" sizes=\"auto, (max-width: 773px) 100vw, 773px\" \/><\/a><figcaption class=\"wp-element-caption\">1920. okt\u00f3ber 14. El\u0151re <\/figcaption><\/figure>\n\n\n\n<p><br><\/p>\n\n\n\n<figure class=\"wp-block-image size-large\"><img loading=\"lazy\" decoding=\"async\" width=\"1024\" height=\"83\" src=\"http:\/\/rakosliget.hu\/wordpress\/wp-content\/uploads\/2020\/12\/Kepes-vilag-cimlap-1024x83.jpg\" alt=\"\" class=\"wp-image-8675\" srcset=\"https:\/\/rakosliget.hu\/wordpress\/wp-content\/uploads\/2020\/12\/Kepes-vilag-cimlap-1024x83.jpg 1024w, https:\/\/rakosliget.hu\/wordpress\/wp-content\/uploads\/2020\/12\/Kepes-vilag-cimlap-300x24.jpg 300w, https:\/\/rakosliget.hu\/wordpress\/wp-content\/uploads\/2020\/12\/Kepes-vilag-cimlap-768x63.jpg 768w, https:\/\/rakosliget.hu\/wordpress\/wp-content\/uploads\/2020\/12\/Kepes-vilag-cimlap-1536x125.jpg 1536w, https:\/\/rakosliget.hu\/wordpress\/wp-content\/uploads\/2020\/12\/Kepes-vilag-cimlap.jpg 1595w\" sizes=\"auto, (max-width: 1024px) 100vw, 1024px\" \/><\/figure>\n\n\n\n<div class=\"wp-block-media-text alignwide is-stacked-on-mobile\"><figure class=\"wp-block-media-text__media\"><a href=\"http:\/\/rakosliget.hu\/wordpress\/wp-content\/uploads\/2020\/12\/kepes-vilag.jpg\"><img loading=\"lazy\" decoding=\"async\" width=\"682\" height=\"1024\" src=\"http:\/\/rakosliget.hu\/wordpress\/wp-content\/uploads\/2020\/12\/kepes-vilag-682x1024.jpg\" alt=\"\" class=\"wp-image-8674 size-full\" srcset=\"https:\/\/rakosliget.hu\/wordpress\/wp-content\/uploads\/2020\/12\/kepes-vilag-682x1024.jpg 682w, https:\/\/rakosliget.hu\/wordpress\/wp-content\/uploads\/2020\/12\/kepes-vilag-200x300.jpg 200w, https:\/\/rakosliget.hu\/wordpress\/wp-content\/uploads\/2020\/12\/kepes-vilag-768x1154.jpg 768w, https:\/\/rakosliget.hu\/wordpress\/wp-content\/uploads\/2020\/12\/kepes-vilag-1022x1536.jpg 1022w, https:\/\/rakosliget.hu\/wordpress\/wp-content\/uploads\/2020\/12\/kepes-vilag.jpg 1182w\" sizes=\"auto, (max-width: 682px) 100vw, 682px\" \/><\/a><\/figure><div class=\"wp-block-media-text__content\">\n<p><strong>1929. okt\u00f3ber 27.<\/strong> K\u00fcrschner Jakab nekrol\u00f3g.<\/p>\n<\/div><\/div>\n\n\n\n<p>A korai szocialista mozgalom egyik lelkes szervez\u0151je, K\u00fcrschner Jakab, aki m\u00e1r 1890-ben az MSZDP vezet\u0151 tagjak\u00e9nt tev\u00e9kenykedett, a N\u00e9pszava szerkeszt\u0151s\u00e9gi tagja \u00e9s az els\u0151 enged\u00e9lyezett m\u00e1jus elsej\u00e9nek egyik sz\u00f3noka volt a V\u00e1rosligetben. \u00d6 volt tov\u00e1bb\u00e1 a Betegseg\u00e9lyez\u0151 P\u00e9nzt\u00e1r aligazgat\u00f3ja, 1919-ben pedig a r\u00e1kosligeti direkt\u00f3rium tagja, a K\u00f6zs\u00e9gtan\u00e1cs eln\u00f6ke lett, ami\u00e9rt a komm\u00fcn lever\u00e9se ut\u00e1n 7 h\u00f3inapi fegyh\u00e1zra \u00edt\u00e9lt\u00e9k.<\/p>\n\n\n\n<p><em>Forr\u00e1s: Honismeret 1980. 42. oldal<\/em><\/p>\n\n\n\n<p>A N\u00e9pszava nekrol\u00f3gja: 1929. okt\u00f3ber 1.<\/p>\n\n\n\n<p>K\u00fcrschner Jakab B\u00e9la elvt\u00e1rs temet\u00e9se. <\/p>\n\n\n\n<p>A N\u00e9vsza vavas\u00e1rnapi sz\u00e1m\u00e1ban m\u00e1r h\u00edrt adtunk arr\u00f3l, hogy K\u00fcrschner Jakab B\u00e9la elvt\u00e1rs szeptember28-\u00e1n v\u00e1ratlanul elhunyt. A temet\u00e9s h\u00e9tf\u0151n d\u00e9lut\u00e1n14 \u00f3rakor volt R\u00e1kosligeten, az elvt\u00e1rsak \u00e9s bar\u00e1tok nagy r\u00e9szv\u00e9tele mellett, akik elzar\u00e1ndokoltak a ravatalhoz, hogy a magyar munk\u00e1smozgalom egyik jelent\u00e9keny el\u0151harcosa ir\u00e1nt ler\u00f3j\u00e1k a kegyelet ad\u00f3j\u00e1t. Az elhunyt kort\u00e1rsai \u00fagysz\u00f3lv\u00e1n valamennyien megjelentek \u00e9s k\u00f6nynyezve \u00e1llt\u00e1k k\u00f6r\u00fcl a kopors\u00f3t, de nagyon sokan elj\u00f6ttek az ifjabb gener\u00e1ci\u00f3 tagjai k\u00f6z\u00fcl is, akik csak hirb\u0151l ismerik ugyan az elhunyt munk\u00e1lkod\u00e1s\u00e1t \u00e9s hervadhatatlan \u00e9rdemeit, de elj\u00f6ttek, hogy tisztelegjenek a nagy halott kopors\u00f3ja el\u0151tt. A p\u00e9nzt\u00e1ri tisztvisel\u0151k k\u00f6z\u00fcl is \u2014term\u00e9szetesen a r\u00e9giek k\u00f6z\u00fcl \u2014nagyon sokan megjelentek \u00e9s k\u00e9pviseltette mag\u00e1t az Orsz\u00e1gos T\u00e1rsadalombiztos\u00edt\u00f3 Int\u00e9zet is Meilinger B\u00e9la aligazgat\u00f3val. Az egyh\u00e1zi szertart\u00e1s ut\u00e1n a b\u0151ripari \u00e9s \u00e9lelmez\u00e9si munk\u00e1sok dal\u00e1rd\u00e1j\u00e1nak tagjai \u00e9nekelt\u00e9k el a \u201eM\u00e9rt oly bor\u00fas?&#8221;c\u00edm\u0171 gy\u00e1szdalt, majd Propper S\u00e1ndor elvt\u00e1rs mondott b\u00facs\u00faztat\u00f3 besz\u00e9det.A magyar szoci\u00e1ldemokrata munk\u00e1smozgalom \u00e9s a magyar munk\u00e1sbiztos\u00edt\u00e1s nesztor\u00e1nak \u00e9s R\u00e1kosliget nagyk\u00f6zs\u00e9g egyik megalap\u00edt\u00f3j\u00e1nak ravatala k\u00f6r\u00fcl \u00e1llunk, hogy b\u00facs\u00fat vegy\u00fcnk T\u0151le, aki egy p\u00e9ld\u00e1tlanul k\u00fczdelmes, de sz\u00e9p \u00e9s \u00e9rt\u00e9kes, p\u00e9ldaad\u00f3 \u00e9let ut\u00e1n most megpihent. Ismerj\u00fck \u00e9s ismert\u00fck \u0151t, ismerj\u00fck munk\u00e1lkod\u00e1s\u00e1t, tudjuk, hogy m\u00e1r 20 \u00e9ves kor\u00e1ban a legels\u0151k k\u00f6z\u00f6tt volt, aki a magyar munk\u00e1smozgalom alapjait lerakta. Rendk\u00edv\u00fcl neh\u00e9z helyzetben kezdte el a nagy \u00e9p\u00edt\u0151munk\u00e1t. Az eur\u00f3pai reakci\u00f3k gy\u0171l\u00f6lk\u00f6d\u0151 \u00e9s \u00fcld\u00f6z\u0151 vihar\u00e1val tal\u00e1lta mag\u00e1t szemk\u00f6zt. Fesz\u00edtsd meg! \u2014 ki\u00e1ltott\u00e1k fel\u00e9je a megriadt ellenfelek \u00e9s megk\u00eds\u00e9relt\u00e9k \u0151t megfesz\u00edteni, hogy rajta kereszt\u00fcl a munk\u00e1smozgalmat d\u00f6fj\u00e9k le s a szocializmust gy\u00f6ng\u00edts\u00e9k. \u2014 \u00dcld\u00f6zt\u00e9k. H\u0171tlens\u00e9g c\u00edm\u00e9n p\u00f6rbefogt\u00e1k, pedig nem akart egyebet, mint a munk\u00e1soszt\u00e1ly f\u00f6lszabadul\u00e1s\u00e1t el\u0151k\u00e9sz\u00edteni. Az \u00fcld\u00f6z\u00e9s nem szegte kedv\u00e9t, dolgozott tov\u00e1bb, \u00e9p\u00edtette az utat, hordta a k\u00f6vet az \u00faj nagy toronyhoz, amelyb\u0151l a szocializmus harangszava h\u00edvja az emberis\u00e9get a f\u00f6lszabad\u00edt\u00f3 harcra. Dolgozott politikai \u00e9s gazdas\u00e1gi t\u00e9ren. Volt a N\u00e9pszava szerkeszt\u0151je, szerkeszti \u00e9s \u00edrja a lapot, de ha sz\u00fcks\u00e9g van r\u00e1, hajtja annak a g\u00e9pnek a kerek\u00e9t, amelyen aN\u00e9pszav\u00e1t nyomj\u00e1k s ha nem volt p\u00e9nz nyomdasz\u00e1ml\u00e1ra, z\u00e1logba tette a t\u00e9likab\u00e1tj\u00e1t \u00e9s boldogan vitte h\u00f3na alatt a friss szocialista sajt\u00f3term\u00e9ket. K\u00e9s\u0151bb a szoci\u00e1lpolitika fel\u00e9 ir\u00e1nyul a figyelme. A magyar munk\u00e1sbiztos\u00edt\u00e1s egyik kezdem\u00e9nyez\u0151je \u00e9s az Orsz\u00e1gos T\u00e1rsadalombiztos\u00edt\u00f3 Int\u00e9zet b\u00fcszk\u00e9n hivalkod\u00f3 \u00e9p\u00fclet\u00e9nek els\u0151 k\u00f6v\u00e9t \u0151 fektette le. Amid\u0151n f\u00f6lbonthatatlan sz\u00f6vets\u00e9get k\u00f6t\u00f6tt a szoci\u00e1lpolitik\u00e1val, elvonult a napi politik\u00e1t\u00f3l \u00e9s csak a szoci\u00e1lpolitik\u00e1nak \u00e9lt. Nem volt aut\u00f3ja, sem c\u00edme, sem rangja, nem volt kegyelmes \u00far, sem m\u00e9lt\u00f3s\u00e1gos, nem is ig\u00e9nyelt ilyesmit, de volt nagy meleg sz\u00edve, j\u00f3s\u00e1gos lelke \u00e9s \u00e9rz\u00e9ke a beteg munk\u00e1sok ir\u00e1nt. Azt akarta, hogy a munk\u00e1s, ha kiesik kez\u00e9b\u0151l a teremt\u0151 szersz\u00e1m, ne legyen k\u00e9nytelen seg\u00edt\u00e9s n\u00e9lk\u00fcl elpusztulni&#8230; \u2014 Purit\u00e1n volt \u00e9s purit\u00e1n l\u00e9gk\u00f6rt teremtett maga k\u00f6r\u00fcl. Mindent a beteg munk\u00e1snak! \u2014 ez volt az \u0151 szoci\u00e1lpolitikai munk\u00e1j\u00e1nak az alapelve. Legend\u00e1kat k\u00f6lt\u00f6ttek hivatali takar\u00e9koss\u00e1g\u00e1r\u00f3l \u00e9s \u0151 val\u00f3ban takar\u00e9kos volt a sz\u00f3 nemes \u00e9rtelm\u00e9ben, hogy min\u00e9l t\u00f6bb jusson a beteg munk\u00e1snak. Amikor \u0151 ir\u00e1ny\u00edtotta a munk\u00e1sbiztos\u00edt\u00e1st, volt is k\u00f6lcs\u00f6n\u00f6s szeretet, nagy meg\u00e9rt\u00e9s \u00e9s bizalom az int\u00e9zm\u00e9ny ir\u00e1nt. Sok csal\u00e1di csap\u00e1s is \u00e9rte, de ez sem cs\u00fcggesztette el. Dacosan kitartott \u00e9s a munk\u00e1ban keresett vigaszt. Boldogg\u00e1 tette, hogy l\u00e1thatta a szoci\u00e1lpolitika vir\u00e1gz\u00e1s\u00e1t \u00e9s a szocializmus el\u0151ret\u00f6r\u00e9s\u00e9t. A m\u00e9lys\u00e9gek nem riasztott\u00e1k meg, nem ijedt meg a neh\u00e9zs\u00e9gekt\u0151l \u00e9s a magass\u00e1gok nem k\u00e1pr\u00e1ztatt\u00e1k el: nagy t\u00f6rt\u00e9nelmi id\u0151kben is egyszer\u0171 munk\u00e1ja maradt a mozgalomnak. A forradalmak alatt is a munk\u00e1sbiztos\u00edt\u00e1s katon\u00e1ja volt, nem v\u00e1llalt politikai szerepet, noha m\u00f3dja volt hozz\u00e1. Az \u00f6sszeoml\u00e1s ut\u00e1n m\u00e9gis \u00fcld\u00f6z\u0151be vett\u00e9k. Hetven\u00e9ves korban \u00fajra a b\u00f6rt\u00f6n lak\u00f3ja lett, pedig nem tett egyebet, csak egy k\u00e1rtyaband\u00e1t ugrasztott sz\u00e9jjel \u00e9s szer\u00e9nyen m\u00e9ltatta, m\u00e1jus elsej\u00e9nek jelent\u0151s\u00e9g\u00e9t. Zoksz\u00f3 n\u00e9lk\u00fcl v\u00e1llalta az \u00faj k\u00e1lv\u00e1ri\u00e1t. \u00c1ll\u00e1s\u00e1b\u00f3l kidobt\u00e1k. Negyvenh\u00e9t \u00e9vi becs\u00fcletes szolg\u00e1lat ut\u00e1n mindent elvettek t\u0151le. \u00c9s \u0151 nem panaszkodott. K\u00fcrschner Jakab sohasem panaszkodott. \u0150sz fejjel, \u00f6reg l\u00e1bakkal \u00faj munkak\u00f6rt keresett s ott is szorgosan dolgozott. Egyetlen k\u00e9relme volt, amid\u0151n minden\u00e9t\u0151l megfosztott\u00e1k, hogy adjanak neki valamilyen szer\u00e9ny munkak\u00f6rt, amellyel h\u0171s\u00e9ges \u00e9lett\u00e1rs\u00e1nak kenyeret kereshessen. \u00c9s bej\u00e1rt Pestre, t\u00e9len \u00e9s ny\u00e1ron, szorgalmasan dolgozott \u00faj munkak\u00f6r\u00e9ben, most m\u00e1r a sz\u00f6vetkezeti mozgalom ter\u00e9n. Amikor kegyd\u00edj\u00e1r nagy harcok ut\u00e1n siker\u00fclt kiverekedni, szer\u00e9nyen megk\u00f6sz\u00f6nte az \u00faj szer\u00e9ny munkak\u00f6rt \u00e9s cs\u00f6ndesen f\u00e9lrevonult. \u00c9s amid\u0151n a szoci\u00e1ldemokrata p\u00e1rt, a Szakszervezeti Tan\u00e1cs \u00e9s az \u00c1ltal\u00e1nos Fogyaszt\u00e1si Sz\u00f6vetkezet igazgat\u00f3s\u00e1ga \u00e9s szem\u00e9lyzete nev\u00e9ben b\u00facs\u00fat vesz\u00fcnk t\u0151le, azt adjuk neki, ami szer\u00e9nynek l\u00e1tszik, ami azonban szocialista szemmel n\u00e9zve a legt\u00f6bb&#8230; f\u00f6lv\u00e1zoljuk a f\u00f3rumra \u00e9lete foly\u00e1s\u00e1t \u00e9s szil\u00e1rd jellem\u00e9nek rajz\u00e1t, okul\u00e1sul \u00e9s p\u00e9lda gyan\u00e1nt a j\u00f6v\u0151 gener\u00e1ci\u00f3nak&#8230; Az elvt\u00e1rsak \u00e9s bar\u00e1tok t\u00f6mege k\u00f6nnyezve hallgatta a b\u00facs\u00faztat\u00f3t, majd megindult a menet a temet\u0151 fel\u00e9. A sim\u00e1n az \u00c1ltal\u00e1nos Munk\u00e1sdal\u00e1rda m\u00e9g egy gy\u00e1szdalt \u00e9nekelt, azut\u00e1n elhantolt\u00e1k \u00f6reg harcos testv\u00e9r\u00fcnket, akinek friss s\u00edrj\u00e1t a munk\u00e1sint\u00e9zm\u00e9nyek pirosszalagos koszor\u00fai \u00e9s sok-sok piros vir\u00e1g d\u00edsz\u00edtette.<\/p>\n\n\n<div class=\"wp-block-image\">\n<figure class=\"aligncenter size-large\"><img loading=\"lazy\" decoding=\"async\" width=\"919\" height=\"4078\" src=\"https:\/\/rakosliget.hu\/wordpress\/wp-content\/uploads\/2026\/03\/Kurschner-temetese-919x4078.jpg\" alt=\"\" class=\"wp-image-23997\" srcset=\"https:\/\/rakosliget.hu\/wordpress\/wp-content\/uploads\/2026\/03\/Kurschner-temetese-919x4078.jpg 919w, https:\/\/rakosliget.hu\/wordpress\/wp-content\/uploads\/2026\/03\/Kurschner-temetese-768x3407.jpg 768w, https:\/\/rakosliget.hu\/wordpress\/wp-content\/uploads\/2026\/03\/Kurschner-temetese-346x1536.jpg 346w, https:\/\/rakosliget.hu\/wordpress\/wp-content\/uploads\/2026\/03\/Kurschner-temetese-scaled.jpg 577w\" sizes=\"auto, (max-width: 919px) 100vw, 919px\" \/><\/figure>\n<\/div>\n\n\n<div class=\"wp-block-buttons is-layout-flex wp-block-buttons-is-layout-flex\">\n<div class=\"wp-block-button\"><a class=\"wp-block-button__link wp-element-button\" href=\"https:\/\/rakosliget.hu\/wordpress\/index.php\/alapitok\/\">vissza az alap\u00edt\u00f3k lapra<\/a><\/div>\n<\/div>\n","protected":false},"excerpt":{"rendered":"<p>Az oldal friss\u00edtve: 2020. 12. 09. &nbsp;1852. m\u00e1rcius 27-\u00e9n sz\u00fcletett a Somogy megyei Mosd\u00f3s k\u00f6zs\u00e9gben \u2014 \u00e9s 77 \u00e9ves kor\u00e1ban halt meg R\u00e1kosligeten \u2014 K\u00fcrschner Jakab, a Magyarorsz\u00e1gi \u00c1ltal\u00e1nos Munk\u00e1sp\u00e1rt egyik vezet\u0151je, a munk\u00e1sbiztos\u00edt\u00e1s szervez\u0151je.A fiatal baranyai szab\u00f3seg\u00e9d 17 esztend\u0151s kor\u00e1ban P\u00e9csett l\u00e9pett a szervezett munk\u00e1sok k\u00f6z\u00e9, s mint a P\u00e9csi Munk\u00e1sk\u00e9pz\u0151 Egylet v\u00e1lasztm\u00e1nyi tagja, &hellip; <a href=\"https:\/\/rakosliget.hu\/wordpress\/index.php\/kurschner-jakab\/\" class=\"more-link\"><span class=\"screen-reader-text\">K\u00fcrschner Jakab<\/span> r\u00e9szletei&#8230;<\/a><\/p>\n","protected":false},"author":1,"featured_media":0,"parent":0,"menu_order":0,"comment_status":"closed","ping_status":"closed","template":"","meta":{"footnotes":""},"class_list":["post-1297","page","type-page","status-publish","hentry"],"_links":{"self":[{"href":"https:\/\/rakosliget.hu\/wordpress\/index.php\/wp-json\/wp\/v2\/pages\/1297","targetHints":{"allow":["GET"]}}],"collection":[{"href":"https:\/\/rakosliget.hu\/wordpress\/index.php\/wp-json\/wp\/v2\/pages"}],"about":[{"href":"https:\/\/rakosliget.hu\/wordpress\/index.php\/wp-json\/wp\/v2\/types\/page"}],"author":[{"embeddable":true,"href":"https:\/\/rakosliget.hu\/wordpress\/index.php\/wp-json\/wp\/v2\/users\/1"}],"replies":[{"embeddable":true,"href":"https:\/\/rakosliget.hu\/wordpress\/index.php\/wp-json\/wp\/v2\/comments?post=1297"}],"version-history":[{"count":15,"href":"https:\/\/rakosliget.hu\/wordpress\/index.php\/wp-json\/wp\/v2\/pages\/1297\/revisions"}],"predecessor-version":[{"id":24015,"href":"https:\/\/rakosliget.hu\/wordpress\/index.php\/wp-json\/wp\/v2\/pages\/1297\/revisions\/24015"}],"wp:attachment":[{"href":"https:\/\/rakosliget.hu\/wordpress\/index.php\/wp-json\/wp\/v2\/media?parent=1297"}],"curies":[{"name":"wp","href":"https:\/\/api.w.org\/{rel}","templated":true}]}}