{"id":1274,"date":"2018-03-23T06:27:42","date_gmt":"2018-03-23T05:27:42","guid":{"rendered":"http:\/\/rakosliget.hu\/wordpress\/?page_id=1274"},"modified":"2018-03-23T06:27:42","modified_gmt":"2018-03-23T05:27:42","slug":"zappert-karoly","status":"publish","type":"page","link":"https:\/\/rakosliget.hu\/wordpress\/index.php\/zappert-karoly\/","title":{"rendered":"Zappert K\u00e1roly"},"content":{"rendered":"<h1 align=\"left\"><span data-canvas-width=\"122.4365954149588\">Zappert K\u00e1roly<\/span><\/h1>\n<h2 align=\"left\"><span data-canvas-width=\"204.95311191349487\">(V\u00e1c, 1891-1972)<\/span><\/h2>\n<h2 align=\"left\">a r\u00e1kosligeti <span data-canvas-width=\"221.85977680436528\">k\u00e9pvisel\u0151-test\u00fclet<\/span> illetve el\u00f6lj\u00e1r\u00f3s\u00e1g tagja<\/h2>\n<p align=\"left\">\n<p align=\"left\"><span data-canvas-width=\"204.95311191349487\">K\u0151m\u0171<\/span><span data-canvas-width=\"313.7898807074795\">vesseg\u00e9d. 1945-t\u0151l az MKP (MDP) tagja. <\/span><span data-canvas-width=\"309.46373679504933\">1945 ut\u00e1n kisiparos; a r\u00e1kosli<\/span><span data-canvas-width=\"315.2543376555764\">geti k\u00e9pvisel\u0151-test\u00fclet illetve el\u00f6lj\u00e1r\u00f3s\u00e1g <\/span><span data-canvas-width=\"44.61687942613789\">tagja. <\/span><\/p>\n","protected":false},"excerpt":{"rendered":"<p>Zappert K\u00e1roly (V\u00e1c, 1891-1972) a r\u00e1kosligeti k\u00e9pvisel\u0151-test\u00fclet illetve el\u00f6lj\u00e1r\u00f3s\u00e1g tagja K\u0151m\u0171vesseg\u00e9d. 1945-t\u0151l az MKP (MDP) tagja. 1945 ut\u00e1n kisiparos; a r\u00e1kosligeti k\u00e9pvisel\u0151-test\u00fclet illetve el\u00f6lj\u00e1r\u00f3s\u00e1g tagja.<\/p>\n","protected":false},"author":1,"featured_media":0,"parent":0,"menu_order":0,"comment_status":"closed","ping_status":"closed","template":"","meta":{"footnotes":""},"class_list":["post-1274","page","type-page","status-publish","hentry"],"_links":{"self":[{"href":"https:\/\/rakosliget.hu\/wordpress\/index.php\/wp-json\/wp\/v2\/pages\/1274","targetHints":{"allow":["GET"]}}],"collection":[{"href":"https:\/\/rakosliget.hu\/wordpress\/index.php\/wp-json\/wp\/v2\/pages"}],"about":[{"href":"https:\/\/rakosliget.hu\/wordpress\/index.php\/wp-json\/wp\/v2\/types\/page"}],"author":[{"embeddable":true,"href":"https:\/\/rakosliget.hu\/wordpress\/index.php\/wp-json\/wp\/v2\/users\/1"}],"replies":[{"embeddable":true,"href":"https:\/\/rakosliget.hu\/wordpress\/index.php\/wp-json\/wp\/v2\/comments?post=1274"}],"version-history":[{"count":1,"href":"https:\/\/rakosliget.hu\/wordpress\/index.php\/wp-json\/wp\/v2\/pages\/1274\/revisions"}],"predecessor-version":[{"id":1275,"href":"https:\/\/rakosliget.hu\/wordpress\/index.php\/wp-json\/wp\/v2\/pages\/1274\/revisions\/1275"}],"wp:attachment":[{"href":"https:\/\/rakosliget.hu\/wordpress\/index.php\/wp-json\/wp\/v2\/media?parent=1274"}],"curies":[{"name":"wp","href":"https:\/\/api.w.org\/{rel}","templated":true}]}}