{"id":1251,"date":"2018-03-23T06:15:52","date_gmt":"2018-03-23T05:15:52","guid":{"rendered":"http:\/\/rakosliget.hu\/wordpress\/?page_id=1251"},"modified":"2018-03-23T06:15:52","modified_gmt":"2018-03-23T05:15:52","slug":"tornai-laszlo","status":"publish","type":"page","link":"https:\/\/rakosliget.hu\/wordpress\/index.php\/tornai-laszlo\/","title":{"rendered":"Tornai L\u00e1szl\u00f3"},"content":{"rendered":"<h1 align=\"left\">Tornai L\u00e1szl\u00f3<\/h1>\n<h2 align=\"left\">(R\u00e1koskereszt\u00far, 1902)<\/h2>\n<h2 align=\"left\">a R\u00e1kosligeti Nemzeti Bizotts\u00e1g tagja<\/h2>\n<p align=\"left\">\n<p align=\"left\"><span data-canvas-width=\"161.96913936508784\"> B\u00e1do<\/span><span data-canvas-width=\"230.12080236774884\">gos \u00e9s v\u00edzvezet\u00e9k szerel\u0151 seg\u00e9d. 1945-t\u0151l az <\/span><span data-canvas-width=\"227.96140349068656\">MKP (MDP) tagja, <\/span><span data-canvas-width=\"228.67646192123476\">az MKP r\u00e1kosligeti szervezet\u00e9nek eln\u00f6ke,<\/span><span data-canvas-width=\"226.86489436029802\"> v\u00e1llalati dolgoz\u00f3. 1948-<\/span><span data-canvas-width=\"228.8497310526877\">ban a R\u00e1kosligeti Nemzeti Bizotts\u00e1g tagja. &#8211; Nyugd\u00edjas. <\/span><\/p>\n","protected":false},"excerpt":{"rendered":"<p>Tornai L\u00e1szl\u00f3 (R\u00e1koskereszt\u00far, 1902) a R\u00e1kosligeti Nemzeti Bizotts\u00e1g tagja B\u00e1dogos \u00e9s v\u00edzvezet\u00e9k szerel\u0151 seg\u00e9d. 1945-t\u0151l az MKP (MDP) tagja, az MKP r\u00e1kosligeti szervezet\u00e9nek eln\u00f6ke, v\u00e1llalati dolgoz\u00f3. 1948-ban a R\u00e1kosligeti Nemzeti Bizotts\u00e1g tagja. &#8211; Nyugd\u00edjas.<\/p>\n","protected":false},"author":1,"featured_media":0,"parent":0,"menu_order":0,"comment_status":"closed","ping_status":"closed","template":"","meta":{"footnotes":""},"class_list":["post-1251","page","type-page","status-publish","hentry"],"_links":{"self":[{"href":"https:\/\/rakosliget.hu\/wordpress\/index.php\/wp-json\/wp\/v2\/pages\/1251","targetHints":{"allow":["GET"]}}],"collection":[{"href":"https:\/\/rakosliget.hu\/wordpress\/index.php\/wp-json\/wp\/v2\/pages"}],"about":[{"href":"https:\/\/rakosliget.hu\/wordpress\/index.php\/wp-json\/wp\/v2\/types\/page"}],"author":[{"embeddable":true,"href":"https:\/\/rakosliget.hu\/wordpress\/index.php\/wp-json\/wp\/v2\/users\/1"}],"replies":[{"embeddable":true,"href":"https:\/\/rakosliget.hu\/wordpress\/index.php\/wp-json\/wp\/v2\/comments?post=1251"}],"version-history":[{"count":1,"href":"https:\/\/rakosliget.hu\/wordpress\/index.php\/wp-json\/wp\/v2\/pages\/1251\/revisions"}],"predecessor-version":[{"id":1252,"href":"https:\/\/rakosliget.hu\/wordpress\/index.php\/wp-json\/wp\/v2\/pages\/1251\/revisions\/1252"}],"wp:attachment":[{"href":"https:\/\/rakosliget.hu\/wordpress\/index.php\/wp-json\/wp\/v2\/media?parent=1251"}],"curies":[{"name":"wp","href":"https:\/\/api.w.org\/{rel}","templated":true}]}}