{"id":1242,"date":"2018-03-23T06:12:25","date_gmt":"2018-03-23T05:12:25","guid":{"rendered":"http:\/\/rakosliget.hu\/wordpress\/?page_id=1242"},"modified":"2018-03-23T06:12:25","modified_gmt":"2018-03-23T05:12:25","slug":"szucs-sandor","status":"publish","type":"page","link":"https:\/\/rakosliget.hu\/wordpress\/index.php\/szucs-sandor\/","title":{"rendered":"Sz\u0171cs S\u00e1ndor"},"content":{"rendered":"<h1 align=\"left\">Sz\u0171cs S\u00e1ndor<\/h1>\n<h2 align=\"left\">(Cece, 1899)<\/h2>\n<h2 align=\"left\">a R\u00e1kosligeti Nemzeti Bizotts\u00e1g tagja<\/h2>\n<p align=\"left\">\n<p align=\"left\"><span data-canvas-width=\"165.08669067802023\"> Lakatosseg\u00e9d. <\/span><span data-canvas-width=\"233.0405165380522\">1945-t\u0151l vesz r\u00e9szt a munk\u00e1smozgalomban, <\/span><span data-canvas-width=\"229.7820224241618\">1946-t\u00f3l az SZDP (MDP) tagja. 1945<\/span><span data-canvas-width=\"233.45300051516767\">ut\u00e1n m\u0171vezet\u0151, majd oszt\u00e1lyvezet\u0151. <\/span><span data-canvas-width=\"230.31993256359766\">1947-1949-ben a R\u00e1kosligeti Nemzeti Bizotts\u00e1g tagja, 1948-<\/span><span data-canvas-width=\"128.0200270792975\">t\u00f3l titk\u00e1ra. &#8211; Nyugd\u00edjas.<br \/>\n<\/span><span data-canvas-width=\"233.51765317615752\"><br \/>\n<\/span><\/p>\n","protected":false},"excerpt":{"rendered":"<p>Sz\u0171cs S\u00e1ndor (Cece, 1899) a R\u00e1kosligeti Nemzeti Bizotts\u00e1g tagja Lakatosseg\u00e9d. 1945-t\u0151l vesz r\u00e9szt a munk\u00e1smozgalomban, 1946-t\u00f3l az SZDP (MDP) tagja. 1945ut\u00e1n m\u0171vezet\u0151, majd oszt\u00e1lyvezet\u0151. 1947-1949-ben a R\u00e1kosligeti Nemzeti Bizotts\u00e1g tagja, 1948-t\u00f3l titk\u00e1ra. &#8211; Nyugd\u00edjas.<\/p>\n","protected":false},"author":1,"featured_media":0,"parent":0,"menu_order":0,"comment_status":"closed","ping_status":"closed","template":"","meta":{"footnotes":""},"class_list":["post-1242","page","type-page","status-publish","hentry"],"_links":{"self":[{"href":"https:\/\/rakosliget.hu\/wordpress\/index.php\/wp-json\/wp\/v2\/pages\/1242","targetHints":{"allow":["GET"]}}],"collection":[{"href":"https:\/\/rakosliget.hu\/wordpress\/index.php\/wp-json\/wp\/v2\/pages"}],"about":[{"href":"https:\/\/rakosliget.hu\/wordpress\/index.php\/wp-json\/wp\/v2\/types\/page"}],"author":[{"embeddable":true,"href":"https:\/\/rakosliget.hu\/wordpress\/index.php\/wp-json\/wp\/v2\/users\/1"}],"replies":[{"embeddable":true,"href":"https:\/\/rakosliget.hu\/wordpress\/index.php\/wp-json\/wp\/v2\/comments?post=1242"}],"version-history":[{"count":1,"href":"https:\/\/rakosliget.hu\/wordpress\/index.php\/wp-json\/wp\/v2\/pages\/1242\/revisions"}],"predecessor-version":[{"id":1243,"href":"https:\/\/rakosliget.hu\/wordpress\/index.php\/wp-json\/wp\/v2\/pages\/1242\/revisions\/1243"}],"wp:attachment":[{"href":"https:\/\/rakosliget.hu\/wordpress\/index.php\/wp-json\/wp\/v2\/media?parent=1242"}],"curies":[{"name":"wp","href":"https:\/\/api.w.org\/{rel}","templated":true}]}}