{"id":1222,"date":"2018-03-23T06:00:46","date_gmt":"2018-03-23T05:00:46","guid":{"rendered":"http:\/\/rakosliget.hu\/wordpress\/?page_id=1222"},"modified":"2018-03-23T06:00:46","modified_gmt":"2018-03-23T05:00:46","slug":"szep-istvan","status":"publish","type":"page","link":"https:\/\/rakosliget.hu\/wordpress\/index.php\/szep-istvan\/","title":{"rendered":"Sz\u00e9p Istv\u00e1n"},"content":{"rendered":"<h1 align=\"left\"><span data-canvas-width=\"86.97166344237428\">Sz\u00e9p Istv\u00e1n<\/span><\/h1>\n<h2 align=\"left\"><span data-canvas-width=\"244.94405164998676\">(Sereg\u00e9lyes, 1871-1954)<\/span><\/h2>\n<h2 align=\"left\">a r\u00e1kosligeti el\u00f6lj\u00e1r\u00f3s\u00e1g tagja<\/h2>\n<p align=\"left\">\n<p align=\"left\"><span data-canvas-width=\"22.868058497205222\"> M\u00c1V alkalmazott. 1945-t\u0151l az SZDP (MDP) tagja. 1945 ut\u00e1n nyugalmazott M\u00c1V \u00e1llom\u00e1s-el\u00f6lj\u00e1r\u00f3. 1948-1949-ben a r\u00e1kosligeti el\u00f6lj\u00e1r\u00f3s\u00e1g tagja. <\/span><\/p>\n","protected":false},"excerpt":{"rendered":"<p>Sz\u00e9p Istv\u00e1n (Sereg\u00e9lyes, 1871-1954) a r\u00e1kosligeti el\u00f6lj\u00e1r\u00f3s\u00e1g tagja M\u00c1V alkalmazott. 1945-t\u0151l az SZDP (MDP) tagja. 1945 ut\u00e1n nyugalmazott M\u00c1V \u00e1llom\u00e1s-el\u00f6lj\u00e1r\u00f3. 1948-1949-ben a r\u00e1kosligeti el\u00f6lj\u00e1r\u00f3s\u00e1g tagja.<\/p>\n","protected":false},"author":1,"featured_media":0,"parent":0,"menu_order":0,"comment_status":"closed","ping_status":"closed","template":"","meta":{"footnotes":""},"class_list":["post-1222","page","type-page","status-publish","hentry"],"_links":{"self":[{"href":"https:\/\/rakosliget.hu\/wordpress\/index.php\/wp-json\/wp\/v2\/pages\/1222","targetHints":{"allow":["GET"]}}],"collection":[{"href":"https:\/\/rakosliget.hu\/wordpress\/index.php\/wp-json\/wp\/v2\/pages"}],"about":[{"href":"https:\/\/rakosliget.hu\/wordpress\/index.php\/wp-json\/wp\/v2\/types\/page"}],"author":[{"embeddable":true,"href":"https:\/\/rakosliget.hu\/wordpress\/index.php\/wp-json\/wp\/v2\/users\/1"}],"replies":[{"embeddable":true,"href":"https:\/\/rakosliget.hu\/wordpress\/index.php\/wp-json\/wp\/v2\/comments?post=1222"}],"version-history":[{"count":1,"href":"https:\/\/rakosliget.hu\/wordpress\/index.php\/wp-json\/wp\/v2\/pages\/1222\/revisions"}],"predecessor-version":[{"id":1223,"href":"https:\/\/rakosliget.hu\/wordpress\/index.php\/wp-json\/wp\/v2\/pages\/1222\/revisions\/1223"}],"wp:attachment":[{"href":"https:\/\/rakosliget.hu\/wordpress\/index.php\/wp-json\/wp\/v2\/media?parent=1222"}],"curies":[{"name":"wp","href":"https:\/\/api.w.org\/{rel}","templated":true}]}}