{"id":12171,"date":"2024-01-04T17:32:50","date_gmt":"2024-01-04T16:32:50","guid":{"rendered":"https:\/\/rakosliget.hu\/wordpress\/?page_id=12171"},"modified":"2026-02-02T20:01:02","modified_gmt":"2026-02-02T19:01:02","slug":"lukacs-istvan","status":"publish","type":"page","link":"https:\/\/rakosliget.hu\/wordpress\/index.php\/lukacs-istvan\/","title":{"rendered":"LUK\u00c1CS ISTV\u00c1N szobr\u00e1szm\u0171v\u00e9sz"},"content":{"rendered":"\n<div class=\"wp-block-buttons is-content-justification-center is-layout-flex wp-container-core-buttons-is-layout-16018d1d wp-block-buttons-is-layout-flex\">\n<div class=\"wp-block-button\"><a class=\"wp-block-button__link wp-element-button\" href=\"https:\/\/rakosliget.hu\/wordpress\/index.php\/muveszet\/\">VISSZA A M\u0170V\u00c9SZET LAPRA<\/a><\/div>\n<\/div>\n\n\n\n<p><\/p>\n\n\n\n<figure class=\"wp-block-image size-full\"><img loading=\"lazy\" decoding=\"async\" width=\"523\" height=\"738\" src=\"https:\/\/rakosliget.hu\/wordpress\/wp-content\/uploads\/2024\/01\/Lukacs.jpg\" alt=\"\" class=\"wp-image-12179\" srcset=\"https:\/\/rakosliget.hu\/wordpress\/wp-content\/uploads\/2024\/01\/Lukacs.jpg 523w, https:\/\/rakosliget.hu\/wordpress\/wp-content\/uploads\/2024\/01\/Lukacs-213x300.jpg 213w\" sizes=\"auto, (max-width: 523px) 100vw, 523px\" \/><\/figure>\n\n\n\n<p>Szobr\u00e1szm\u0171v\u00e9sz. Jelenleg Nagymaroson \u00e9l \u00e9s alkot.<\/p>\n\n\n\n<p>2011. Pro Urbe d\u00edjjal t\u00fcntett\u00e9k ki Luk\u00e1cs Istv\u00e1n szobr\u00e1szm\u0171v\u00e9szt.<\/p>\n\n\n\n<p>Munk\u00e1ss\u00e1g\u00e1t Zoller Csaba \u00f6nkorm\u00e1nyzati k\u00e9pvisel\u0151 m\u00e9ltatta. &#8222;\u2026Nagymaroson \u00e9lve nap,mint nap szeml\u00e9lhetem, tapinthatom, olvashatom m\u0171v\u00e9szeink lelkes\u00fclt alkot\u00e1sait, k\u00f6zt\u00fck Luk\u00e1cs Istv\u00e1n\u00e9t is. \u00d6r\u00f6mmel k\u00f6sz\u00f6nt\u00f6m \u0151t a mai napon, Szent Istv\u00e1n \u00fcnnep\u00e9n, neve napja alkalm\u00e1b\u00f3l. \u00d6r\u00fcl\u00f6k, hogy vele egyv\u00e1rosban \u00e9lek, dolgozom, \u00e9s m\u0171hely\u00e9be, munk\u00e1ss\u00e1g\u00e1ba betekint\u00e9st nyerhetek, alkot\u00e1saiban gy\u00f6ny\u00f6rk\u00f6dhetem. Bar\u00e1tom \u0151, \u00e9s nem is ak\u00e1rmilyen, a k\u00e9tszer sz\u00fcletettek k\u00f6z\u00fcl val\u00f3. Istv\u00e1n <strong>R\u00e1kosligeten<\/strong> l\u00e1tta meg a napvil\u00e1got. Hamar meg\u00edzlelteaz alkot\u00e1s \u00f6r\u00f6meit, megismerkedett az anyag form\u00e1l\u00e1s\u00e1nak titkaival, a megismer\u00e9s eszk\u00f6zeinek haszn\u00e1lat\u00e1val egy kicsiny r\u00e1koscsabai ker\u00e1miam\u0171helyben. Ett\u0151l kezdve j\u00e1rta azon emberek \u00fatj\u00e1t, akiknek \u00e9let\u00e9t igaz\u00e1n a sz\u00edv vez\u00e9rli. Elindult kibontakoztatni kapott k\u00e9pess\u00e9geit, tanulva elm\u00e9ly\u00fclve t\u00f6k\u00e9letes\u00edteni azt. Iskol\u00e1k, t\u00e1borok, szerelmek, impresszi\u00f3k, tanulm\u00e1nyok, tal\u00e1lkoz\u00e1sok \u00e9vei ezek. Tal\u00e1lkoz\u00e1sa mesterrel, K\u0151 P\u00e1llal a szellemi sz\u00fcl\u0151vel, ez volt m\u00e1sodik sz\u00fclet\u00e9se. A mesterrel t\u00f6lt\u00f6tt \u00e9vek meghat\u00e1roz\u00f3 erej\u0171ek voltak. Ez az id\u0151szak olvaszt\u00f3t\u00e9gelye az ifjonti h\u00e9vnek, l\u00e1zad\u00e1snak, impresszi\u00f3nak; kikrist\u00e1lyos\u00edt\u00f3ja a l\u00e9leknek \u00e9s az elm\u00e9ly\u00fclt l\u00e1t\u00e1sm\u00f3dnak, a megk\u00fcl\u00f6nb\u00f6ztet\u0151 megismer\u00e9snek. Gy\u00fcm\u00f6lcseit ismerj\u00fck, megismerhetj\u00fck sz\u00e9phaz\u00e1nk v\u00e1rosaiban, tereinken,templomainkban, \u00e9p\u00fcletd\u00edszeinkben. Csak n\u00e9h\u00e1ny az \u00e1ltala el\u00e1rultakb\u00f3l: &#8211; Gy\u00f6ngy\u00f6s F\u0151t\u00e9r: h\u00e1rom d\u00edszk\u00fat; &#8211; P\u00e9ter dombor m\u0171; &#8211; F\u00f3t: templom\u00e9p\u00fclet ker\u00e1mia rekonstrukci\u00f3k; &#8211; Visegr\u00e1dkir\u00e1lyi palota: cser\u00e9pk\u00e1lyha rekonstrukci\u00f3; &#8211; velencei bienn\u00e1l\u00e9 magyar pavilon homlokzati rekonstrukci\u00f3; &#8211; Nagymaros: Szent Istv\u00e1n \u00e9s Boldog Gizella templomt\u00e9ri szobra; &#8211; Szent Erzs\u00e9bet szobor; &#8211; Duna-part: \u00c1rv\u00edzi eml\u00e9km\u0171; Szent Imre t\u00e9ri k\u00fat k\u0151 tervek.&#8221; Luk\u00e1cs Istv\u00e1n 1996 \u00f3ta Nagymaroson \u00e9l \u00e9s dolgozik. A t\u00e1j, a term\u00e9szet \u00e9s a csal\u00e1dja szerelmese.<\/p>\n\n\n\n<p>Forr\u00e1s: Nagymaros 2011-09-10 \/ 9. sz\u00e1m 4. oldal<\/p>\n\n\n\n<div class=\"wp-block-buttons is-content-justification-center is-layout-flex wp-container-core-buttons-is-layout-16018d1d wp-block-buttons-is-layout-flex\">\n<div class=\"wp-block-button\"><a class=\"wp-block-button__link wp-element-button\" href=\"https:\/\/rakosliget.hu\/wordpress\/index.php\/muveszet\/\">VISSZA A M\u0170V\u00c9SZET LAPRA<\/a><\/div>\n<\/div>\n","protected":false},"excerpt":{"rendered":"<p>Szobr\u00e1szm\u0171v\u00e9sz. Jelenleg Nagymaroson \u00e9l \u00e9s alkot. 2011. Pro Urbe d\u00edjjal t\u00fcntett\u00e9k ki Luk\u00e1cs Istv\u00e1n szobr\u00e1szm\u0171v\u00e9szt. Munk\u00e1ss\u00e1g\u00e1t Zoller Csaba \u00f6nkorm\u00e1nyzati k\u00e9pvisel\u0151 m\u00e9ltatta. &#8222;\u2026Nagymaroson \u00e9lve nap,mint nap szeml\u00e9lhetem, tapinthatom, olvashatom m\u0171v\u00e9szeink lelkes\u00fclt alkot\u00e1sait, k\u00f6zt\u00fck Luk\u00e1cs Istv\u00e1n\u00e9t is. \u00d6r\u00f6mmel k\u00f6sz\u00f6nt\u00f6m \u0151t a mai napon, Szent Istv\u00e1n \u00fcnnep\u00e9n, neve napja alkalm\u00e1b\u00f3l. \u00d6r\u00fcl\u00f6k, hogy vele egyv\u00e1rosban \u00e9lek, dolgozom, \u00e9s m\u0171hely\u00e9be, &hellip; <a href=\"https:\/\/rakosliget.hu\/wordpress\/index.php\/lukacs-istvan\/\" class=\"more-link\"><span class=\"screen-reader-text\">LUK\u00c1CS ISTV\u00c1N szobr\u00e1szm\u0171v\u00e9sz<\/span> r\u00e9szletei&#8230;<\/a><\/p>\n","protected":false},"author":1,"featured_media":0,"parent":0,"menu_order":0,"comment_status":"closed","ping_status":"closed","template":"","meta":{"footnotes":""},"class_list":["post-12171","page","type-page","status-publish","hentry"],"_links":{"self":[{"href":"https:\/\/rakosliget.hu\/wordpress\/index.php\/wp-json\/wp\/v2\/pages\/12171","targetHints":{"allow":["GET"]}}],"collection":[{"href":"https:\/\/rakosliget.hu\/wordpress\/index.php\/wp-json\/wp\/v2\/pages"}],"about":[{"href":"https:\/\/rakosliget.hu\/wordpress\/index.php\/wp-json\/wp\/v2\/types\/page"}],"author":[{"embeddable":true,"href":"https:\/\/rakosliget.hu\/wordpress\/index.php\/wp-json\/wp\/v2\/users\/1"}],"replies":[{"embeddable":true,"href":"https:\/\/rakosliget.hu\/wordpress\/index.php\/wp-json\/wp\/v2\/comments?post=12171"}],"version-history":[{"count":8,"href":"https:\/\/rakosliget.hu\/wordpress\/index.php\/wp-json\/wp\/v2\/pages\/12171\/revisions"}],"predecessor-version":[{"id":22784,"href":"https:\/\/rakosliget.hu\/wordpress\/index.php\/wp-json\/wp\/v2\/pages\/12171\/revisions\/22784"}],"wp:attachment":[{"href":"https:\/\/rakosliget.hu\/wordpress\/index.php\/wp-json\/wp\/v2\/media?parent=12171"}],"curies":[{"name":"wp","href":"https:\/\/api.w.org\/{rel}","templated":true}]}}