{"id":1209,"date":"2018-03-23T05:52:48","date_gmt":"2018-03-23T04:52:48","guid":{"rendered":"http:\/\/rakosliget.hu\/wordpress\/?page_id=1209"},"modified":"2018-03-23T05:52:48","modified_gmt":"2018-03-23T04:52:48","slug":"szapary-istvan","status":"publish","type":"page","link":"https:\/\/rakosliget.hu\/wordpress\/index.php\/szapary-istvan\/","title":{"rendered":"Szap\u00e1ry Istv\u00e1n"},"content":{"rendered":"<h1 align=\"left\">Szap\u00e1ry Istv\u00e1n<\/h1>\n<h2 align=\"left\">(Nagyszalonta, 1894<\/h2>\n<h2 align=\"left\">a R\u00e1kosligeti Nemzeti Bizotts\u00e1g tagja<\/h2>\n<p align=\"left\">\n<p align=\"left\"><span data-canvas-width=\"157.7693025071847\"> Tiszt<\/span><span data-canvas-width=\"231.13584914529005\">visel\u0151. 1945-t\u0151l az SZDP (MDP) tagja,<\/span><span data-canvas-width=\"230.2617451687068\"> OTI-tisztvisel\u0151. 1947-1948<\/span><span data-canvas-width=\"233.51765317615752\">ban a R\u00e1kosligeti Nemzeti Bizotts\u00e1g tagja. &#8211; Nyugd\u00edjas. <\/span><\/p>\n","protected":false},"excerpt":{"rendered":"<p>Szap\u00e1ry Istv\u00e1n (Nagyszalonta, 1894 a R\u00e1kosligeti Nemzeti Bizotts\u00e1g tagja Tisztvisel\u0151. 1945-t\u0151l az SZDP (MDP) tagja, OTI-tisztvisel\u0151. 1947-1948ban a R\u00e1kosligeti Nemzeti Bizotts\u00e1g tagja. &#8211; Nyugd\u00edjas.<\/p>\n","protected":false},"author":1,"featured_media":0,"parent":0,"menu_order":0,"comment_status":"closed","ping_status":"closed","template":"","meta":{"footnotes":""},"class_list":["post-1209","page","type-page","status-publish","hentry"],"_links":{"self":[{"href":"https:\/\/rakosliget.hu\/wordpress\/index.php\/wp-json\/wp\/v2\/pages\/1209","targetHints":{"allow":["GET"]}}],"collection":[{"href":"https:\/\/rakosliget.hu\/wordpress\/index.php\/wp-json\/wp\/v2\/pages"}],"about":[{"href":"https:\/\/rakosliget.hu\/wordpress\/index.php\/wp-json\/wp\/v2\/types\/page"}],"author":[{"embeddable":true,"href":"https:\/\/rakosliget.hu\/wordpress\/index.php\/wp-json\/wp\/v2\/users\/1"}],"replies":[{"embeddable":true,"href":"https:\/\/rakosliget.hu\/wordpress\/index.php\/wp-json\/wp\/v2\/comments?post=1209"}],"version-history":[{"count":1,"href":"https:\/\/rakosliget.hu\/wordpress\/index.php\/wp-json\/wp\/v2\/pages\/1209\/revisions"}],"predecessor-version":[{"id":1210,"href":"https:\/\/rakosliget.hu\/wordpress\/index.php\/wp-json\/wp\/v2\/pages\/1209\/revisions\/1210"}],"wp:attachment":[{"href":"https:\/\/rakosliget.hu\/wordpress\/index.php\/wp-json\/wp\/v2\/media?parent=1209"}],"curies":[{"name":"wp","href":"https:\/\/api.w.org\/{rel}","templated":true}]}}