{"id":1177,"date":"2018-03-23T04:41:30","date_gmt":"2018-03-23T03:41:30","guid":{"rendered":"http:\/\/rakosliget.hu\/wordpress\/?page_id=1177"},"modified":"2018-03-23T04:41:30","modified_gmt":"2018-03-23T03:41:30","slug":"schauschek-ervinne","status":"publish","type":"page","link":"https:\/\/rakosliget.hu\/wordpress\/index.php\/schauschek-ervinne\/","title":{"rendered":"Schauschek Ervinn\u00e9"},"content":{"rendered":"<h1 align=\"left\"><span data-canvas-width=\"60.861756635761594\">Schauschek<\/span><span data-canvas-width=\"47.32373086092716\"> Ervinn\u00e9<\/span><\/h1>\n<h2 align=\"left\"><span data-canvas-width=\"9.822266860927154\">(<\/span><span data-canvas-width=\"56.10072731125829\">R\u00e1kosliget<\/span><span data-canvas-width=\"74.53214694039737\">, 1900 &#8211; ?)<\/span><\/h2>\n<h2 align=\"left\">a r\u00e1kosligeti a k\u00e9pvisel\u0151test\u00fclet tagja<\/h2>\n<p align=\"left\">\n<p align=\"left\"><span data-canvas-width=\"262.8700221833911\">Tisztvisel\u0151. 1945-t\u0151l az FKP tagja. 1945 ut\u00e1n R\u00e1kosligeten k\u00f6zs\u00e9gi fogyaszt\u00e1si ad\u00f3ellen\u0151r; az MNDSZ helyi szervezete titk\u00e1ra. 1946-ban a R\u00e1kosligeti Nemzeti Bizotts\u00e1g, 1945-1949-ben a k\u00e9pvisel\u0151test\u00fclet tagja. &#8211; Nyugd\u00edjas. <\/span><\/p>\n","protected":false},"excerpt":{"rendered":"<p>Schauschek Ervinn\u00e9 (R\u00e1kosliget, 1900 &#8211; ?) a r\u00e1kosligeti a k\u00e9pvisel\u0151test\u00fclet tagja Tisztvisel\u0151. 1945-t\u0151l az FKP tagja. 1945 ut\u00e1n R\u00e1kosligeten k\u00f6zs\u00e9gi fogyaszt\u00e1si ad\u00f3ellen\u0151r; az MNDSZ helyi szervezete titk\u00e1ra. 1946-ban a R\u00e1kosligeti Nemzeti Bizotts\u00e1g, 1945-1949-ben a k\u00e9pvisel\u0151test\u00fclet tagja. &#8211; Nyugd\u00edjas.<\/p>\n","protected":false},"author":1,"featured_media":0,"parent":0,"menu_order":0,"comment_status":"closed","ping_status":"closed","template":"","meta":{"footnotes":""},"class_list":["post-1177","page","type-page","status-publish","hentry"],"_links":{"self":[{"href":"https:\/\/rakosliget.hu\/wordpress\/index.php\/wp-json\/wp\/v2\/pages\/1177","targetHints":{"allow":["GET"]}}],"collection":[{"href":"https:\/\/rakosliget.hu\/wordpress\/index.php\/wp-json\/wp\/v2\/pages"}],"about":[{"href":"https:\/\/rakosliget.hu\/wordpress\/index.php\/wp-json\/wp\/v2\/types\/page"}],"author":[{"embeddable":true,"href":"https:\/\/rakosliget.hu\/wordpress\/index.php\/wp-json\/wp\/v2\/users\/1"}],"replies":[{"embeddable":true,"href":"https:\/\/rakosliget.hu\/wordpress\/index.php\/wp-json\/wp\/v2\/comments?post=1177"}],"version-history":[{"count":1,"href":"https:\/\/rakosliget.hu\/wordpress\/index.php\/wp-json\/wp\/v2\/pages\/1177\/revisions"}],"predecessor-version":[{"id":1178,"href":"https:\/\/rakosliget.hu\/wordpress\/index.php\/wp-json\/wp\/v2\/pages\/1177\/revisions\/1178"}],"wp:attachment":[{"href":"https:\/\/rakosliget.hu\/wordpress\/index.php\/wp-json\/wp\/v2\/media?parent=1177"}],"curies":[{"name":"wp","href":"https:\/\/api.w.org\/{rel}","templated":true}]}}