{"id":1165,"date":"2018-03-23T04:27:48","date_gmt":"2018-03-23T03:27:48","guid":{"rendered":"http:\/\/rakosliget.hu\/wordpress\/?page_id=1165"},"modified":"2026-03-29T17:42:48","modified_gmt":"2026-03-29T16:42:48","slug":"rauchmaul-karoly","status":"publish","type":"page","link":"https:\/\/rakosliget.hu\/wordpress\/index.php\/rauchmaul-karoly\/","title":{"rendered":"Rauchmaul K\u00e1roly"},"content":{"rendered":"\n<h1 class=\"wp-block-heading\">Rauchmaul K\u00e1roly<\/h1>\n\n\n<div class=\"wp-block-image\">\n<figure class=\"aligncenter size-full\"><img loading=\"lazy\" decoding=\"async\" width=\"885\" height=\"1236\" src=\"https:\/\/rakosliget.hu\/wordpress\/wp-content\/uploads\/2026\/03\/rauchmaul-karoly.jpg\" alt=\"\" class=\"wp-image-24005\" srcset=\"https:\/\/rakosliget.hu\/wordpress\/wp-content\/uploads\/2026\/03\/rauchmaul-karoly.jpg 885w, https:\/\/rakosliget.hu\/wordpress\/wp-content\/uploads\/2026\/03\/rauchmaul-karoly-215x300.jpg 215w, https:\/\/rakosliget.hu\/wordpress\/wp-content\/uploads\/2026\/03\/rauchmaul-karoly-768x1073.jpg 768w\" sizes=\"auto, (max-width: 885px) 100vw, 885px\" \/><figcaption class=\"wp-element-caption\">N\u00c9PSZAVA 1916. j\u00fanius 13. 6. oldal<\/figcaption><\/figure>\n<\/div>\n\n<div class=\"wp-block-image\">\n<figure class=\"aligncenter size-full\"><img loading=\"lazy\" decoding=\"async\" width=\"944\" height=\"1320\" src=\"https:\/\/rakosliget.hu\/wordpress\/wp-content\/uploads\/2026\/03\/rauchmaul-karoly_imgupscaler.ai_Helyreallitas-Beta_2K.jpg\" alt=\"\" class=\"wp-image-24007\" srcset=\"https:\/\/rakosliget.hu\/wordpress\/wp-content\/uploads\/2026\/03\/rauchmaul-karoly_imgupscaler.ai_Helyreallitas-Beta_2K.jpg 944w, https:\/\/rakosliget.hu\/wordpress\/wp-content\/uploads\/2026\/03\/rauchmaul-karoly_imgupscaler.ai_Helyreallitas-Beta_2K-215x300.jpg 215w, https:\/\/rakosliget.hu\/wordpress\/wp-content\/uploads\/2026\/03\/rauchmaul-karoly_imgupscaler.ai_Helyreallitas-Beta_2K-768x1074.jpg 768w\" sizes=\"auto, (max-width: 944px) 100vw, 944px\" \/><figcaption class=\"wp-element-caption\">AI k\u00e9pjav\u00edt\u00e1s.<\/figcaption><\/figure>\n<\/div>\n\n\n<h2 class=\"wp-block-heading\">(Sachsen Weimar, 1832. \u00e1pr. 30. \u2013 R\u00e1kosliget, 1916. j\u00fan. 12.)<\/h2>\n\n\n\n<p>Vasmunk\u00e1s. Tagja volt az I. Internacion\u00e1l\u00e9 pesti szekci\u00f3j\u00e1nak, vezet\u0151je a Munk\u00e1sk\u00e9pz\u0151 Egyletnek \u00e9s eln\u00f6ke a Munk\u00e1sbiztos\u00edt\u00f3 P\u00e9nzt\u00e1rnak. Tev\u00e9keny r\u00e9szese az \u00c1ltal\u00e1nos Munk\u00e1segylettel val\u00f3 egyes\u00fcl\u00e9snek. Az egyes\u00fcl\u00e9s ut\u00e1n az Egylet v\u00e1lasztm\u00e1nyi tagja, az 1870 \u2013 71-i h\u0171tlens\u00e9gi per v\u00e1dlottja. 1873-ban r\u00e9szt vett a Magyarorsz\u00e1gi \u00c1ltal\u00e1nos Munk\u00e1sp\u00e1rt megalak\u00edt\u00e1s\u00e1ban. K\u00e9s\u0151bb tagja lett az SZDP vezet\u0151s\u00e9g\u00e9nek. \u2013 Irod. R. K. (\u00c9p\u00edt\u0151munk\u00e1s, 1916. j\u00fan. 29. az.); R. K. (Munk\u00e1s\u00fcgyi Szle, 1916); R. K. (N\u00e9pszava, 1916. j\u00fan. 13. sz.); Nemes Dezs\u0151: Az \u00c1ltal\u00e1nos Munk\u00e1segylet t\u00f6rt\u00e9nete (Bp., 1952).<\/p>\n\n\n\n<p>Forr\u00e1s: <a href=\"http:\/\/mek.oszk.hu\/00300\/00355\/html\/ABC12527\/12780.htm\"><strong>Magyar \u00c9letrajzi Lexikon 1000-1990 <\/strong><br>\/00300\/00355\/html\/ABC12527\/12780.htm<\/a><\/p>\n\n\n\n<p>Rauchmaul K\u00e1roly, aki 1871-ben, a P\u00e1rizsi komm\u00fcn idej\u00e9n egy gy\u0171l\u00e9s sz\u00f3noka volt, s emiatt a v\u00e1dlottak padj\u00e1ra ker\u00fclt. Tagja volt az I. Internacion\u00e1l\u00e9nak \u00e9s 1873-ban r\u00e9szt vett a szoci\u00e1ldemokrata p\u00e1rt alap\u00edt\u00e1s\u00e1ban is. A Betegseg\u00e9lyez\u0151 P\u00e9nzt\u00e1r tulajdonk\u00e9ppeni alap\u00edt\u00f3ja \u00e9s hal\u00e1l\u00e1ig vezet\u0151s\u00e9gi tagja R\u00e1kosligeten \u00e9lt, s 1916-ban itt is halt meg.<\/p>\n\n\n\n<p>Forr\u00e1s: Honismeret 1980. 42. oldal<\/p>\n\n\n\n<p>Rauchmaul K\u00e1roly nekrol\u00f3gja a N\u00e9pszava 1916. j\u00fanius 15.-i sz\u00e1m\u00e1ban.<\/p>\n\n\n<div class=\"wp-block-image\">\n<figure class=\"aligncenter size-full\"><img loading=\"lazy\" decoding=\"async\" width=\"895\" height=\"2560\" src=\"https:\/\/rakosliget.hu\/wordpress\/wp-content\/uploads\/2026\/03\/rauchmaul-temetes1-scaled.jpg\" alt=\"\" class=\"wp-image-24000\" srcset=\"https:\/\/rakosliget.hu\/wordpress\/wp-content\/uploads\/2026\/03\/rauchmaul-temetes1-scaled.jpg 895w, https:\/\/rakosliget.hu\/wordpress\/wp-content\/uploads\/2026\/03\/rauchmaul-temetes1-105x300.jpg 105w, https:\/\/rakosliget.hu\/wordpress\/wp-content\/uploads\/2026\/03\/rauchmaul-temetes1-768x2196.jpg 768w, https:\/\/rakosliget.hu\/wordpress\/wp-content\/uploads\/2026\/03\/rauchmaul-temetes1-537x1536.jpg 537w, https:\/\/rakosliget.hu\/wordpress\/wp-content\/uploads\/2026\/03\/rauchmaul-temetes1-716x2048.jpg 716w\" sizes=\"auto, (max-width: 895px) 100vw, 895px\" \/><\/figure>\n<\/div>\n\n<div class=\"wp-block-image\">\n<figure class=\"aligncenter size-large\"><img loading=\"lazy\" decoding=\"async\" width=\"2048\" height=\"3074\" src=\"https:\/\/rakosliget.hu\/wordpress\/wp-content\/uploads\/2026\/03\/rauchmaul-temetes2-2048x3074.jpg\" alt=\"\" class=\"wp-image-24001\" srcset=\"https:\/\/rakosliget.hu\/wordpress\/wp-content\/uploads\/2026\/03\/rauchmaul-temetes2-2048x3074.jpg 2048w, https:\/\/rakosliget.hu\/wordpress\/wp-content\/uploads\/2026\/03\/rauchmaul-temetes2-200x300.jpg 200w, https:\/\/rakosliget.hu\/wordpress\/wp-content\/uploads\/2026\/03\/rauchmaul-temetes2-768x1153.jpg 768w, https:\/\/rakosliget.hu\/wordpress\/wp-content\/uploads\/2026\/03\/rauchmaul-temetes2-1023x1536.jpg 1023w, https:\/\/rakosliget.hu\/wordpress\/wp-content\/uploads\/2026\/03\/rauchmaul-temetes2-1365x2048.jpg 1365w, https:\/\/rakosliget.hu\/wordpress\/wp-content\/uploads\/2026\/03\/rauchmaul-temetes2-scaled.jpg 1706w\" sizes=\"auto, (max-width: 2048px) 100vw, 2048px\" \/><figcaption class=\"wp-element-caption\">Nagy\u00edt\u00e1s a k\u00e9pre kattintva.<\/figcaption><\/figure>\n<\/div>\n\n\n<div class=\"wp-block-buttons is-layout-flex wp-block-buttons-is-layout-flex\">\n<div class=\"wp-block-button\"><a class=\"wp-block-button__link wp-element-button\" href=\"https:\/\/rakosliget.hu\/wordpress\/index.php\/alapitok\/\">Vissza az alap\u00edt\u00f3k lapra<\/a><\/div>\n<\/div>\n\n\n\n<p>&nbsp;<\/p>\n","protected":false},"excerpt":{"rendered":"<p>Rauchmaul K\u00e1roly (Sachsen Weimar, 1832. \u00e1pr. 30. \u2013 R\u00e1kosliget, 1916. j\u00fan. 12.) Vasmunk\u00e1s. Tagja volt az I. Internacion\u00e1l\u00e9 pesti szekci\u00f3j\u00e1nak, vezet\u0151je a Munk\u00e1sk\u00e9pz\u0151 Egyletnek \u00e9s eln\u00f6ke a Munk\u00e1sbiztos\u00edt\u00f3 P\u00e9nzt\u00e1rnak. Tev\u00e9keny r\u00e9szese az \u00c1ltal\u00e1nos Munk\u00e1segylettel val\u00f3 egyes\u00fcl\u00e9snek. Az egyes\u00fcl\u00e9s ut\u00e1n az Egylet v\u00e1lasztm\u00e1nyi tagja, az 1870 \u2013 71-i h\u0171tlens\u00e9gi per v\u00e1dlottja. 1873-ban r\u00e9szt vett a Magyarorsz\u00e1gi &hellip; <a href=\"https:\/\/rakosliget.hu\/wordpress\/index.php\/rauchmaul-karoly\/\" class=\"more-link\"><span class=\"screen-reader-text\">Rauchmaul K\u00e1roly<\/span> r\u00e9szletei&#8230;<\/a><\/p>\n","protected":false},"author":1,"featured_media":0,"parent":0,"menu_order":0,"comment_status":"closed","ping_status":"closed","template":"","meta":{"footnotes":""},"class_list":["post-1165","page","type-page","status-publish","hentry"],"_links":{"self":[{"href":"https:\/\/rakosliget.hu\/wordpress\/index.php\/wp-json\/wp\/v2\/pages\/1165","targetHints":{"allow":["GET"]}}],"collection":[{"href":"https:\/\/rakosliget.hu\/wordpress\/index.php\/wp-json\/wp\/v2\/pages"}],"about":[{"href":"https:\/\/rakosliget.hu\/wordpress\/index.php\/wp-json\/wp\/v2\/types\/page"}],"author":[{"embeddable":true,"href":"https:\/\/rakosliget.hu\/wordpress\/index.php\/wp-json\/wp\/v2\/users\/1"}],"replies":[{"embeddable":true,"href":"https:\/\/rakosliget.hu\/wordpress\/index.php\/wp-json\/wp\/v2\/comments?post=1165"}],"version-history":[{"count":9,"href":"https:\/\/rakosliget.hu\/wordpress\/index.php\/wp-json\/wp\/v2\/pages\/1165\/revisions"}],"predecessor-version":[{"id":24014,"href":"https:\/\/rakosliget.hu\/wordpress\/index.php\/wp-json\/wp\/v2\/pages\/1165\/revisions\/24014"}],"wp:attachment":[{"href":"https:\/\/rakosliget.hu\/wordpress\/index.php\/wp-json\/wp\/v2\/media?parent=1165"}],"curies":[{"name":"wp","href":"https:\/\/api.w.org\/{rel}","templated":true}]}}

Rauchmaul Károly

<h1 class="wp-block-heading">Rauchmaul Károly</h1>


<div class="wp-block-image">
<figure class="aligncenter size-full"><img loading="lazy" decoding="async" width="885" height="1236" src="https://rakosliget.hu/wordpress/wp-content/uploads/2026/03/rauchmaul-karoly.jpg" alt="" class="wp-image-24005" srcset="https://rakosliget.hu/wordpress/wp-content/uploads/2026/03/rauchmaul-karoly.jpg 885w, https://rakosliget.hu/wordpress/wp-content/uploads/2026/03/rauchmaul-karoly-215x300.jpg 215w, https://rakosliget.hu/wordpress/wp-content/uploads/2026/03/rauchmaul-karoly-768x1073.jpg 768w" sizes="auto, (max-width: 885px) 100vw, 885px" /><figcaption class="wp-element-caption">NÉPSZAVA 1916. június 13. 6. oldal</figcaption></figure>
</div>

<div class="wp-block-image">
<figure class="aligncenter size-full"><img loading="lazy" decoding="async" width="944" height="1320" src="https://rakosliget.hu/wordpress/wp-content/uploads/2026/03/rauchmaul-karoly_imgupscaler.ai_Helyreallitas-Beta_2K.jpg" alt="" class="wp-image-24007" srcset="https://rakosliget.hu/wordpress/wp-content/uploads/2026/03/rauchmaul-karoly_imgupscaler.ai_Helyreallitas-Beta_2K.jpg 944w, https://rakosliget.hu/wordpress/wp-content/uploads/2026/03/rauchmaul-karoly_imgupscaler.ai_Helyreallitas-Beta_2K-215x300.jpg 215w, https://rakosliget.hu/wordpress/wp-content/uploads/2026/03/rauchmaul-karoly_imgupscaler.ai_Helyreallitas-Beta_2K-768x1074.jpg 768w" sizes="auto, (max-width: 944px) 100vw, 944px" /><figcaption class="wp-element-caption">AI képjavítás.</figcaption></figure>
</div>


<h2 class="wp-block-heading">(Sachsen Weimar, 1832. ápr. 30. – Rákosliget, 1916. jún. 12.)</h2>



<p>Vasmunkás. Tagja volt az I. Internacionálé pesti szekciójának, vezetője a Munkásképző Egyletnek és elnöke a Munkásbiztosító Pénztárnak. Tevékeny részese az Általános Munkásegylettel való egyesülésnek. Az egyesülés után az Egylet választmányi tagja, az 1870 – 71-i hűtlenségi per vádlottja. 1873-ban részt vett a Magyarországi Általános Munkáspárt megalakításában. Később tagja lett az SZDP vezetőségének. – Irod. R. K. (Építőmunkás, 1916. jún. 29. az.); R. K. (Munkásügyi Szle, 1916); R. K. (Népszava, 1916. jún. 13. sz.); Nemes Dezső: Az Általános Munkásegylet története (Bp., 1952).</p>



<p>Forrás: <a href="http://mek.oszk.hu/00300/00355/html/ABC12527/12780.htm"><strong>Magyar Életrajzi Lexikon 1000-1990 </strong><br>/00300/00355/html/ABC12527/12780.htm</a></p>



<p>Rauchmaul Károly, aki 1871-ben, a Párizsi kommün idején egy gyűlés szónoka volt, s emiatt a vádlottak padjára került. Tagja volt az I. Internacionálénak és 1873-ban részt vett a szociáldemokrata párt alapításában is. A Betegsegélyező Pénztár tulajdonképpeni alapítója és haláláig vezetőségi tagja Rákosligeten élt, s 1916-ban itt is halt meg.</p>



<p>Forrás: Honismeret 1980. 42. oldal</p>



<p>Rauchmaul Károly nekrológja a Népszava 1916. június 15.-i számában.</p>


<div class="wp-block-image">
<figure class="aligncenter size-full"><img loading="lazy" decoding="async" width="895" height="2560" src="https://rakosliget.hu/wordpress/wp-content/uploads/2026/03/rauchmaul-temetes1-scaled.jpg" alt="" class="wp-image-24000" srcset="https://rakosliget.hu/wordpress/wp-content/uploads/2026/03/rauchmaul-temetes1-scaled.jpg 895w, https://rakosliget.hu/wordpress/wp-content/uploads/2026/03/rauchmaul-temetes1-105x300.jpg 105w, https://rakosliget.hu/wordpress/wp-content/uploads/2026/03/rauchmaul-temetes1-768x2196.jpg 768w, https://rakosliget.hu/wordpress/wp-content/uploads/2026/03/rauchmaul-temetes1-537x1536.jpg 537w, https://rakosliget.hu/wordpress/wp-content/uploads/2026/03/rauchmaul-temetes1-716x2048.jpg 716w" sizes="auto, (max-width: 895px) 100vw, 895px" /></figure>
</div>

<div class="wp-block-image">
<figure class="aligncenter size-large"><img loading="lazy" decoding="async" width="2048" height="3074" src="https://rakosliget.hu/wordpress/wp-content/uploads/2026/03/rauchmaul-temetes2-2048x3074.jpg" alt="" class="wp-image-24001" srcset="https://rakosliget.hu/wordpress/wp-content/uploads/2026/03/rauchmaul-temetes2-2048x3074.jpg 2048w, https://rakosliget.hu/wordpress/wp-content/uploads/2026/03/rauchmaul-temetes2-200x300.jpg 200w, https://rakosliget.hu/wordpress/wp-content/uploads/2026/03/rauchmaul-temetes2-768x1153.jpg 768w, https://rakosliget.hu/wordpress/wp-content/uploads/2026/03/rauchmaul-temetes2-1023x1536.jpg 1023w, https://rakosliget.hu/wordpress/wp-content/uploads/2026/03/rauchmaul-temetes2-1365x2048.jpg 1365w, https://rakosliget.hu/wordpress/wp-content/uploads/2026/03/rauchmaul-temetes2-scaled.jpg 1706w" sizes="auto, (max-width: 2048px) 100vw, 2048px" /><figcaption class="wp-element-caption">Nagyítás a képre kattintva.</figcaption></figure>
</div>


<div class="wp-block-buttons is-layout-flex wp-block-buttons-is-layout-flex">
<div class="wp-block-button"><a class="wp-block-button__link wp-element-button" href="https://rakosliget.hu/wordpress/index.php/alapitok/">Vissza az alapítók lapra</a></div>
</div>



<p>&nbsp;</p>

<p>Rauchmaul Károly (Sachsen Weimar, 1832. ápr. 30. – Rákosliget, 1916. jún. 12.) Vasmunkás. Tagja volt az I. Internacionálé pesti szekciójának, vezetője a Munkásképző Egyletnek és elnöke a Munkásbiztosító Pénztárnak. Tevékeny részese az Általános Munkásegylettel való egyesülésnek. Az egyesülés után az Egylet választmányi tagja, az 1870 – 71-i hűtlenségi per vádlottja. 1873-ban részt vett a Magyarországi &hellip; <a href="https://rakosliget.hu/wordpress/index.php/rauchmaul-karoly/" class="more-link"><span class="screen-reader-text">Rauchmaul Károly</span> részletei&#8230;</a></p>
