{"id":1158,"date":"2018-03-23T04:24:43","date_gmt":"2018-03-23T03:24:43","guid":{"rendered":"http:\/\/rakosliget.hu\/wordpress\/?page_id=1158"},"modified":"2018-03-23T04:24:43","modified_gmt":"2018-03-23T03:24:43","slug":"puskas-imre","status":"publish","type":"page","link":"https:\/\/rakosliget.hu\/wordpress\/index.php\/puskas-imre\/","title":{"rendered":"Pusk\u00e1s Imre"},"content":{"rendered":"<h1 align=\"left\"><span data-canvas-width=\"36.67357541990421\">Pusk\u00e1s<\/span><span data-canvas-width=\"28.101050529241327\"> Imre<\/span><\/h1>\n<h2 align=\"left\"><span data-canvas-width=\"173.55489621447578\">(R\u00e1koskereszt\u00far, 1909-1976)<\/span><\/h2>\n<h2 align=\"left\">a R\u00e1kosligeti Nemzeti Bizotts\u00e1g <span data-canvas-width=\"229.77038494518362\">\u00e9s <\/span><span data-canvas-width=\"118.78245487706225\">a k\u00e9pvisel\u0151-test\u00fclet<\/span> tagja<\/h2>\n<p align=\"left\">\n<p align=\"left\"><span data-canvas-width=\"173.55489621447578\">B\u00e1<\/span><span data-canvas-width=\"233.27197306439595\">dogos, szobafest\u0151seg\u00e9d. 1945-t\u0151l az MKP <\/span><span data-canvas-width=\"229.63332130388503\">(MDP) tagja, szoba<\/span><span data-canvas-width=\"233.10129003938263\">fest\u0151 kisiparos. 1945-ben a R\u00e1kosligeti Nemzeti Bizotts\u00e1g, <\/span><span data-canvas-width=\"209.0065363416711\">1945-1946-ban a k\u00e9pvisel\u0151-test\u00fclet tagja. <\/span><\/p>\n","protected":false},"excerpt":{"rendered":"<p>Pusk\u00e1s Imre (R\u00e1koskereszt\u00far, 1909-1976) a R\u00e1kosligeti Nemzeti Bizotts\u00e1g \u00e9s a k\u00e9pvisel\u0151-test\u00fclet tagja B\u00e1dogos, szobafest\u0151seg\u00e9d. 1945-t\u0151l az MKP (MDP) tagja, szobafest\u0151 kisiparos. 1945-ben a R\u00e1kosligeti Nemzeti Bizotts\u00e1g, 1945-1946-ban a k\u00e9pvisel\u0151-test\u00fclet tagja.<\/p>\n","protected":false},"author":1,"featured_media":0,"parent":0,"menu_order":0,"comment_status":"closed","ping_status":"closed","template":"","meta":{"footnotes":""},"class_list":["post-1158","page","type-page","status-publish","hentry"],"_links":{"self":[{"href":"https:\/\/rakosliget.hu\/wordpress\/index.php\/wp-json\/wp\/v2\/pages\/1158","targetHints":{"allow":["GET"]}}],"collection":[{"href":"https:\/\/rakosliget.hu\/wordpress\/index.php\/wp-json\/wp\/v2\/pages"}],"about":[{"href":"https:\/\/rakosliget.hu\/wordpress\/index.php\/wp-json\/wp\/v2\/types\/page"}],"author":[{"embeddable":true,"href":"https:\/\/rakosliget.hu\/wordpress\/index.php\/wp-json\/wp\/v2\/users\/1"}],"replies":[{"embeddable":true,"href":"https:\/\/rakosliget.hu\/wordpress\/index.php\/wp-json\/wp\/v2\/comments?post=1158"}],"version-history":[{"count":1,"href":"https:\/\/rakosliget.hu\/wordpress\/index.php\/wp-json\/wp\/v2\/pages\/1158\/revisions"}],"predecessor-version":[{"id":1159,"href":"https:\/\/rakosliget.hu\/wordpress\/index.php\/wp-json\/wp\/v2\/pages\/1158\/revisions\/1159"}],"wp:attachment":[{"href":"https:\/\/rakosliget.hu\/wordpress\/index.php\/wp-json\/wp\/v2\/media?parent=1158"}],"curies":[{"name":"wp","href":"https:\/\/api.w.org\/{rel}","templated":true}]}}