{"id":1141,"date":"2018-03-23T04:17:55","date_gmt":"2018-03-23T03:17:55","guid":{"rendered":"http:\/\/rakosliget.hu\/wordpress\/?page_id=1141"},"modified":"2021-11-09T04:43:09","modified_gmt":"2021-11-09T03:43:09","slug":"paulinyi-gabor","status":"publish","type":"page","link":"https:\/\/rakosliget.hu\/wordpress\/index.php\/paulinyi-gabor\/","title":{"rendered":"Paulinyi G\u00e1bor"},"content":{"rendered":"<h1>&nbsp;<\/h1>\n<p>(T\u00f3tpr\u00f3na 1875 &#8211; R\u00e1kosliget 1937. m\u00e1jus 19.)<\/p>\n<p><\/p>\n\n\n<p>1875-ben sz\u00fcletett T\u00f3tpr\u00f3n\u00e1n ( ma: <em>Slovensk\u00e9 Pravno<\/em> Zsonai ker\u00fclet, Stubnyai j\u00e1r\u00e1s). A zniov\u00e1raljai (ma: <em>Kl\u00e1\u0161tor pod Znievom<\/em>) tan\u00edt\u00f3k\u00e9pz\u0151t 1895-ben v\u00e9gezte, majd Verb\u00f3con (ma: <em>Vrbovce<\/em>)kezdett tan\u00edtani. 1897-ben \u00e1thelyezt\u00e9k Ruttk\u00e1ra, ahol 1919-ig tan\u00edtott. Ebben az \u00e9vben a csehek mint megb\u00edzhatatlant kiutas\u00edtott\u00e1k. \u00c1tk\u00f6lt\u00f6z\u00f6tt Magyarorsz\u00e1gra, egy \u00e9vig Kispesten, majd 1920-t\u00f3l R\u00e1kosligeten \u00e1llt alkalmaz\u00e1sban. R\u00e1kosliget k\u00f6zs\u00e9gi k\u00e9pvisel\u0151-test\u00fclet\u00e9nek tagja, az OKH igazgat\u00f3s\u00e1gi tagja, Polg\u00e1ri K\u00f6r tag, a R\u00e1kosligeti Atl\u00e9tikai Club \u00fcgyvezet\u0151 eln\u00f6ke, az evang\u00e9likus egyh\u00e1z r\u00e1kosligeti gondnoka.<\/p>\n\n\n\n<p>R\u00e1kosligeten halt meg. (?)<\/p>\n\n\n\n<p>1923-1926 k\u00f6z\u00f6tt evang\u00e9likus hitoktat\u00f3.<\/p>\n\n\n\n<p>1927-t\u0151l a r\u00e1kosligeti evang\u00e9likusok fel\u00fcgyel\u0151v\u00e9 v\u00e1lasztj\u00e1k.<\/p>\n\n\n\n<p>A r\u00e1kosligeti elemi iskola tan\u00edt\u00f3- igazgat\u00f3ja.<\/p>\n\n\n\n<p><\/p>\n\n\n\n<figure class=\"wp-block-gallery aligncenter columns-1 is-cropped wp-block-gallery-1 is-layout-flex wp-block-gallery-is-layout-flex\"><ul class=\"blocks-gallery-grid\"><li class=\"blocks-gallery-item\"><figure><img loading=\"lazy\" decoding=\"async\" width=\"375\" height=\"500\" src=\"http:\/\/rakosliget.hu\/wordpress\/wp-content\/uploads\/2018\/10\/paulanyi.jpg\" alt=\"\" data-id=\"1633\" data-full-url=\"http:\/\/rakosliget.hu\/wordpress\/wp-content\/uploads\/2018\/10\/paulanyi.jpg\" data-link=\"http:\/\/rakosliget.hu\/wordpress\/paulanyi\/\" class=\"wp-image-1633\" srcset=\"https:\/\/rakosliget.hu\/wordpress\/wp-content\/uploads\/2018\/10\/paulanyi.jpg 375w, https:\/\/rakosliget.hu\/wordpress\/wp-content\/uploads\/2018\/10\/paulanyi-225x300.jpg 225w\" sizes=\"auto, (max-width: 375px) 100vw, 375px\" \/><\/figure><\/li><\/ul><\/figure>\n\n\n\n<p>1924 -ben az ipartanonciskola fel\u00fcgyel\u0151bizotts\u00e1gi tagja.<\/p>\n\n\n\n<figure class=\"wp-block-image size-large\"><a href=\"http:\/\/rakosliget.hu\/wordpress\/wp-content\/uploads\/2021\/11\/Paulinyi-Gabor.jpg\"><img loading=\"lazy\" decoding=\"async\" width=\"1024\" height=\"721\" src=\"https:\/\/rakosliget.hu\/wordpress\/wp-content\/uploads\/2021\/11\/Paulinyi-Gabor-1024x721.jpg\" alt=\"\" class=\"wp-image-9431\" srcset=\"https:\/\/rakosliget.hu\/wordpress\/wp-content\/uploads\/2021\/11\/Paulinyi-Gabor-1024x721.jpg 1024w, https:\/\/rakosliget.hu\/wordpress\/wp-content\/uploads\/2021\/11\/Paulinyi-Gabor-300x211.jpg 300w, https:\/\/rakosliget.hu\/wordpress\/wp-content\/uploads\/2021\/11\/Paulinyi-Gabor-768x541.jpg 768w, https:\/\/rakosliget.hu\/wordpress\/wp-content\/uploads\/2021\/11\/Paulinyi-Gabor.jpg 1204w\" sizes=\"auto, (max-width: 1024px) 100vw, 1024px\" \/><\/a><figcaption>Forr\u00e1s: <a href=\"https:\/\/dspace.oszk.hu\/discover\" target=\"_blank\" rel=\"noreferrer noopener\">https:\/\/dspace.oszk.hu\/discover<\/a><\/figcaption><\/figure>\n\n\n\n<p><\/p>\n","protected":false},"excerpt":{"rendered":"<p>&nbsp; (T\u00f3tpr\u00f3na 1875 &#8211; R\u00e1kosliget 1937. m\u00e1jus 19.) 1875-ben sz\u00fcletett T\u00f3tpr\u00f3n\u00e1n ( ma: Slovensk\u00e9 Pravno Zsonai ker\u00fclet, Stubnyai j\u00e1r\u00e1s). A zniov\u00e1raljai (ma: Kl\u00e1\u0161tor pod Znievom) tan\u00edt\u00f3k\u00e9pz\u0151t 1895-ben v\u00e9gezte, majd Verb\u00f3con (ma: Vrbovce)kezdett tan\u00edtani. 1897-ben \u00e1thelyezt\u00e9k Ruttk\u00e1ra, ahol 1919-ig tan\u00edtott. Ebben az \u00e9vben a csehek mint megb\u00edzhatatlant kiutas\u00edtott\u00e1k. \u00c1tk\u00f6lt\u00f6z\u00f6tt Magyarorsz\u00e1gra, egy \u00e9vig Kispesten, majd 1920-t\u00f3l R\u00e1kosligeten &hellip; <a href=\"https:\/\/rakosliget.hu\/wordpress\/index.php\/paulinyi-gabor\/\" class=\"more-link\"><span class=\"screen-reader-text\">Paulinyi G\u00e1bor<\/span> r\u00e9szletei&#8230;<\/a><\/p>\n","protected":false},"author":1,"featured_media":0,"parent":0,"menu_order":0,"comment_status":"closed","ping_status":"closed","template":"","meta":{"footnotes":""},"class_list":["post-1141","page","type-page","status-publish","hentry"],"_links":{"self":[{"href":"https:\/\/rakosliget.hu\/wordpress\/index.php\/wp-json\/wp\/v2\/pages\/1141","targetHints":{"allow":["GET"]}}],"collection":[{"href":"https:\/\/rakosliget.hu\/wordpress\/index.php\/wp-json\/wp\/v2\/pages"}],"about":[{"href":"https:\/\/rakosliget.hu\/wordpress\/index.php\/wp-json\/wp\/v2\/types\/page"}],"author":[{"embeddable":true,"href":"https:\/\/rakosliget.hu\/wordpress\/index.php\/wp-json\/wp\/v2\/users\/1"}],"replies":[{"embeddable":true,"href":"https:\/\/rakosliget.hu\/wordpress\/index.php\/wp-json\/wp\/v2\/comments?post=1141"}],"version-history":[{"count":12,"href":"https:\/\/rakosliget.hu\/wordpress\/index.php\/wp-json\/wp\/v2\/pages\/1141\/revisions"}],"predecessor-version":[{"id":9433,"href":"https:\/\/rakosliget.hu\/wordpress\/index.php\/wp-json\/wp\/v2\/pages\/1141\/revisions\/9433"}],"wp:attachment":[{"href":"https:\/\/rakosliget.hu\/wordpress\/index.php\/wp-json\/wp\/v2\/media?parent=1141"}],"curies":[{"name":"wp","href":"https:\/\/api.w.org\/{rel}","templated":true}]}}