{"id":1135,"date":"2018-03-23T04:14:53","date_gmt":"2018-03-23T03:14:53","guid":{"rendered":"http:\/\/rakosliget.hu\/wordpress\/?page_id=1135"},"modified":"2018-03-23T04:14:53","modified_gmt":"2018-03-23T03:14:53","slug":"parak-ferenc","status":"publish","type":"page","link":"https:\/\/rakosliget.hu\/wordpress\/index.php\/parak-ferenc\/","title":{"rendered":"P\u00e1r\u00e1k Ferenc"},"content":{"rendered":"<h1 align=\"left\">P\u00e1r\u00e1k Ferenc<\/h1>\n<h2 align=\"left\">a R\u00e1kosligeti Nemzeti Bizotts\u00e1g tagja<\/h2>\n<p align=\"left\">\n<p align=\"left\"><span data-canvas-width=\"202.0321706214991\"> 1945 elej\u00e9n a R\u00e1kosligeti <\/span><span data-canvas-width=\"63.55038588156843\">NB tagja. <\/span><\/p>\n","protected":false},"excerpt":{"rendered":"<p>P\u00e1r\u00e1k Ferenc a R\u00e1kosligeti Nemzeti Bizotts\u00e1g tagja 1945 elej\u00e9n a R\u00e1kosligeti NB tagja.<\/p>\n","protected":false},"author":1,"featured_media":0,"parent":0,"menu_order":0,"comment_status":"closed","ping_status":"closed","template":"","meta":{"footnotes":""},"class_list":["post-1135","page","type-page","status-publish","hentry"],"_links":{"self":[{"href":"https:\/\/rakosliget.hu\/wordpress\/index.php\/wp-json\/wp\/v2\/pages\/1135","targetHints":{"allow":["GET"]}}],"collection":[{"href":"https:\/\/rakosliget.hu\/wordpress\/index.php\/wp-json\/wp\/v2\/pages"}],"about":[{"href":"https:\/\/rakosliget.hu\/wordpress\/index.php\/wp-json\/wp\/v2\/types\/page"}],"author":[{"embeddable":true,"href":"https:\/\/rakosliget.hu\/wordpress\/index.php\/wp-json\/wp\/v2\/users\/1"}],"replies":[{"embeddable":true,"href":"https:\/\/rakosliget.hu\/wordpress\/index.php\/wp-json\/wp\/v2\/comments?post=1135"}],"version-history":[{"count":1,"href":"https:\/\/rakosliget.hu\/wordpress\/index.php\/wp-json\/wp\/v2\/pages\/1135\/revisions"}],"predecessor-version":[{"id":1136,"href":"https:\/\/rakosliget.hu\/wordpress\/index.php\/wp-json\/wp\/v2\/pages\/1135\/revisions\/1136"}],"wp:attachment":[{"href":"https:\/\/rakosliget.hu\/wordpress\/index.php\/wp-json\/wp\/v2\/media?parent=1135"}],"curies":[{"name":"wp","href":"https:\/\/api.w.org\/{rel}","templated":true}]}}