{"id":10785,"date":"2023-01-20T04:46:51","date_gmt":"2023-01-20T03:46:51","guid":{"rendered":"https:\/\/rakosliget.hu\/wordpress\/?page_id=10785"},"modified":"2025-03-07T13:13:41","modified_gmt":"2025-03-07T12:13:41","slug":"szabad-nep","status":"publish","type":"page","link":"https:\/\/rakosliget.hu\/wordpress\/index.php\/szabad-nep\/","title":{"rendered":"SZABAD N\u00c9P"},"content":{"rendered":"\n<p><a href=\"https:\/\/rakosliget.hu\/wordpress\/index.php\/rakosliget-a-korabeli-hirekben\/\">Vissza a SAJT\u00d3H\u00cdREK lapra<\/a><\/p>\n\n\n\n<p>R\u00e1kosi &#8211; Szt\u00e1lin korszak cikkei:<\/p>\n\n\n\n<figure class=\"wp-block-image size-large\"><a href=\"https:\/\/rakosliget.hu\/wordpress\/index.php\/szabad-nep\/\"><img loading=\"lazy\" decoding=\"async\" width=\"611\" height=\"1024\" src=\"https:\/\/rakosliget.hu\/wordpress\/wp-content\/uploads\/2023\/01\/sztalinlevel-611x1024.jpg\" alt=\"\" class=\"wp-image-10790\" srcset=\"https:\/\/rakosliget.hu\/wordpress\/wp-content\/uploads\/2023\/01\/sztalinlevel-611x1024.jpg 611w, https:\/\/rakosliget.hu\/wordpress\/wp-content\/uploads\/2023\/01\/sztalinlevel-179x300.jpg 179w, https:\/\/rakosliget.hu\/wordpress\/wp-content\/uploads\/2023\/01\/sztalinlevel-768x1288.jpg 768w, https:\/\/rakosliget.hu\/wordpress\/wp-content\/uploads\/2023\/01\/sztalinlevel-916x1536.jpg 916w, https:\/\/rakosliget.hu\/wordpress\/wp-content\/uploads\/2023\/01\/sztalinlevel-1221x2048.jpg 1221w, https:\/\/rakosliget.hu\/wordpress\/wp-content\/uploads\/2023\/01\/sztalinlevel.jpg 1353w\" sizes=\"auto, (max-width: 611px) 100vw, 611px\" \/><\/a><figcaption class=\"wp-element-caption\">Forr\u00e1s: Szabad N\u00e9p 1949. december 9.<\/figcaption><\/figure>\n\n\n\n<p><a href=\"https:\/\/rakosliget.hu\/wordpress\/index.php\/rakosliget-a-korabeli-hirekben\/\">Vissza a SAJT\u00d3H\u00cdREK lapra<\/a><\/p>\n","protected":false},"excerpt":{"rendered":"<p>Vissza a SAJT\u00d3H\u00cdREK lapra R\u00e1kosi &#8211; Szt\u00e1lin korszak cikkei: Vissza a SAJT\u00d3H\u00cdREK lapra<\/p>\n","protected":false},"author":1,"featured_media":10789,"parent":0,"menu_order":0,"comment_status":"closed","ping_status":"closed","template":"","meta":{"footnotes":""},"class_list":["post-10785","page","type-page","status-publish","has-post-thumbnail","hentry"],"_links":{"self":[{"href":"https:\/\/rakosliget.hu\/wordpress\/index.php\/wp-json\/wp\/v2\/pages\/10785","targetHints":{"allow":["GET"]}}],"collection":[{"href":"https:\/\/rakosliget.hu\/wordpress\/index.php\/wp-json\/wp\/v2\/pages"}],"about":[{"href":"https:\/\/rakosliget.hu\/wordpress\/index.php\/wp-json\/wp\/v2\/types\/page"}],"author":[{"embeddable":true,"href":"https:\/\/rakosliget.hu\/wordpress\/index.php\/wp-json\/wp\/v2\/users\/1"}],"replies":[{"embeddable":true,"href":"https:\/\/rakosliget.hu\/wordpress\/index.php\/wp-json\/wp\/v2\/comments?post=10785"}],"version-history":[{"count":5,"href":"https:\/\/rakosliget.hu\/wordpress\/index.php\/wp-json\/wp\/v2\/pages\/10785\/revisions"}],"predecessor-version":[{"id":16722,"href":"https:\/\/rakosliget.hu\/wordpress\/index.php\/wp-json\/wp\/v2\/pages\/10785\/revisions\/16722"}],"wp:featuredmedia":[{"embeddable":true,"href":"https:\/\/rakosliget.hu\/wordpress\/index.php\/wp-json\/wp\/v2\/media\/10789"}],"wp:attachment":[{"href":"https:\/\/rakosliget.hu\/wordpress\/index.php\/wp-json\/wp\/v2\/media?parent=10785"}],"curies":[{"name":"wp","href":"https:\/\/api.w.org\/{rel}","templated":true}]}}