{"id":1077,"date":"2018-03-23T03:47:33","date_gmt":"2018-03-23T02:47:33","guid":{"rendered":"http:\/\/rakosliget.hu\/wordpress\/?page_id=1077"},"modified":"2018-03-23T03:47:33","modified_gmt":"2018-03-23T02:47:33","slug":"maderspach-endre-dr","status":"publish","type":"page","link":"https:\/\/rakosliget.hu\/wordpress\/index.php\/maderspach-endre-dr\/","title":{"rendered":"Maderspach Endre dr."},"content":{"rendered":"<h1 align=\"left\">dr. Maderspach Endre () gy\u00f3gyszer\u00e9sz<\/h1>\n<p align=\"left\">Egyetemi doktori \u00e9rtekez\u00e9se a Budapesti Orvostudom\u00e1nyi Egyetemen az 1927\/1928 tan\u00e9vben. T\u00e9m\u00e1ja: Gy\u00f3gyszeres folyad\u00e9kok bakt\u00e9rium fl\u00f3r\u00e1j\u00e1nak vizsg\u00e1lata. K\u00f6zeg\u00e9szs\u00e9gtani Int\u00e9zet.<\/p>\n<p align=\"left\">Forr\u00e1s:<a href=\"http:\/\/www.gyogyszeresztortenet.hu\/wp-content\/uploads\/2014\/08\/A-n%C5%91k-szerep%C3%A9nek-%C3%A9s-helyzet%C3%A9nek-vizsg%C3%A1lata-a-gy%C3%B3gyszer%C3%A9szetben-haz%C3%A1nkban-1895-1995.pdf\">http:\/\/www.gyogyszeresztortenet.hu\/wp-content\/uploads\/2014\/08\/A-n%C5%91k-szerep%C3%A9nek-%C3%A9s-helyzet%C3%A9nek-vizsg%C3%A1lata-a-gy%C3%B3gyszer%C3%A9szetben-haz%C3%A1nkban-1895-1995.pdf<\/a><\/p>\n","protected":false},"excerpt":{"rendered":"<p>dr. Maderspach Endre () gy\u00f3gyszer\u00e9sz Egyetemi doktori \u00e9rtekez\u00e9se a Budapesti Orvostudom\u00e1nyi Egyetemen az 1927\/1928 tan\u00e9vben. T\u00e9m\u00e1ja: Gy\u00f3gyszeres folyad\u00e9kok bakt\u00e9rium fl\u00f3r\u00e1j\u00e1nak vizsg\u00e1lata. K\u00f6zeg\u00e9szs\u00e9gtani Int\u00e9zet. Forr\u00e1s:http:\/\/www.gyogyszeresztortenet.hu\/wp-content\/uploads\/2014\/08\/A-n%C5%91k-szerep%C3%A9nek-%C3%A9s-helyzet%C3%A9nek-vizsg%C3%A1lata-a-gy%C3%B3gyszer%C3%A9szetben-haz%C3%A1nkban-1895-1995.pdf<\/p>\n","protected":false},"author":1,"featured_media":0,"parent":0,"menu_order":0,"comment_status":"closed","ping_status":"closed","template":"","meta":{"footnotes":""},"class_list":["post-1077","page","type-page","status-publish","hentry"],"_links":{"self":[{"href":"https:\/\/rakosliget.hu\/wordpress\/index.php\/wp-json\/wp\/v2\/pages\/1077","targetHints":{"allow":["GET"]}}],"collection":[{"href":"https:\/\/rakosliget.hu\/wordpress\/index.php\/wp-json\/wp\/v2\/pages"}],"about":[{"href":"https:\/\/rakosliget.hu\/wordpress\/index.php\/wp-json\/wp\/v2\/types\/page"}],"author":[{"embeddable":true,"href":"https:\/\/rakosliget.hu\/wordpress\/index.php\/wp-json\/wp\/v2\/users\/1"}],"replies":[{"embeddable":true,"href":"https:\/\/rakosliget.hu\/wordpress\/index.php\/wp-json\/wp\/v2\/comments?post=1077"}],"version-history":[{"count":1,"href":"https:\/\/rakosliget.hu\/wordpress\/index.php\/wp-json\/wp\/v2\/pages\/1077\/revisions"}],"predecessor-version":[{"id":1078,"href":"https:\/\/rakosliget.hu\/wordpress\/index.php\/wp-json\/wp\/v2\/pages\/1077\/revisions\/1078"}],"wp:attachment":[{"href":"https:\/\/rakosliget.hu\/wordpress\/index.php\/wp-json\/wp\/v2\/media?parent=1077"}],"curies":[{"name":"wp","href":"https:\/\/api.w.org\/{rel}","templated":true}]}}