{"id":10764,"date":"2023-01-15T16:49:00","date_gmt":"2023-01-15T15:49:00","guid":{"rendered":"https:\/\/rakosliget.hu\/wordpress\/?page_id=10764"},"modified":"2023-01-15T16:50:00","modified_gmt":"2023-01-15T15:50:00","slug":"sport-club-epulete-1950","status":"publish","type":"page","link":"https:\/\/rakosliget.hu\/wordpress\/index.php\/sport-club-epulete-1950\/","title":{"rendered":"SPORT CLUB \u00c9P\u00dcLETE 1950-"},"content":{"rendered":"\n<h2 class=\"wp-block-heading\">1998<\/h2>\n\n\n\n<figure class=\"wp-block-image size-full\"><img loading=\"lazy\" decoding=\"async\" width=\"727\" height=\"667\" src=\"https:\/\/rakosliget.hu\/wordpress\/wp-content\/uploads\/2023\/01\/zenes-hetvege-1998.jpg\" alt=\"\" class=\"wp-image-10766\" srcset=\"https:\/\/rakosliget.hu\/wordpress\/wp-content\/uploads\/2023\/01\/zenes-hetvege-1998.jpg 727w, https:\/\/rakosliget.hu\/wordpress\/wp-content\/uploads\/2023\/01\/zenes-hetvege-1998-300x275.jpg 300w\" sizes=\"auto, (max-width: 727px) 100vw, 727px\" \/><figcaption class=\"wp-element-caption\">Forr\u00e1s: N\u00e9pszabads\u00e1g 1998. j\u00fanius 6.<\/figcaption><\/figure>\n","protected":false},"excerpt":{"rendered":"<p>1998<\/p>\n","protected":false},"author":1,"featured_media":0,"parent":0,"menu_order":0,"comment_status":"closed","ping_status":"closed","template":"","meta":{"footnotes":""},"class_list":["post-10764","page","type-page","status-publish","hentry"],"_links":{"self":[{"href":"https:\/\/rakosliget.hu\/wordpress\/index.php\/wp-json\/wp\/v2\/pages\/10764","targetHints":{"allow":["GET"]}}],"collection":[{"href":"https:\/\/rakosliget.hu\/wordpress\/index.php\/wp-json\/wp\/v2\/pages"}],"about":[{"href":"https:\/\/rakosliget.hu\/wordpress\/index.php\/wp-json\/wp\/v2\/types\/page"}],"author":[{"embeddable":true,"href":"https:\/\/rakosliget.hu\/wordpress\/index.php\/wp-json\/wp\/v2\/users\/1"}],"replies":[{"embeddable":true,"href":"https:\/\/rakosliget.hu\/wordpress\/index.php\/wp-json\/wp\/v2\/comments?post=10764"}],"version-history":[{"count":2,"href":"https:\/\/rakosliget.hu\/wordpress\/index.php\/wp-json\/wp\/v2\/pages\/10764\/revisions"}],"predecessor-version":[{"id":10767,"href":"https:\/\/rakosliget.hu\/wordpress\/index.php\/wp-json\/wp\/v2\/pages\/10764\/revisions\/10767"}],"wp:attachment":[{"href":"https:\/\/rakosliget.hu\/wordpress\/index.php\/wp-json\/wp\/v2\/media?parent=10764"}],"curies":[{"name":"wp","href":"https:\/\/api.w.org\/{rel}","templated":true}]}}