{"id":10755,"date":"2023-01-15T16:37:07","date_gmt":"2023-01-15T15:37:07","guid":{"rendered":"https:\/\/rakosliget.hu\/wordpress\/?page_id=10755"},"modified":"2023-01-15T17:20:03","modified_gmt":"2023-01-15T16:20:03","slug":"sport-1950-tol","status":"publish","type":"page","link":"https:\/\/rakosliget.hu\/wordpress\/index.php\/sport-1950-tol\/","title":{"rendered":"SPORT 1950-t\u0151l"},"content":{"rendered":"\n<figure class=\"wp-block-image size-large\"><img loading=\"lazy\" decoding=\"async\" width=\"824\" height=\"1024\" src=\"https:\/\/rakosliget.hu\/wordpress\/wp-content\/uploads\/2023\/01\/sport-824x1024.jpg\" alt=\"\" class=\"wp-image-10757\" srcset=\"https:\/\/rakosliget.hu\/wordpress\/wp-content\/uploads\/2023\/01\/sport-824x1024.jpg 824w, https:\/\/rakosliget.hu\/wordpress\/wp-content\/uploads\/2023\/01\/sport-241x300.jpg 241w, https:\/\/rakosliget.hu\/wordpress\/wp-content\/uploads\/2023\/01\/sport-768x955.jpg 768w, https:\/\/rakosliget.hu\/wordpress\/wp-content\/uploads\/2023\/01\/sport-1236x1536.jpg 1236w, https:\/\/rakosliget.hu\/wordpress\/wp-content\/uploads\/2023\/01\/sport-1648x2048.jpg 1648w, https:\/\/rakosliget.hu\/wordpress\/wp-content\/uploads\/2023\/01\/sport.jpg 1684w\" sizes=\"auto, (max-width: 824px) 100vw, 824px\" \/><figcaption class=\"wp-element-caption\">Forr\u00e1s: N\u00e9pszabads\u00e1g 1998. m\u00e1rcius 6.<\/figcaption><\/figure>\n\n\n\n<figure class=\"wp-block-image size-full\"><img loading=\"lazy\" decoding=\"async\" width=\"685\" height=\"393\" src=\"https:\/\/rakosliget.hu\/wordpress\/wp-content\/uploads\/2023\/01\/sport-90.jpg\" alt=\"\" class=\"wp-image-10774\" srcset=\"https:\/\/rakosliget.hu\/wordpress\/wp-content\/uploads\/2023\/01\/sport-90.jpg 685w, https:\/\/rakosliget.hu\/wordpress\/wp-content\/uploads\/2023\/01\/sport-90-300x172.jpg 300w\" sizes=\"auto, (max-width: 685px) 100vw, 685px\" \/><figcaption class=\"wp-element-caption\">Forr\u00e1s: N\u00e9pszabads\u00e1g 2002. j\u00fanius 7.<\/figcaption><\/figure>\n","protected":false},"excerpt":{"rendered":"","protected":false},"author":1,"featured_media":0,"parent":0,"menu_order":0,"comment_status":"closed","ping_status":"closed","template":"","meta":{"footnotes":""},"class_list":["post-10755","page","type-page","status-publish","hentry"],"_links":{"self":[{"href":"https:\/\/rakosliget.hu\/wordpress\/index.php\/wp-json\/wp\/v2\/pages\/10755","targetHints":{"allow":["GET"]}}],"collection":[{"href":"https:\/\/rakosliget.hu\/wordpress\/index.php\/wp-json\/wp\/v2\/pages"}],"about":[{"href":"https:\/\/rakosliget.hu\/wordpress\/index.php\/wp-json\/wp\/v2\/types\/page"}],"author":[{"embeddable":true,"href":"https:\/\/rakosliget.hu\/wordpress\/index.php\/wp-json\/wp\/v2\/users\/1"}],"replies":[{"embeddable":true,"href":"https:\/\/rakosliget.hu\/wordpress\/index.php\/wp-json\/wp\/v2\/comments?post=10755"}],"version-history":[{"count":3,"href":"https:\/\/rakosliget.hu\/wordpress\/index.php\/wp-json\/wp\/v2\/pages\/10755\/revisions"}],"predecessor-version":[{"id":10775,"href":"https:\/\/rakosliget.hu\/wordpress\/index.php\/wp-json\/wp\/v2\/pages\/10755\/revisions\/10775"}],"wp:attachment":[{"href":"https:\/\/rakosliget.hu\/wordpress\/index.php\/wp-json\/wp\/v2\/media?parent=10755"}],"curies":[{"name":"wp","href":"https:\/\/api.w.org\/{rel}","templated":true}]}}