{"id":10744,"date":"2023-01-15T10:55:07","date_gmt":"2023-01-15T09:55:07","guid":{"rendered":"https:\/\/rakosliget.hu\/wordpress\/?page_id=10744"},"modified":"2025-03-14T19:27:20","modified_gmt":"2025-03-14T18:27:20","slug":"hosok-tere-1950-tol","status":"publish","type":"page","link":"https:\/\/rakosliget.hu\/wordpress\/index.php\/hosok-tere-1950-tol\/","title":{"rendered":"H\u0150S\u00d6K TERE 1950-t\u0151l"},"content":{"rendered":"\n<figure class=\"wp-block-image size-full\"><img loading=\"lazy\" decoding=\"async\" width=\"900\" height=\"731\" src=\"https:\/\/rakosliget.hu\/wordpress\/wp-content\/uploads\/2025\/03\/fortepan_261488_900.jpg\" alt=\"\" class=\"wp-image-16980\" srcset=\"https:\/\/rakosliget.hu\/wordpress\/wp-content\/uploads\/2025\/03\/fortepan_261488_900.jpg 900w, https:\/\/rakosliget.hu\/wordpress\/wp-content\/uploads\/2025\/03\/fortepan_261488_900-300x244.jpg 300w, https:\/\/rakosliget.hu\/wordpress\/wp-content\/uploads\/2025\/03\/fortepan_261488_900-768x624.jpg 768w\" sizes=\"auto, (max-width: 900px) 100vw, 900px\" \/><figcaption class=\"wp-element-caption\">Forr\u00e1s: Fortepan<\/figcaption><\/figure>\n\n\n\n<figure class=\"wp-block-image size-large\"><img loading=\"lazy\" decoding=\"async\" width=\"495\" height=\"1024\" src=\"https:\/\/rakosliget.hu\/wordpress\/wp-content\/uploads\/2023\/01\/hosok-tere-495x1024.jpg\" alt=\"\" class=\"wp-image-10746\" srcset=\"https:\/\/rakosliget.hu\/wordpress\/wp-content\/uploads\/2023\/01\/hosok-tere-495x1024.jpg 495w, https:\/\/rakosliget.hu\/wordpress\/wp-content\/uploads\/2023\/01\/hosok-tere-145x300.jpg 145w, https:\/\/rakosliget.hu\/wordpress\/wp-content\/uploads\/2023\/01\/hosok-tere.jpg 521w\" sizes=\"auto, (max-width: 495px) 100vw, 495px\" \/><figcaption class=\"wp-element-caption\">Forr\u00e1s: N\u00e9pszabads\u00e1g 1994. \u00e1prilis 12.<\/figcaption><\/figure>\n","protected":false},"excerpt":{"rendered":"","protected":false},"author":1,"featured_media":0,"parent":0,"menu_order":0,"comment_status":"closed","ping_status":"closed","template":"","meta":{"footnotes":""},"class_list":["post-10744","page","type-page","status-publish","hentry"],"_links":{"self":[{"href":"https:\/\/rakosliget.hu\/wordpress\/index.php\/wp-json\/wp\/v2\/pages\/10744","targetHints":{"allow":["GET"]}}],"collection":[{"href":"https:\/\/rakosliget.hu\/wordpress\/index.php\/wp-json\/wp\/v2\/pages"}],"about":[{"href":"https:\/\/rakosliget.hu\/wordpress\/index.php\/wp-json\/wp\/v2\/types\/page"}],"author":[{"embeddable":true,"href":"https:\/\/rakosliget.hu\/wordpress\/index.php\/wp-json\/wp\/v2\/users\/1"}],"replies":[{"embeddable":true,"href":"https:\/\/rakosliget.hu\/wordpress\/index.php\/wp-json\/wp\/v2\/comments?post=10744"}],"version-history":[{"count":3,"href":"https:\/\/rakosliget.hu\/wordpress\/index.php\/wp-json\/wp\/v2\/pages\/10744\/revisions"}],"predecessor-version":[{"id":16981,"href":"https:\/\/rakosliget.hu\/wordpress\/index.php\/wp-json\/wp\/v2\/pages\/10744\/revisions\/16981"}],"wp:attachment":[{"href":"https:\/\/rakosliget.hu\/wordpress\/index.php\/wp-json\/wp\/v2\/media?parent=10744"}],"curies":[{"name":"wp","href":"https:\/\/api.w.org\/{rel}","templated":true}]}}