{"id":1074,"date":"2018-03-23T03:46:02","date_gmt":"2018-03-23T02:46:02","guid":{"rendered":"http:\/\/rakosliget.hu\/wordpress\/?page_id=1074"},"modified":"2018-03-23T03:46:02","modified_gmt":"2018-03-23T02:46:02","slug":"madarasz-gyorgy","status":"publish","type":"page","link":"https:\/\/rakosliget.hu\/wordpress\/index.php\/madarasz-gyorgy\/","title":{"rendered":"Madar\u00e1sz Gy\u00f6rgy"},"content":{"rendered":"<h1 align=\"left\">Madar\u00e1sz Gy\u00f6rgy<\/h1>\n<h2 align=\"left\">(Budapest, 1900)<\/h2>\n<h3 align=\"left\">a R\u00e1kosligeti Nemzeti Bizotts\u00e1g tagja<\/h3>\n<p align=\"left\">\n<p align=\"left\"><span data-canvas-width=\"164.5931193029577\">Kov\u00e1cs. 1917-t\u0151l vesz r\u00e9szt a munk\u00e1smozgalomban, az SZDP (MDP) tagja. 1945 ut\u00e1n a M\u00c1VAG m\u0171helycsoport-vezet\u0151je. 1945 elej\u00e9n a R\u00e1kosligeti Nemzeti Bizotts\u00e1g tagja. &#8211; Nyugd\u00edjas. <\/span><\/p>\n","protected":false},"excerpt":{"rendered":"<p>Madar\u00e1sz Gy\u00f6rgy (Budapest, 1900) a R\u00e1kosligeti Nemzeti Bizotts\u00e1g tagja Kov\u00e1cs. 1917-t\u0151l vesz r\u00e9szt a munk\u00e1smozgalomban, az SZDP (MDP) tagja. 1945 ut\u00e1n a M\u00c1VAG m\u0171helycsoport-vezet\u0151je. 1945 elej\u00e9n a R\u00e1kosligeti Nemzeti Bizotts\u00e1g tagja. &#8211; Nyugd\u00edjas.<\/p>\n","protected":false},"author":1,"featured_media":0,"parent":0,"menu_order":0,"comment_status":"closed","ping_status":"closed","template":"","meta":{"footnotes":""},"class_list":["post-1074","page","type-page","status-publish","hentry"],"_links":{"self":[{"href":"https:\/\/rakosliget.hu\/wordpress\/index.php\/wp-json\/wp\/v2\/pages\/1074","targetHints":{"allow":["GET"]}}],"collection":[{"href":"https:\/\/rakosliget.hu\/wordpress\/index.php\/wp-json\/wp\/v2\/pages"}],"about":[{"href":"https:\/\/rakosliget.hu\/wordpress\/index.php\/wp-json\/wp\/v2\/types\/page"}],"author":[{"embeddable":true,"href":"https:\/\/rakosliget.hu\/wordpress\/index.php\/wp-json\/wp\/v2\/users\/1"}],"replies":[{"embeddable":true,"href":"https:\/\/rakosliget.hu\/wordpress\/index.php\/wp-json\/wp\/v2\/comments?post=1074"}],"version-history":[{"count":1,"href":"https:\/\/rakosliget.hu\/wordpress\/index.php\/wp-json\/wp\/v2\/pages\/1074\/revisions"}],"predecessor-version":[{"id":1075,"href":"https:\/\/rakosliget.hu\/wordpress\/index.php\/wp-json\/wp\/v2\/pages\/1074\/revisions\/1075"}],"wp:attachment":[{"href":"https:\/\/rakosliget.hu\/wordpress\/index.php\/wp-json\/wp\/v2\/media?parent=1074"}],"curies":[{"name":"wp","href":"https:\/\/api.w.org\/{rel}","templated":true}]}}