{"id":1068,"date":"2018-03-23T03:43:08","date_gmt":"2018-03-23T02:43:08","guid":{"rendered":"http:\/\/rakosliget.hu\/wordpress\/?page_id=1068"},"modified":"2018-03-23T03:43:08","modified_gmt":"2018-03-23T02:43:08","slug":"lisanyi-endre","status":"publish","type":"page","link":"https:\/\/rakosliget.hu\/wordpress\/index.php\/lisanyi-endre\/","title":{"rendered":"Lis\u00e1nyi Endre"},"content":{"rendered":"<h1 align=\"left\">Lis\u00e1nyi Endre fest\u0151m\u0171v\u00e9sz, m\u0171v\u00e9szett\u00f6rt\u00e9n\u00e9sz<\/h1>\n<p align=\"left\">\n<p align=\"justify\">&#8222;Lis\u00e1nyi Endre m\u0171vei furcs\u00e1n saj\u00e1tos kis univerzumot has\u00edtanak ki maguknak a kort\u00e1rs k\u00e9pz\u0151m\u0171v\u00e9szet<br \/>\n\u00e9gboltj\u00e1b\u00f3l: f\u0151 elem\u00fck a sp\u00e1rga, amely apr\u00f3 k\u00edgy\u00f3csk\u00e1k k\u00e9p\u00e9ben \u00fagy sz\u00f6vi \u00e1t test\u00fcket, hogy az<br \/>\nalkot\u00e1sok \u00e9l\u0151, l\u00fcktet\u0151 fel\u00fclett\u00e9 alakulnak.<br \/>\nA madzag, vagy sp\u00e1rga &#8211; de nevezhetj\u00fck fonalnak is &#8211; sz\u00e1lai olyan \u00e9l\u0151 organizmusk\u00e9nt hull\u00e1mzanak<br \/>\nLis\u00e1nyi Endre fest\u0151m\u0171v\u00e9sz alkot\u00e1sain, hogy szinte zavarba j\u00f6v\u00fcnk a l\u00fcktet\u0151, \u00e9lettel teli fel\u00fcletek<br \/>\nszeml\u00e9l\u00e9sekor. A m\u0171v\u00e9sz t\u00e9m\u00e1j\u00e1ban is szorosan kapcsol\u00f3dik az emberhez \u00e9s az \u0151 szem\u00e9lyes, sokszor<br \/>\n\u00e9get\u0151 k\u00e9rd\u00e9seihez &#8211; legyen sz\u00f3 a testi vagy szellemi mivolt\u00e1r\u00f3l -, k\u00e9peir\u0151l olykor az intimit\u00e1s<br \/>\nf\u00fclledts\u00e9ge, m\u00e1skor az egy\u00e9ni sors kisz\u00e1m\u00edthatatlans\u00e1ga kanyarog el\u0151\u2026&#8221; \/ Szerz\u0151: Kelemen \u00c9va \/<br \/>\nhttp:\/\/kultura.hu\/main.php?folderID=1&amp;ctag=articlelist&amp;iid=1&amp;articleID=279208\/<\/p>\n<p align=\"justify\">-1990-t\u0151l folyamatosan ki\u00e1ll\u00edt itthon \u00e9s k\u00fclf\u00f6ld\u00f6n egyar\u00e1nt.<\/p>\n<p align=\"justify\">-2003-t\u00f3l az alkot\u00f3 tev\u00e9kenys\u00e9g mellett, m\u0171v\u00e9szett\u00f6rt\u00e9netet oktat\u00e1ssal foglalkozik.<\/p>\n<p align=\"justify\">D\u00edjak:<\/p>\n<p align=\"justify\">-2004. A f\u00f3ti k\u00f6zm\u0171vel\u0151d\u00e9si p\u00e1ly\u00e1zat d\u00edjazottja, a F\u00f3ti M\u0171v\u00e9szeti-szakmai M\u0171hellyel k\u00f6z\u00f6sen<br \/>\n-1999. \u00daj Mecenas Alap\u00edtv\u00e1ny d\u00edjazottja a sz\u00e9cs\u00e9nyi \u0151szi tarlaton.<br \/>\n-1996. \u201eEx Libris\u201d orsz\u00e1gos grafikai p\u00e1ly\u00e1zat III. helyez\u00e9s.<\/p>\n<p align=\"justify\">Publik\u00e1ci\u00f3k:<\/p>\n<p align=\"justify\">-Lis\u00e1nyi Endre (2012): Prenatalis, postmortalis. Szakmai F\u00fczetek (befogad\u00f3 nyilatkozat)<br \/>\n-Lis\u00e1nyi Endre (2012): \u201cPocem.\u201d A noszvaji barlanglak\u00e1sok \u00e9s a kort\u00e1rs m\u0171v\u00e9szet. Honismeret. 2012\/<br \/>\n6<br \/>\n-Lis\u00e1nyi Endre (2011): Term\u00e9szetm\u0171v\u00e9szet; Bal\u00e1zs P\u00e9ter \u00e9s Er\u0151ss Istv\u00e1n alkot\u00e1sai. Agria V.<br \/>\n\u00e9vfolyam 4. sz\u00e1m.<br \/>\n-Lis\u00e1nyi Endre (2010): Az id\u0151 l\u00e9lekk\u00e9pe. Agria, IV. \u00e9vfolyam, 4. sz\u00e1m.<br \/>\n-Lis\u00e1nyi Endre (2009): Mi\u00e9rt n\u00e9zz\u00fck \u201e\u00edgy\u201d a k\u00e9peket? Agora, 2009\/4.<\/p>\n<p align=\"justify\">\n<p align=\"justify\">M\u0171vek k\u00f6zgy\u0171jtem\u00e9nyben:<\/p>\n<p align=\"justify\">&#8211; Lis\u00e1nyi Endre &#8211; Mencsik Rita: \u00c9letfa, (160&#215;160 cm olaj sp\u00e1rga, t\u0171zzom\u00e1nc, farost) Keceli V\u00e1rosi<br \/>\nK\u00f6nyvt\u00e1r \u00e9s M\u0171vel\u0151d\u00e9si H\u00e1z.<\/p>\n<p align=\"justify\">V\u00e1logat\u00e1s fontosabb egy\u00e9ni \u00e9s csoportos ki\u00e1ll\u00edt\u00e1sokb\u00f3l:<\/p>\n<p align=\"justify\">1992 &#8211; Budapest<\/p>\n<p align=\"justify\">1994 &#8211; Budapest<\/p>\n<p align=\"justify\">1995 &#8211; Budapest<\/p>\n<p align=\"justify\">&#8211; Balassagyarmat<\/p>\n<p align=\"justify\">1996 &#8211; Budapest<\/p>\n<p align=\"justify\">1997 &#8211; Balassagyarmat<\/p>\n<p align=\"justify\">&#8211; Tiszaf\u00fcred<\/p>\n<p align=\"justify\">1998 &#8211; Budapest<\/p>\n<p align=\"justify\">&#8211; Szentendre<\/p>\n<p align=\"justify\">2000 &#8211; Ver\u0151ce<\/p>\n<p align=\"justify\">&#8211; V\u00e1c, Jankovics J\u00e1nossal<\/p>\n<p align=\"justify\">2003 &#8211; USA, Florida \u00e1llam t\u00f6bb v\u00e1ros\u00e1ban<\/p>\n<p align=\"justify\">&#8211; Esztergom (ver\u0151cei m\u0171hellyel)<\/p>\n<p align=\"justify\">2004 &#8211; Eur\u00f3pai Folkl\u00f3r Int\u00e9zet, Budapest<\/p>\n<p align=\"justify\">2005 &#8211; Baja csoportos<\/p>\n<p align=\"justify\">&#8211; F\u00f3t, m\u0171v\u00e9szpedag\u00f3gusokkal<\/p>\n<p align=\"justify\">2006 &#8211; Keszthely (Ver\u0151cei M\u0171hellyel)<\/p>\n<p align=\"justify\">2008 &#8211; Budapest Th\u00e1lia K\u00e1v\u00e9z\u00f3, Budapest<\/p>\n<p align=\"justify\">2008 &#8211; Artkatakomba, Budapest<\/p>\n<p align=\"justify\">2009 &#8211; MU Sz\u00ednh\u00e1z Budapest<\/p>\n<p align=\"justify\">2010 &#8211; Kecel<\/p>\n<p align=\"justify\">2010 &#8211; Szentendre<\/p>\n<p align=\"justify\">2012 &#8211; Magyar \u00dajs\u00e1g\u00edr\u00f3k Sz\u00f6vets\u00e9ge &#8211; Budapest csoportos<\/p>\n","protected":false},"excerpt":{"rendered":"<p>Lis\u00e1nyi Endre fest\u0151m\u0171v\u00e9sz, m\u0171v\u00e9szett\u00f6rt\u00e9n\u00e9sz &#8222;Lis\u00e1nyi Endre m\u0171vei furcs\u00e1n saj\u00e1tos kis univerzumot has\u00edtanak ki maguknak a kort\u00e1rs k\u00e9pz\u0151m\u0171v\u00e9szet \u00e9gboltj\u00e1b\u00f3l: f\u0151 elem\u00fck a sp\u00e1rga, amely apr\u00f3 k\u00edgy\u00f3csk\u00e1k k\u00e9p\u00e9ben \u00fagy sz\u00f6vi \u00e1t test\u00fcket, hogy az alkot\u00e1sok \u00e9l\u0151, l\u00fcktet\u0151 fel\u00fclett\u00e9 alakulnak. A madzag, vagy sp\u00e1rga &#8211; de nevezhetj\u00fck fonalnak is &#8211; sz\u00e1lai olyan \u00e9l\u0151 organizmusk\u00e9nt hull\u00e1mzanak Lis\u00e1nyi Endre fest\u0151m\u0171v\u00e9sz &hellip; <a href=\"https:\/\/rakosliget.hu\/wordpress\/index.php\/lisanyi-endre\/\" class=\"more-link\"><span class=\"screen-reader-text\">Lis\u00e1nyi Endre<\/span> r\u00e9szletei&#8230;<\/a><\/p>\n","protected":false},"author":1,"featured_media":0,"parent":0,"menu_order":0,"comment_status":"closed","ping_status":"closed","template":"","meta":{"footnotes":""},"class_list":["post-1068","page","type-page","status-publish","hentry"],"_links":{"self":[{"href":"https:\/\/rakosliget.hu\/wordpress\/index.php\/wp-json\/wp\/v2\/pages\/1068","targetHints":{"allow":["GET"]}}],"collection":[{"href":"https:\/\/rakosliget.hu\/wordpress\/index.php\/wp-json\/wp\/v2\/pages"}],"about":[{"href":"https:\/\/rakosliget.hu\/wordpress\/index.php\/wp-json\/wp\/v2\/types\/page"}],"author":[{"embeddable":true,"href":"https:\/\/rakosliget.hu\/wordpress\/index.php\/wp-json\/wp\/v2\/users\/1"}],"replies":[{"embeddable":true,"href":"https:\/\/rakosliget.hu\/wordpress\/index.php\/wp-json\/wp\/v2\/comments?post=1068"}],"version-history":[{"count":1,"href":"https:\/\/rakosliget.hu\/wordpress\/index.php\/wp-json\/wp\/v2\/pages\/1068\/revisions"}],"predecessor-version":[{"id":1069,"href":"https:\/\/rakosliget.hu\/wordpress\/index.php\/wp-json\/wp\/v2\/pages\/1068\/revisions\/1069"}],"wp:attachment":[{"href":"https:\/\/rakosliget.hu\/wordpress\/index.php\/wp-json\/wp\/v2\/media?parent=1068"}],"curies":[{"name":"wp","href":"https:\/\/api.w.org\/{rel}","templated":true}]}}

Lisányi Endre

<h1 align="left">Lisányi Endre festőművész, művészettörténész</h1>
<p align="left">
<p align="justify">&#8222;Lisányi Endre művei furcsán sajátos kis univerzumot hasítanak ki maguknak a kortárs képzőművészet<br />
égboltjából: fő elemük a spárga, amely apró kígyócskák képében úgy szövi át testüket, hogy az<br />
alkotások élő, lüktető felületté alakulnak.<br />
A madzag, vagy spárga &#8211; de nevezhetjük fonalnak is &#8211; szálai olyan élő organizmusként hullámzanak<br />
Lisányi Endre festőművész alkotásain, hogy szinte zavarba jövünk a lüktető, élettel teli felületek<br />
szemlélésekor. A művész témájában is szorosan kapcsolódik az emberhez és az ő személyes, sokszor<br />
égető kérdéseihez &#8211; legyen szó a testi vagy szellemi mivoltáról -, képeiről olykor az intimitás<br />
fülledtsége, máskor az egyéni sors kiszámíthatatlansága kanyarog elő…&#8221; / Szerző: Kelemen Éva /<br />
http://kultura.hu/main.php?folderID=1&amp;ctag=articlelist&amp;iid=1&amp;articleID=279208/</p>
<p align="justify">-1990-től folyamatosan kiállít itthon és külföldön egyaránt.</p>
<p align="justify">-2003-tól az alkotó tevékenység mellett, művészettörténetet oktatással foglalkozik.</p>
<p align="justify">Díjak:</p>
<p align="justify">-2004. A fóti közművelődési pályázat díjazottja, a Fóti Művészeti-szakmai Műhellyel közösen<br />
-1999. Új Mecenas Alapítvány díjazottja a szécsényi őszi tarlaton.<br />
-1996. „Ex Libris” országos grafikai pályázat III. helyezés.</p>
<p align="justify">Publikációk:</p>
<p align="justify">-Lisányi Endre (2012): Prenatalis, postmortalis. Szakmai Füzetek (befogadó nyilatkozat)<br />
-Lisányi Endre (2012): “Pocem.” A noszvaji barlanglakások és a kortárs művészet. Honismeret. 2012/<br />
6<br />
-Lisányi Endre (2011): Természetművészet; Balázs Péter és Erőss István alkotásai. Agria V.<br />
évfolyam 4. szám.<br />
-Lisányi Endre (2010): Az idő lélekképe. Agria, IV. évfolyam, 4. szám.<br />
-Lisányi Endre (2009): Miért nézzük „így” a képeket? Agora, 2009/4.</p>
<p align="justify">
<p align="justify">Művek közgyűjteményben:</p>
<p align="justify">&#8211; Lisányi Endre &#8211; Mencsik Rita: Életfa, (160&#215;160 cm olaj spárga, tűzzománc, farost) Keceli Városi<br />
Könyvtár és Művelődési Ház.</p>
<p align="justify">Válogatás fontosabb egyéni és csoportos kiállításokból:</p>
<p align="justify">1992 &#8211; Budapest</p>
<p align="justify">1994 &#8211; Budapest</p>
<p align="justify">1995 &#8211; Budapest</p>
<p align="justify">&#8211; Balassagyarmat</p>
<p align="justify">1996 &#8211; Budapest</p>
<p align="justify">1997 &#8211; Balassagyarmat</p>
<p align="justify">&#8211; Tiszafüred</p>
<p align="justify">1998 &#8211; Budapest</p>
<p align="justify">&#8211; Szentendre</p>
<p align="justify">2000 &#8211; Verőce</p>
<p align="justify">&#8211; Vác, Jankovics Jánossal</p>
<p align="justify">2003 &#8211; USA, Florida állam több városában</p>
<p align="justify">&#8211; Esztergom (verőcei műhellyel)</p>
<p align="justify">2004 &#8211; Európai Folklór Intézet, Budapest</p>
<p align="justify">2005 &#8211; Baja csoportos</p>
<p align="justify">&#8211; Fót, művészpedagógusokkal</p>
<p align="justify">2006 &#8211; Keszthely (Verőcei Műhellyel)</p>
<p align="justify">2008 &#8211; Budapest Thália Kávézó, Budapest</p>
<p align="justify">2008 &#8211; Artkatakomba, Budapest</p>
<p align="justify">2009 &#8211; MU Színház Budapest</p>
<p align="justify">2010 &#8211; Kecel</p>
<p align="justify">2010 &#8211; Szentendre</p>
<p align="justify">2012 &#8211; Magyar Újságírók Szövetsége &#8211; Budapest csoportos</p>

<p>Lisányi Endre festőművész, művészettörténész &#8222;Lisányi Endre művei furcsán sajátos kis univerzumot hasítanak ki maguknak a kortárs képzőművészet égboltjából: fő elemük a spárga, amely apró kígyócskák képében úgy szövi át testüket, hogy az alkotások élő, lüktető felületté alakulnak. A madzag, vagy spárga &#8211; de nevezhetjük fonalnak is &#8211; szálai olyan élő organizmusként hullámzanak Lisányi Endre festőművész &hellip; <a href="https://rakosliget.hu/wordpress/index.php/lisanyi-endre/" class="more-link"><span class="screen-reader-text">Lisányi Endre</span> részletei&#8230;</a></p>
