{"id":1055,"date":"2018-03-23T03:36:51","date_gmt":"2018-03-23T02:36:51","guid":{"rendered":"http:\/\/rakosliget.hu\/wordpress\/?page_id=1055"},"modified":"2018-03-23T03:36:51","modified_gmt":"2018-03-23T02:36:51","slug":"kovacs-sandorne","status":"publish","type":"page","link":"https:\/\/rakosliget.hu\/wordpress\/index.php\/kovacs-sandorne\/","title":{"rendered":"Kov\u00e1cs S\u00e1ndorn\u00e9"},"content":{"rendered":"<h1 align=\"left\">Kov\u00e1cs S\u00e1ndorn\u00e9<\/h1>\n<h2 align=\"left\">a r\u00e1kosligeti <span data-canvas-width=\"310.04152502022896\">k\u00e9pvisel\u0151-test\u00fclet<\/span> tagja<\/h2>\n<p align=\"left\">\n<p align=\"left\"><span data-canvas-width=\"197.34920083683798\"> 1945 ut\u00e1n <\/span><span data-canvas-width=\"276.13916497737563\">a r\u00e1kosligeti k\u00e9pvisel\u0151-test\u00fclet tagja. <\/span><\/p>\n","protected":false},"excerpt":{"rendered":"<p>Kov\u00e1cs S\u00e1ndorn\u00e9 a r\u00e1kosligeti k\u00e9pvisel\u0151-test\u00fclet tagja 1945 ut\u00e1n a r\u00e1kosligeti k\u00e9pvisel\u0151-test\u00fclet tagja.<\/p>\n","protected":false},"author":1,"featured_media":0,"parent":0,"menu_order":0,"comment_status":"closed","ping_status":"closed","template":"","meta":{"footnotes":""},"class_list":["post-1055","page","type-page","status-publish","hentry"],"_links":{"self":[{"href":"https:\/\/rakosliget.hu\/wordpress\/index.php\/wp-json\/wp\/v2\/pages\/1055","targetHints":{"allow":["GET"]}}],"collection":[{"href":"https:\/\/rakosliget.hu\/wordpress\/index.php\/wp-json\/wp\/v2\/pages"}],"about":[{"href":"https:\/\/rakosliget.hu\/wordpress\/index.php\/wp-json\/wp\/v2\/types\/page"}],"author":[{"embeddable":true,"href":"https:\/\/rakosliget.hu\/wordpress\/index.php\/wp-json\/wp\/v2\/users\/1"}],"replies":[{"embeddable":true,"href":"https:\/\/rakosliget.hu\/wordpress\/index.php\/wp-json\/wp\/v2\/comments?post=1055"}],"version-history":[{"count":1,"href":"https:\/\/rakosliget.hu\/wordpress\/index.php\/wp-json\/wp\/v2\/pages\/1055\/revisions"}],"predecessor-version":[{"id":1056,"href":"https:\/\/rakosliget.hu\/wordpress\/index.php\/wp-json\/wp\/v2\/pages\/1055\/revisions\/1056"}],"wp:attachment":[{"href":"https:\/\/rakosliget.hu\/wordpress\/index.php\/wp-json\/wp\/v2\/media?parent=1055"}],"curies":[{"name":"wp","href":"https:\/\/api.w.org\/{rel}","templated":true}]}}