{"id":10474,"date":"2023-01-05T16:26:29","date_gmt":"2023-01-05T15:26:29","guid":{"rendered":"https:\/\/rakosliget.hu\/wordpress\/?page_id=10474"},"modified":"2026-03-26T19:21:12","modified_gmt":"2026-03-26T18:21:12","slug":"a-rakosligeti-evangelikus-fiokegyhaz-dokumentumgyujtemenye-2","status":"publish","type":"page","link":"https:\/\/rakosliget.hu\/wordpress\/index.php\/a-rakosligeti-evangelikus-fiokegyhaz-dokumentumgyujtemenye-2\/","title":{"rendered":"A R\u00c1KOSLIGETI EVANG\u00c9LIKUS FI\u00d3KEGYH\u00c1Z DOKUMENTUMGY\u0170JTEM\u00c9NYE 2"},"content":{"rendered":"\n<p>A lap indul\u00e1sa: 2023.01.06.<\/p>\n\n\n\n<p><em>Legutols\u00f3 friss\u00edt\u00e9s: 2023.01.28.<\/em><\/p>\n\n\n\n<h3 class=\"wp-block-heading\"><a href=\"https:\/\/rakosliget.hu\/wordpress\/index.php\/egyhazak-rakosligeten\/\">VISSZA AZ EGYH\u00c1ZAK LAPRA<\/a><\/h3>\n\n\n\n<h6 class=\"wp-block-heading has-text-align-left\"><a href=\"http:\/\/rakosliget.hu\/pdf\/kovacsovics.pdf\">A k\u00f6z\u00f6ss\u00e9g t\u00f6rt\u00e9net\u00e9t Kov\u00e1csovics J\u00e1nos gondnok \u00edrta meg els\u0151 alkalommal.<\/a><\/h6>\n\n\n\n<figure class=\"wp-block-image size-full is-resized\"><img loading=\"lazy\" decoding=\"async\" width=\"499\" height=\"124\" src=\"https:\/\/rakosliget.hu\/wordpress\/wp-content\/uploads\/2023\/01\/vezetokosszes.jpg\" alt=\"\" class=\"wp-image-10479\" style=\"width:685px;height:170px\" srcset=\"https:\/\/rakosliget.hu\/wordpress\/wp-content\/uploads\/2023\/01\/vezetokosszes.jpg 499w, https:\/\/rakosliget.hu\/wordpress\/wp-content\/uploads\/2023\/01\/vezetokosszes-300x75.jpg 300w\" sizes=\"auto, (max-width: 499px) 100vw, 499px\" \/><\/figure>\n\n\n\n<figure class=\"wp-block-table\"><table><tbody><tr><td>Noszk\u00f3 Istv\u00e1n lelk\u00e9sz<\/td><td>Paulinyi G\u00e1bor fel\u00fcgyel\u0151<\/td><td>Dr. K\u00f3sa P\u00e1l lelk\u00e9sz<\/td><td>K\u00f3sa L\u00e1szl\u00f3 lelk\u00e9sz<\/td><td>dr. L\u00e9r\u00e1nt Istv\u00e1n fel\u00fcgyel\u0151<\/td><\/tr><\/tbody><\/table><figcaption class=\"wp-element-caption\">A r\u00e1kosligeti fi\u00f3kegyh\u00e1z vezet\u0151i 1901 &#8211; 2008<\/figcaption><\/figure>\n\n\n\n<p>1912- 1921<\/p>\n\n\n\n<p>Noszk\u00f3 Istv\u00e1n lelk\u00e9sz<br>Geyer H. Viktor eln\u00f6kl\u0151 fel\u00fcgyel\u0151<br>Sztanek P\u00e1l egyh\u00e1zi gondnok<\/p>\n\n\n\n<p>1921 &#8211; 1933<br>Noszk\u00f3 Istv\u00e1n lelk\u00e9sz<br>Fel\u00fcgyel\u0151: dr. Pajor \u00c1kos<br>Gondnok: Paulinyi G\u00e1bor<br>Geyer H. Viktort \u00f6r\u00f6k\u00f6s tiszteletbeli fel\u00fcgyel\u0151v\u00e9 v\u00e1lasztj\u00e1k<\/p>\n\n\n\n<p>1934 &#8211; 1951 (1974)<br>Dr. K\u00f3sa P\u00e1l templom\u00e9p\u00edt\u0151 lelk\u00e9sz<\/p>\n\n\n\n<figure class=\"wp-block-image size-large\"><img loading=\"lazy\" decoding=\"async\" width=\"1024\" height=\"765\" src=\"https:\/\/rakosliget.hu\/wordpress\/wp-content\/uploads\/2023\/02\/KosaPal-1024x765.jpg\" alt=\"\" class=\"wp-image-11137\" srcset=\"https:\/\/rakosliget.hu\/wordpress\/wp-content\/uploads\/2023\/02\/KosaPal-1024x765.jpg 1024w, https:\/\/rakosliget.hu\/wordpress\/wp-content\/uploads\/2023\/02\/KosaPal-300x224.jpg 300w, https:\/\/rakosliget.hu\/wordpress\/wp-content\/uploads\/2023\/02\/KosaPal-768x573.jpg 768w, https:\/\/rakosliget.hu\/wordpress\/wp-content\/uploads\/2023\/02\/KosaPal.jpg 1251w\" sizes=\"auto, (max-width: 1024px) 100vw, 1024px\" \/><figcaption class=\"wp-element-caption\">Forr\u00e1s: Budapesti H\u00edrlap K\u00e9pes Mell\u00e9klete 1935. \u00e1prilis 16. (Arcanum)<\/figcaption><\/figure>\n\n\n\n<figure class=\"wp-block-image size-full\"><img loading=\"lazy\" decoding=\"async\" width=\"1251\" height=\"934\" src=\"https:\/\/rakosliget.hu\/wordpress\/wp-content\/uploads\/2026\/03\/KosaPal.jpg\" alt=\"\" class=\"wp-image-23942\" srcset=\"https:\/\/rakosliget.hu\/wordpress\/wp-content\/uploads\/2026\/03\/KosaPal.jpg 1251w, https:\/\/rakosliget.hu\/wordpress\/wp-content\/uploads\/2026\/03\/KosaPal-300x224.jpg 300w, https:\/\/rakosliget.hu\/wordpress\/wp-content\/uploads\/2026\/03\/KosaPal-768x573.jpg 768w\" sizes=\"auto, (max-width: 1251px) 100vw, 1251px\" \/><\/figure>\n\n\n\n<figure class=\"wp-block-image size-large\"><img loading=\"lazy\" decoding=\"async\" width=\"1024\" height=\"771\" src=\"https:\/\/rakosliget.hu\/wordpress\/wp-content\/uploads\/2023\/02\/Kosa2-1024x771.jpg\" alt=\"\" class=\"wp-image-11140\" srcset=\"https:\/\/rakosliget.hu\/wordpress\/wp-content\/uploads\/2023\/02\/Kosa2-1024x771.jpg 1024w, https:\/\/rakosliget.hu\/wordpress\/wp-content\/uploads\/2023\/02\/Kosa2-300x226.jpg 300w, https:\/\/rakosliget.hu\/wordpress\/wp-content\/uploads\/2023\/02\/Kosa2-768x578.jpg 768w, https:\/\/rakosliget.hu\/wordpress\/wp-content\/uploads\/2023\/02\/Kosa2.jpg 1039w\" sizes=\"auto, (max-width: 1024px) 100vw, 1024px\" \/><figcaption class=\"wp-element-caption\">Forr\u00e1s: K\u00e9pes Pesti Hirlap, 1935.04.17. (Arcanum)<\/figcaption><\/figure>\n\n\n\n<figure class=\"wp-block-image size-large\"><img loading=\"lazy\" decoding=\"async\" width=\"2048\" height=\"1541\" src=\"https:\/\/rakosliget.hu\/wordpress\/wp-content\/uploads\/2026\/03\/image-2048x1541.jpg\" alt=\"\" class=\"wp-image-23945\" srcset=\"https:\/\/rakosliget.hu\/wordpress\/wp-content\/uploads\/2026\/03\/image-2048x1541.jpg 2048w, https:\/\/rakosliget.hu\/wordpress\/wp-content\/uploads\/2026\/03\/image-300x226.jpg 300w, https:\/\/rakosliget.hu\/wordpress\/wp-content\/uploads\/2026\/03\/image-768x578.jpg 768w, https:\/\/rakosliget.hu\/wordpress\/wp-content\/uploads\/2026\/03\/image-1536x1156.jpg 1536w\" sizes=\"auto, (max-width: 2048px) 100vw, 2048px\" \/><\/figure>\n\n\n\n<p><br>Fel\u00fcgyel\u0151k:<br>Bel\u00e1nka ( B\u00e1nhegyi) Gy\u00f6rgy 1932 &#8211; 1933 ; 1935 &#8211; 1951<br>Szalontay Mikl\u00f3s 1933 &#8211; 1935<\/p>\n\n\n\n<p>Gondnokok:<\/p>\n\n\n\n<p>Paulinyi G\u00e1bor 1912 -1933<br><a href=\"https:\/\/rakosliget.hu\/wordpress\/index.php\/thuranszky-lehel-2\/\">Thur\u00e1nszky Lehel 1933 &#8211; 1934<\/a><br>Berda \u00c1rp\u00e1d 1935 &#8211; 1939<br>K\u00e1rp\u00e1ti S\u00e1muel 1939 &#8211; 1941<br>V\u00e1nkos Jen\u0151 1941- 1947<br>Boros Dezs\u0151 1947 &#8211; 1951<\/p>\n\n\n\n<p>Az &#8222;\u00f6n\u00e1ll\u00f3s\u00e1g&#8221; megsz\u00fcnte ut\u00e1n (1964):<\/p>\n\n\n\n<p>1964 &#8211; 2008 Dr. K\u00f3sa P\u00e1l templom\u00e9p\u00edt\u0151 lelk\u00e9sz<br>K\u00f3sa L\u00e1szl\u00f3 lelk\u00e9sz 1974. szeptember 1 &#8211; 2014. szeptember 13. Elhunyt: 2025. m\u00e1rcius<\/p>\n\n\n\n<p>dr. Szalay K\u00e1roly 1959. janu\u00e1r 4. &#8211; 1970. m\u00e1rcius 25.<br>Schleckman J\u00e1nos 1975. okt\u00f3ber 26. &#8211; 1981.<br>Mir\u00e1k J\u00f3zsef 1981. szeptember 1.- 1989. m\u00e1jus 7.<br>dr. L\u00e9r\u00e1nt Istv\u00e1n fel\u00fcgyel\u0151 1989. m\u00e1jus 8. &#8211;<\/p>\n\n\n\n<h2 class=\"wp-block-heading\"><a href=\"http:\/\/rakosliget.hu\/evangelikus templom iratok2\/seta\/seta.htm\">K\u00e9pes s\u00e9ta a templomban<\/a><\/h2>\n\n\n\n<h5 class=\"wp-block-heading\">Harangok:<\/h5>\n\n\n\n\t<!-- CSS Part Start From Here-->\n\t<style>\n\t\t.all-images {\n\t\t\tpadding-top: 10px !important;\n\t\t\tpadding-bottom: 15px !important;\n\t\t}\n\n\t\t#image_gallery_10526 .thumbnail {\n\t\t\twidth: 100% !important;\n\t\t\theight: auto !important;\n\t\t\tborder-radius: 0px;\n\t\t\t\/*background: transparent url('https:\/\/rakosliget.hu\/wordpress\/wp-content\/plugins\/new-image-gallery\/include\/assets\/img\/loading.gif') center no-repeat !important;*\/\n\t\t\tmargin-bottom: 20px !important;\n\t\t}\n\n\t\t\t\t.item-title {\n\t\t\tbackground-color: rgba(0, 0, 0, 0.5);\n\t\t\tbottom: 45px;\n\t\t\tcolor: #FFFFFF;\n\t\t\tdisplay: block;\n\t\t\tfont-weight: 300;\n\t\t\tleft: 2rem;\n\t\t\tpadding: 8px;\n\t\t\tposition: absolute;\n\t\t\tright: 2rem;\n\t\t\ttext-align: center;\n\t\t\ttext-transform: capitalize;\n\t\t}\n\n\t\t\t<\/style>\n\t<div id=\"image_gallery_10526\" class=\"row all-images-10526\">\n\t\t\t\t\t\t<div class=\"single-image-10526 col-lg-4 col-md-4 col-sm-12 col-xs-6\">\n\t\t\t\t\t<a href=\"https:\/\/rakosliget.hu\/wordpress\/wp-content\/uploads\/2023\/01\/001.jpg\" data-lightbox=\"lightbox-10526\" data-gallery=\"gallery-10526\" data-title=\"\">\n\t\t\t\t\t\t<img decoding=\"async\" class=\"thumbnail hvr-glow\" src=\"https:\/\/rakosliget.hu\/wordpress\/wp-content\/uploads\/2023\/01\/001-300x225.jpg\" alt=\"\">\n\t\t\t\t\t\t\t\t\t\t\t\t\t<span class=\"item-title\"><\/span>\n\t\t\t\t\t\t\t\t\t\t\t<\/a>\n\t\t\t\t<\/div>\n\t\t\t\t\t\t<div class=\"single-image-10526 col-lg-4 col-md-4 col-sm-12 col-xs-6\">\n\t\t\t\t\t<a href=\"https:\/\/rakosliget.hu\/wordpress\/wp-content\/uploads\/2023\/01\/002.jpg\" data-lightbox=\"lightbox-10526\" data-gallery=\"gallery-10526\" data-title=\"\">\n\t\t\t\t\t\t<img decoding=\"async\" class=\"thumbnail hvr-glow\" src=\"https:\/\/rakosliget.hu\/wordpress\/wp-content\/uploads\/2023\/01\/002-300x225.jpg\" alt=\"\">\n\t\t\t\t\t\t\t\t\t\t\t\t\t<span class=\"item-title\"><\/span>\n\t\t\t\t\t\t\t\t\t\t\t<\/a>\n\t\t\t\t<\/div>\n\t\t\t\t\t\t<div class=\"single-image-10526 col-lg-4 col-md-4 col-sm-12 col-xs-6\">\n\t\t\t\t\t<a href=\"https:\/\/rakosliget.hu\/wordpress\/wp-content\/uploads\/2023\/01\/003.jpg\" data-lightbox=\"lightbox-10526\" data-gallery=\"gallery-10526\" data-title=\"\">\n\t\t\t\t\t\t<img decoding=\"async\" class=\"thumbnail hvr-glow\" src=\"https:\/\/rakosliget.hu\/wordpress\/wp-content\/uploads\/2023\/01\/003-300x225.jpg\" alt=\"\">\n\t\t\t\t\t\t\t\t\t\t\t\t\t<span class=\"item-title\"><\/span>\n\t\t\t\t\t\t\t\t\t\t\t<\/a>\n\t\t\t\t<\/div>\n\t\t\t\t\t\t<div class=\"single-image-10526 col-lg-4 col-md-4 col-sm-12 col-xs-6\">\n\t\t\t\t\t<a href=\"https:\/\/rakosliget.hu\/wordpress\/wp-content\/uploads\/2023\/01\/006.jpg\" data-lightbox=\"lightbox-10526\" data-gallery=\"gallery-10526\" data-title=\"\">\n\t\t\t\t\t\t<img decoding=\"async\" class=\"thumbnail hvr-glow\" src=\"https:\/\/rakosliget.hu\/wordpress\/wp-content\/uploads\/2023\/01\/006-300x225.jpg\" alt=\"\">\n\t\t\t\t\t\t\t\t\t\t\t\t\t<span class=\"item-title\"><\/span>\n\t\t\t\t\t\t\t\t\t\t\t<\/a>\n\t\t\t\t<\/div>\n\t\t\t\t\t\t<div class=\"single-image-10526 col-lg-4 col-md-4 col-sm-12 col-xs-6\">\n\t\t\t\t\t<a href=\"https:\/\/rakosliget.hu\/wordpress\/wp-content\/uploads\/2023\/01\/004.jpg\" data-lightbox=\"lightbox-10526\" data-gallery=\"gallery-10526\" data-title=\"\">\n\t\t\t\t\t\t<img decoding=\"async\" class=\"thumbnail hvr-glow\" src=\"https:\/\/rakosliget.hu\/wordpress\/wp-content\/uploads\/2023\/01\/004-300x225.jpg\" alt=\"\">\n\t\t\t\t\t\t\t\t\t\t\t\t\t<span class=\"item-title\"><\/span>\n\t\t\t\t\t\t\t\t\t\t\t<\/a>\n\t\t\t\t<\/div>\n\t\t\t\t\t\t<div class=\"single-image-10526 col-lg-4 col-md-4 col-sm-12 col-xs-6\">\n\t\t\t\t\t<a href=\"https:\/\/rakosliget.hu\/wordpress\/wp-content\/uploads\/2023\/01\/005.jpg\" data-lightbox=\"lightbox-10526\" data-gallery=\"gallery-10526\" data-title=\"\">\n\t\t\t\t\t\t<img decoding=\"async\" class=\"thumbnail hvr-glow\" src=\"https:\/\/rakosliget.hu\/wordpress\/wp-content\/uploads\/2023\/01\/005-300x225.jpg\" alt=\"\">\n\t\t\t\t\t\t\t\t\t\t\t\t\t<span class=\"item-title\"><\/span>\n\t\t\t\t\t\t\t\t\t\t\t<\/a>\n\t\t\t\t<\/div>\n\t\t\t\t\t\t<div class=\"single-image-10526 col-lg-4 col-md-4 col-sm-12 col-xs-6\">\n\t\t\t\t\t<a href=\"https:\/\/rakosliget.hu\/wordpress\/wp-content\/uploads\/2023\/01\/008.jpg\" data-lightbox=\"lightbox-10526\" data-gallery=\"gallery-10526\" data-title=\"\">\n\t\t\t\t\t\t<img decoding=\"async\" class=\"thumbnail hvr-glow\" src=\"https:\/\/rakosliget.hu\/wordpress\/wp-content\/uploads\/2023\/01\/008-300x225.jpg\" alt=\"\">\n\t\t\t\t\t\t\t\t\t\t\t\t\t<span class=\"item-title\"><\/span>\n\t\t\t\t\t\t\t\t\t\t\t<\/a>\n\t\t\t\t<\/div>\n\t\t\t\t\t\t<div class=\"single-image-10526 col-lg-4 col-md-4 col-sm-12 col-xs-6\">\n\t\t\t\t\t<a href=\"https:\/\/rakosliget.hu\/wordpress\/wp-content\/uploads\/2023\/01\/007.jpg\" data-lightbox=\"lightbox-10526\" data-gallery=\"gallery-10526\" data-title=\"\">\n\t\t\t\t\t\t<img decoding=\"async\" class=\"thumbnail hvr-glow\" src=\"https:\/\/rakosliget.hu\/wordpress\/wp-content\/uploads\/2023\/01\/007-300x225.jpg\" alt=\"\">\n\t\t\t\t\t\t\t\t\t\t\t\t\t<span class=\"item-title\"><\/span>\n\t\t\t\t\t\t\t\t\t\t\t<\/a>\n\t\t\t\t<\/div>\n\t\t\t<\/div>\n<script>\n\tjQuery(document).ready(function() {\n\t\t\/\/ Method 1 - Initialize Isotope, then trigger layout after each image loads.\n\t\tvar $grid = jQuery('.all-images-10526').isotope({\n\t\t\t\/\/ options...\n\t\t\titemSelector: '.single-image-10526',\n\t\t});\n\t\t\/\/ layout Isotope after each image loads\n\t\t$grid.imagesLoaded().progress(function() {\n\t\t\t$grid.isotope('layout');\n\t\t});\n\n\n\t\tlightbox.option({\n\t\t\t'wrapAround': false,\n\t\t})\n\n\t\tjQuery(document).on('click', '[data-toggle=\"lightbox-10526\"]', function(event) {\n\t\t\tevent.preventDefault();\n\t\t\tjQuery(this).ekkoLightbox();\n\t\t});\n\t});\n<\/script>\n\n\n\n<p><a href=\"http:\/\/rakosliget.hu\/evangelikus templom iratok2\/harang\/harang.pdf\">Harangbeszerz\u00e9s dokumentumai<\/a><\/p>\n\n\n\n<figure class=\"wp-block-image size-full\"><a href=\"https:\/\/rakosliget.hu\/wordpress\/wp-content\/uploads\/2023\/01\/mti.jpg\"><img loading=\"lazy\" decoding=\"async\" width=\"850\" height=\"694\" src=\"https:\/\/rakosliget.hu\/wordpress\/wp-content\/uploads\/2023\/01\/mti.jpg\" alt=\"\" class=\"wp-image-10708\" srcset=\"https:\/\/rakosliget.hu\/wordpress\/wp-content\/uploads\/2023\/01\/mti.jpg 850w, https:\/\/rakosliget.hu\/wordpress\/wp-content\/uploads\/2023\/01\/mti-300x245.jpg 300w, https:\/\/rakosliget.hu\/wordpress\/wp-content\/uploads\/2023\/01\/mti-768x627.jpg 768w\" sizes=\"auto, (max-width: 850px) 100vw, 850px\" \/><\/a><\/figure>\n\n\n\n<figure class=\"wp-block-image size-full\"><img loading=\"lazy\" decoding=\"async\" width=\"607\" height=\"640\" src=\"https:\/\/rakosliget.hu\/wordpress\/wp-content\/uploads\/2023\/01\/image.jpg\" alt=\"\" class=\"wp-image-10872\" srcset=\"https:\/\/rakosliget.hu\/wordpress\/wp-content\/uploads\/2023\/01\/image.jpg 607w, https:\/\/rakosliget.hu\/wordpress\/wp-content\/uploads\/2023\/01\/image-285x300.jpg 285w\" sizes=\"auto, (max-width: 607px) 100vw, 607px\" \/><figcaption class=\"wp-element-caption\">Eml\u00e9kplakett a r\u00e1kosligeti templom felszentel\u00e9s\u00e9re, aj\u00e1nd\u00e9k Raffay S\u00e1ndor p\u00fcsp\u00f6knek.<br>Evang\u00e9likus Orsz\u00e1gos M\u00fazeum tulajdona<\/figcaption><\/figure>\n\n\n\n<h2 class=\"wp-block-heading\">Dokumentumgy\u0171jtem\u00e9ny<\/h2>\n\n\n\n<p><a href=\"http:\/\/rakosliget.hu\/evangelikus templom iratok\/Jegyzokonyvek 1901_1912\/evang\u00e9likus iratok 1901_1912.pdf\">Egyh\u00e1zi iratok 1901 &#8211; 1912<\/a><\/p>\n\n\n\n<p><a href=\"http:\/\/rakosliget.hu\/evangelikus templom iratok\/Jegyzokonyvek 1912_1943\/Evangelikus 1912_1943.pdf\">Egyh\u00e1zi iratok 1912 &#8211; 1943&nbsp;<\/a><\/p>\n\n\n\n<p><a href=\"http:\/\/rakosliget.hu\/evangelikus templom iratok\/Jegyzokonyvek 1944_1981\/Evangelikus 1944_1981.pdf\">Egyh\u00e1zi iratok 1944 &#8211; 1981<\/a><\/p>\n\n\n\n<h2 class=\"wp-block-heading\">Egy\u00e9b dokumentumok<\/h2>\n\n\n\n<p><a href=\"http:\/\/rakosliget.hu\/evangelikus%20templom%20iratok2\/torok%20jozsef%20foesperes%20levele\/Torok%20jozsef%20foesperes%20levele.pdf\">1904<\/a> <a href=\"http:\/\/rakosliget.hu\/evangelikus templom iratok2\/torok jozsef foesperes levele\/Torok jozsef foesperes levele.pdf\">T\u00f6r\u00f6k J\u00f3zsef f\u0151esperes levele papv\u00e1laszt\u00e1s t\u00e1rgy\u00e1ban<\/a>.<\/p>\n\n\n\n<p>1906 <a href=\"http:\/\/rakosliget.hu\/evangelikus templom iratok2\/szerzodesek\/szerzodesek.pdf\" data-type=\"page\" data-id=\"10490\">Szerz\u0151d\u00e9sek<\/a>. <\/p>\n\n\n\n<p><a href=\"http:\/\/rakosliget.hu\/evangelikus%20templom%20iratok2\/telekadomanyozas\/telekadomany.pdf\">1906<\/a> &#8211; 1937 <a href=\"http:\/\/rakosliget.hu\/evangelikus templom iratok2\/telekadomanyozas\/telekadomany.pdf\">Telekadom\u00e1nyoz\u00e1s dokumentumai<\/a>.<\/p>\n\n\n\n<p> <a href=\"http:\/\/rakosliget.hu\/evangelikus%20templom%20iratok2\/1909\/1909.pdf\">1909<\/a> <a href=\"http:\/\/rakosliget.hu\/evangelikus templom iratok2\/1909\/1909.pdf\">Az els\u0151 templom\u00e9p\u00edt\u0151 pr\u00f3b\u00e1lkoz\u00e1s <\/a><\/p>\n\n\n\n<p><a href=\"http:\/\/rakosliget.hu\/evangelikus%20templom%20iratok2\/1926\/1926.pdf\">1926<\/a> <a href=\"http:\/\/rakosliget.hu\/evangelikus templom iratok2\/1926\/1926.pdf\">Lev\u00e9l a katolikus n\u0151egylett\u0151l<\/a>.<\/p>\n\n\n\n<p><a href=\"http:\/\/rakosliget.hu\/evangelikus templom iratok2\/penztarkonyv\/penztarkonyv.pdf\">P\u00e9nzt\u00e1rk\u00f6nyv az 1926-1932. \u00e9vr\u0151l<\/a>.<\/p>\n\n\n\n<p><a href=\"http:\/\/rakosliget.hu\/evangelikus templom iratok2\/1927\/1927.pdf\">1927. \u00e9v dokumentumai<\/a>.<\/p>\n\n\n\n<p><a href=\"http:\/\/rakosliget.hu\/evangelikus templom iratok2\/1928\/1928.pdf\">1928. \u00e9v dokumentumai Sztanek P\u00e1l hal\u00e1la.<\/a><\/p>\n\n\n\n<p><a href=\"http:\/\/rakosliget.hu\/evangelikus templom iratok2\/1929\/1929.pdf\">1929. \u00e9v dokumentumai. Evang\u00e9likus N\u0151egylet megalakul\u00e1sa.<\/a><\/p>\n\n\n\n<p><a href=\"http:\/\/rakosliget.hu\/evangelikus templom iratok2\/1930\/1930.pdf\">1930. \u00e9v dokumentumai.<\/a><\/p>\n\n\n\n<p><a href=\"http:\/\/rakosliget.hu\/evangelikus templom iratok2\/1932\/1932.pdf\">1932. \u00e9v dokumentumai.<\/a><\/p>\n\n\n\n<p><a href=\"http:\/\/rakosliget.hu\/evangelikus templom iratok2\/1934_04_24\/templomkesz.pdf\">1932. \u00e1prilis 24.-i k\u00f6zgy\u0171l\u00e9s jegyz\u0151k\u00f6nyve (a templom elk\u00e9sz\u00fclt)<\/a>.<\/p>\n\n\n\n<p>1933 <a href=\"http:\/\/rakosliget.hu\/evangelikus templom iratok2\/szabo lorant levelei\/szabolevel.pdf\">Szab\u00f3 L\u00f3r\u00e1nt hitoktat\u00f3 levelei<\/a>.<\/p>\n\n\n\n<p><a href=\"http:\/\/rakosliget.hu\/evangelikus templom iratok2\/1933\/1933.pdf\">1933. \u00e9v dokumentumai. Noszk\u00f3 J\u00e1nos 40 \u00e9ves szolg\u00e1lata.<\/a><\/p>\n\n\n\n<p><a href=\"http:\/\/rakosliget.hu\/evangelikus%20templom%20iratok2\/zarszamadas\/zarszamadas.pdf\"><\/a><a href=\"http:\/\/rakosliget.hu\/evangelikus%20templom%20iratok2\/zarszamadas\/zarszamadas.pdf\">1933<\/a> <a href=\"http:\/\/rakosliget.hu\/evangelikus%20templom%20iratok2\/zarszamadas\/zarszamadas.pdf\">Z\u00e1rsz\u00e1mad\u00e1s<\/a>.<\/p>\n\n\n\n<p><a href=\"http:\/\/rakosliget.hu\/evangelikus templom iratok2\/1934\/1934.pdf\">1934. \u00e9v dokumentumai. Adakoz\u00e1s az orsz\u00e1gz\u00e1szl\u00f3 \u00e9p\u00edt\u00e9s\u00e9hez.<\/a><\/p>\n\n\n\n<p><a href=\"http:\/\/rakosliget.hu\/\/evangelikus templom iratok2\/1935\/1935.pdf\">1935. \u00e9v dokumentumai. A harm\u00f3nium visszaad\u00e1sa a katolikusoknak.<\/a><\/p>\n\n\n\n<p>1936 <a href=\"http:\/\/rakosliget.hu\/evangelikus%20templom%20iratok2\/noegylet\/noegylet.pdf\">A N\u0151egylet m\u0171k\u00f6d\u00e9s\u00e9r\u0151l sz\u00f3l\u00f3 jelent\u00e9sek<\/a>. <\/p>\n\n\n\n<p><a href=\"http:\/\/rakosliget.hu\/evangelikus templom iratok2\/1936\/1936.pdf\">1936. \u00e9v dokumentumai. Harangok kifizet\u00e9se.<\/a><\/p>\n\n\n\n<p><a href=\"http:\/\/rakosliget.hu\/evangelikus templom iratok2\/1937\/1937.pdf\">1937. \u00e9v dokumentumai.<\/a><\/p>\n\n\n\n<p><a href=\"http:\/\/rakosliget.hu\/evangelikus templom iratok2\/1938\/1938.pdf\">1938. \u00e9v dokumentumai. Harangoz\u00e1si tilalom.<\/a><\/p>\n\n\n\n<p><a href=\"http:\/\/rakosliget.hu\/evangelikus templom iratok2\/1939\/1939.pdf\">1939. \u00e9v dokumentumai. <\/a><a href=\"http:\/\/rakosliget.hu\/evangelikus%20templom%20iratok2\/1939\/1939.pdf\">Gy\u0171jt\u00e9s<\/a> <a href=\"http:\/\/rakosliget.hu\/evangelikus templom iratok2\/1939\/1939.pdf\">gy\u00fclekezeti h\u00e1zra .<\/a><\/p>\n\n\n\n<p><a href=\"http:\/\/rakosliget.hu\/evangelikus templom iratok2\/1940\/1940.pdf\">1940. \u00e9v dokumentumai.<\/a><\/p>\n\n\n\n<p><a href=\"http:\/\/rakosliget.hu\/evangelikus%20templom%20iratok2\/gondnoki%20atadas\/gondnoki.pdf\">1933 &#8211; 1943<\/a> <a href=\"http:\/\/rakosliget.hu\/evangelikus%20templom%20iratok2\/gondnoki%20atadas\/gondnoki.pdf\">Gondnoki \u00e1tad\u00e1sok dokumentumai<\/a>.<\/p>\n\n\n\n<p><a href=\"http:\/\/rakosliget.hu\/evangelikus%20templom%20iratok2\/hirdetesek\/hirdetesek.pdf\"><\/a><a href=\"http:\/\/rakosliget.hu\/evangelikus%20templom%20iratok2\/hirdetesek\/hirdetesek.pdf\">1934-1935<\/a> <a href=\"http:\/\/rakosliget.hu\/evangelikus%20templom%20iratok2\/hirdetesek\/hirdetesek.pdf\">Hirdet\u00e9sek<\/a>.<\/p>\n\n\n\n<p><a href=\"http:\/\/rakosliget.hu\/evangelikus templom iratok2\/1941\/1941.pdf\">1941. \u00e9v dokumentumai. K\u00e9zdiv\u00e1s\u00e1rhelyi lev\u00e9l a templom\u00e9p\u00edt\u00e9sr\u0151l. \u00c9rdekess\u00e9g!<\/a><\/p>\n\n\n\n<p><a href=\"https:\/\/rakosliget.hu\/wordpress\/index.php\/evangelikus-ststisztika-1941\/\"> Statisztikai \u00f6sszes\u00edt\u0151 (excel)<\/a><\/p>\n\n\n\n<p><a href=\"http:\/\/rakosliget.hu\/evangelikus templom iratok2\/1942-44\/1942_1944.pdf\">1942 &#8211; 1944. \u00e9v dokumentumai.<\/a><\/p>\n\n\n\n<p><a href=\"http:\/\/rakosliget.hu\/evangelikus templom iratok2\/1946\/1946.pdf\">1946. \u00e9v dokumentumai.<\/a><\/p>\n\n\n\n<p><a href=\"http:\/\/rakosliget.hu\/evangelikus templom iratok2\/1947\/1947.pdf\">1947. \u00e9v dokumentumai.<\/a><\/p>\n\n\n\n<p><a href=\"http:\/\/rakosliget.hu\/evangelikus templom iratok2\/1948\/1948.pdf\">1948. \u00e9v dokumentumai. Melczer eml\u00e9kt\u00e1bla avat\u00e1s.<\/a><\/p>\n\n\n\n<p><a href=\"http:\/\/rakosliget.hu\/evangelikus templom iratok2\/1949\/1949.pdf\">1949. \u00e9v dokumentumai.<\/a><\/p>\n\n\n\n<p><a href=\"http:\/\/rakosliget.hu\/evangelikus templom iratok2\/1950\/1950.pdf\">1950. \u00e9v dokumentumai.<\/a><\/p>\n\n\n\n<p><a href=\"http:\/\/rakosliget.hu\/evangelikus templom iratok2\/1951\/1951.pdf\">1951. \u00e9v dokumentumai.<\/a><\/p>\n\n\n\n<p><a href=\"http:\/\/rakosliget.hu\/evangelikus templom iratok2\/1952\/1952.pdf\">1952. \u00e9v dokumentumai<\/a>.<\/p>\n\n\n\n<p><a href=\"http:\/\/rakosliget.hu\/evangelikus%20templom%20iratok2\/leltar\/leltar.pdf\">1942 &#8211; 1952<\/a> <a href=\"http:\/\/rakosliget.hu\/evangelikus templom iratok2\/leltar\/leltar.pdf\">Lelt\u00e1r\u00edvek<\/a>.<\/p>\n\n\n\n<p><a href=\"http:\/\/rakosliget.hu\/evangelikus%20templom%20iratok2\/biztositas\/biztositas.pdf\">1946 &#8211; 1953<\/a> <a href=\"http:\/\/rakosliget.hu\/evangelikus templom iratok2\/biztositas\/biztositas.pdf\">Biztos\u00edt\u00e1si k\u00f6tv\u00e9nyek<\/a>.<\/p>\n\n\n\n<p><a href=\"http:\/\/rakosliget.hu\/evangelikus templom iratok2\/1960\/1960.pdf\">1960. \u00e9v dokumentumai<\/a>.<\/p>\n\n\n\n<p><a href=\"http:\/\/rakosliget.hu\/evangelikus%20templom%20iratok2\/1961\/1961.pdf\">1961<\/a> <a href=\"http:\/\/rakosliget.hu\/evangelikus templom iratok2\/1961\/1961.pdf\">Egyh\u00e1ztagok n\u00e9vsora<\/a>.<\/p>\n\n\n\n<p>1950 ; 1975 <a href=\"http:\/\/rakosliget.hu\/evangelikus templom iratok2\/ref\/ref.pdf\">K\u00e1nt\u00e1s Ferenc ref. lelkip\u00e1sztor<\/a>. <\/p>\n\n\n\n<h3 class=\"wp-block-heading\"><a href=\"https:\/\/rakosliget.hu\/wordpress\/index.php\/egyhazak-rakosligeten\/\">VISSZA AZ EGYH\u00c1ZAK LAPRA<\/a><\/h3>\n","protected":false},"excerpt":{"rendered":"","protected":false},"author":1,"featured_media":0,"parent":0,"menu_order":0,"comment_status":"closed","ping_status":"closed","template":"","meta":{"footnotes":""},"class_list":["post-10474","page","type-page","status-publish","hentry"],"_links":{"self":[{"href":"https:\/\/rakosliget.hu\/wordpress\/index.php\/wp-json\/wp\/v2\/pages\/10474","targetHints":{"allow":["GET"]}}],"collection":[{"href":"https:\/\/rakosliget.hu\/wordpress\/index.php\/wp-json\/wp\/v2\/pages"}],"about":[{"href":"https:\/\/rakosliget.hu\/wordpress\/index.php\/wp-json\/wp\/v2\/types\/page"}],"author":[{"embeddable":true,"href":"https:\/\/rakosliget.hu\/wordpress\/index.php\/wp-json\/wp\/v2\/users\/1"}],"replies":[{"embeddable":true,"href":"https:\/\/rakosliget.hu\/wordpress\/index.php\/wp-json\/wp\/v2\/comments?post=10474"}],"version-history":[{"count":86,"href":"https:\/\/rakosliget.hu\/wordpress\/index.php\/wp-json\/wp\/v2\/pages\/10474\/revisions"}],"predecessor-version":[{"id":23946,"href":"https:\/\/rakosliget.hu\/wordpress\/index.php\/wp-json\/wp\/v2\/pages\/10474\/revisions\/23946"}],"wp:attachment":[{"href":"https:\/\/rakosliget.hu\/wordpress\/index.php\/wp-json\/wp\/v2\/media?parent=10474"}],"curies":[{"name":"wp","href":"https:\/\/api.w.org\/{rel}","templated":true}]}}