{"id":1033,"date":"2018-03-21T05:10:35","date_gmt":"2018-03-21T04:10:35","guid":{"rendered":"http:\/\/rakosliget.hu\/wordpress\/?page_id=1033"},"modified":"2018-03-21T05:10:35","modified_gmt":"2018-03-21T04:10:35","slug":"kormoczi-laszlo-dr","status":"publish","type":"page","link":"https:\/\/rakosliget.hu\/wordpress\/index.php\/kormoczi-laszlo-dr\/","title":{"rendered":"K\u00f6rm\u00f6czi L\u00e1szl\u00f3 dr."},"content":{"rendered":"<h1 align=\"left\"><span data-canvas-width=\"106.29395350305936\">K\u00f6rm\u00f6czi L\u00e1szl\u00f3, dr<\/span><span data-canvas-width=\"127.30088853258849\">. (Budapest, 1906)<\/span><\/h1>\n<h2 align=\"left\">R\u00e1kosligeti Nemzeti Bizotts\u00e1g <span data-canvas-width=\"229.21969013141796\">\u00e9s az <\/span><span data-canvas-width=\"229.71228258872043\">ideiglenes k\u00e9pvisel\u0151-test\u00fclet<\/span> tagja<\/h2>\n<p align=\"left\">\n<p align=\"left\"><span data-canvas-width=\"229.6553952708168\">Gimn\u00e1ziumi tan\u00e1r. 1939-t\u0151l vesz r\u00e9szt a munk\u00e1smozgalomban, 1945-t\u0151l az MKP (MDP) tagja. 1945 ut\u00e1n a Belv\u00e1rosi Sz\u00ednh\u00e1z \u00e9s a Magyar R\u00e1di\u00f3 rendez\u0151je, 1949-ben az \u00c1llami B\u00e1bsz\u00ednh\u00e1z, 1950-ben a Szegedi \u00c1llami Sz\u00ednh\u00e1z f\u0151rendez\u0151je. 1945 elej\u00e9n a R\u00e1kosligeti Nemzeti Bizotts\u00e1g tagja. &#8211; A Pedag\u00f3giai Int\u00e9zet nyugd\u00edjas docense. &#8211; Szocialista Munk\u00e1\u00e9rt \u00c9rdem\u00e9rem. <\/span><\/p>\n","protected":false},"excerpt":{"rendered":"<p>K\u00f6rm\u00f6czi L\u00e1szl\u00f3, dr. (Budapest, 1906) R\u00e1kosligeti Nemzeti Bizotts\u00e1g \u00e9s az ideiglenes k\u00e9pvisel\u0151-test\u00fclet tagja Gimn\u00e1ziumi tan\u00e1r. 1939-t\u0151l vesz r\u00e9szt a munk\u00e1smozgalomban, 1945-t\u0151l az MKP (MDP) tagja. 1945 ut\u00e1n a Belv\u00e1rosi Sz\u00ednh\u00e1z \u00e9s a Magyar R\u00e1di\u00f3 rendez\u0151je, 1949-ben az \u00c1llami B\u00e1bsz\u00ednh\u00e1z, 1950-ben a Szegedi \u00c1llami Sz\u00ednh\u00e1z f\u0151rendez\u0151je. 1945 elej\u00e9n a R\u00e1kosligeti Nemzeti Bizotts\u00e1g tagja. &#8211; A Pedag\u00f3giai &hellip; <a href=\"https:\/\/rakosliget.hu\/wordpress\/index.php\/kormoczi-laszlo-dr\/\" class=\"more-link\"><span class=\"screen-reader-text\">K\u00f6rm\u00f6czi L\u00e1szl\u00f3 dr.<\/span> r\u00e9szletei&#8230;<\/a><\/p>\n","protected":false},"author":1,"featured_media":0,"parent":0,"menu_order":0,"comment_status":"closed","ping_status":"closed","template":"","meta":{"footnotes":""},"class_list":["post-1033","page","type-page","status-publish","hentry"],"_links":{"self":[{"href":"https:\/\/rakosliget.hu\/wordpress\/index.php\/wp-json\/wp\/v2\/pages\/1033","targetHints":{"allow":["GET"]}}],"collection":[{"href":"https:\/\/rakosliget.hu\/wordpress\/index.php\/wp-json\/wp\/v2\/pages"}],"about":[{"href":"https:\/\/rakosliget.hu\/wordpress\/index.php\/wp-json\/wp\/v2\/types\/page"}],"author":[{"embeddable":true,"href":"https:\/\/rakosliget.hu\/wordpress\/index.php\/wp-json\/wp\/v2\/users\/1"}],"replies":[{"embeddable":true,"href":"https:\/\/rakosliget.hu\/wordpress\/index.php\/wp-json\/wp\/v2\/comments?post=1033"}],"version-history":[{"count":1,"href":"https:\/\/rakosliget.hu\/wordpress\/index.php\/wp-json\/wp\/v2\/pages\/1033\/revisions"}],"predecessor-version":[{"id":1034,"href":"https:\/\/rakosliget.hu\/wordpress\/index.php\/wp-json\/wp\/v2\/pages\/1033\/revisions\/1034"}],"wp:attachment":[{"href":"https:\/\/rakosliget.hu\/wordpress\/index.php\/wp-json\/wp\/v2\/media?parent=1033"}],"curies":[{"name":"wp","href":"https:\/\/api.w.org\/{rel}","templated":true}]}}