{"id":1024,"date":"2018-03-21T05:05:47","date_gmt":"2018-03-21T04:05:47","guid":{"rendered":"http:\/\/rakosliget.hu\/wordpress\/?page_id=1024"},"modified":"2018-03-21T05:05:47","modified_gmt":"2018-03-21T04:05:47","slug":"kluszka-ferenc","status":"publish","type":"page","link":"https:\/\/rakosliget.hu\/wordpress\/index.php\/kluszka-ferenc\/","title":{"rendered":"Kluszka Ferenc"},"content":{"rendered":"<h1 align=\"left\"><span data-canvas-width=\"40.19476877972867\">Kluszka<\/span><span data-canvas-width=\"39.29362194839054\"> Ferenc<\/span><span data-canvas-width=\"154.57447878664544\"> (Budapest, 1887-1962)<\/span><\/h1>\n<h2 align=\"left\">R\u00e1kosligeti Nemzeti Bizotts\u00e1g <span data-canvas-width=\"229.21969013141796\">\u00e9s az <\/span><span data-canvas-width=\"229.71228258872043\">ideiglenes k\u00e9pvisel\u0151-test\u00fclet<\/span> tagja<\/h2>\n<p align=\"left\">\n<p align=\"left\"><span data-canvas-width=\"229.6553952708168\">Vaseszterg\u00e1lyos. A 10-es \u00e9vekt\u0151l vett r\u00e9szt a munk\u00e1smozgalomban. 1919-ben a szovjet hadseregben v\u00f6r\u00f6skatona. 1922-1930-ban a Ganz Vagonban bizalmi, 1935-ig a v\u00e1llalati p\u00e9nzt\u00e1rak v\u00e1lasztm\u00e1nyi tagja. A 30-as \u00e9vekt\u0151l a KMP tagja. 1945 ut\u00e1n a Ganz Vagonban vaseszterg\u00e1lyos, majd m\u0171vezet\u0151. 1945-ben a R\u00e1kosligeti Nemzeti Bizotts\u00e1g \u00e9s az ideiglenes k\u00e9pvisel\u0151-test\u00fclet tagja. Hal\u00e1la el\u0151tt nyugd\u00edjas tanm\u0171helyi oktat\u00f3. <\/span><\/p>\n","protected":false},"excerpt":{"rendered":"<p>Kluszka Ferenc (Budapest, 1887-1962) R\u00e1kosligeti Nemzeti Bizotts\u00e1g \u00e9s az ideiglenes k\u00e9pvisel\u0151-test\u00fclet tagja Vaseszterg\u00e1lyos. A 10-es \u00e9vekt\u0151l vett r\u00e9szt a munk\u00e1smozgalomban. 1919-ben a szovjet hadseregben v\u00f6r\u00f6skatona. 1922-1930-ban a Ganz Vagonban bizalmi, 1935-ig a v\u00e1llalati p\u00e9nzt\u00e1rak v\u00e1lasztm\u00e1nyi tagja. A 30-as \u00e9vekt\u0151l a KMP tagja. 1945 ut\u00e1n a Ganz Vagonban vaseszterg\u00e1lyos, majd m\u0171vezet\u0151. 1945-ben a R\u00e1kosligeti Nemzeti Bizotts\u00e1g &hellip; <a href=\"https:\/\/rakosliget.hu\/wordpress\/index.php\/kluszka-ferenc\/\" class=\"more-link\"><span class=\"screen-reader-text\">Kluszka Ferenc<\/span> r\u00e9szletei&#8230;<\/a><\/p>\n","protected":false},"author":1,"featured_media":0,"parent":0,"menu_order":0,"comment_status":"closed","ping_status":"closed","template":"","meta":{"footnotes":""},"class_list":["post-1024","page","type-page","status-publish","hentry"],"_links":{"self":[{"href":"https:\/\/rakosliget.hu\/wordpress\/index.php\/wp-json\/wp\/v2\/pages\/1024","targetHints":{"allow":["GET"]}}],"collection":[{"href":"https:\/\/rakosliget.hu\/wordpress\/index.php\/wp-json\/wp\/v2\/pages"}],"about":[{"href":"https:\/\/rakosliget.hu\/wordpress\/index.php\/wp-json\/wp\/v2\/types\/page"}],"author":[{"embeddable":true,"href":"https:\/\/rakosliget.hu\/wordpress\/index.php\/wp-json\/wp\/v2\/users\/1"}],"replies":[{"embeddable":true,"href":"https:\/\/rakosliget.hu\/wordpress\/index.php\/wp-json\/wp\/v2\/comments?post=1024"}],"version-history":[{"count":1,"href":"https:\/\/rakosliget.hu\/wordpress\/index.php\/wp-json\/wp\/v2\/pages\/1024\/revisions"}],"predecessor-version":[{"id":1025,"href":"https:\/\/rakosliget.hu\/wordpress\/index.php\/wp-json\/wp\/v2\/pages\/1024\/revisions\/1025"}],"wp:attachment":[{"href":"https:\/\/rakosliget.hu\/wordpress\/index.php\/wp-json\/wp\/v2\/media?parent=1024"}],"curies":[{"name":"wp","href":"https:\/\/api.w.org\/{rel}","templated":true}]}}