{"id":1021,"date":"2018-03-21T05:04:55","date_gmt":"2018-03-21T04:04:55","guid":{"rendered":"http:\/\/rakosliget.hu\/wordpress\/?page_id=1021"},"modified":"2026-01-23T18:56:23","modified_gmt":"2026-01-23T17:56:23","slug":"keresztury-istvan","status":"publish","type":"page","link":"https:\/\/rakosliget.hu\/wordpress\/index.php\/keresztury-istvan\/","title":{"rendered":"Kereszt\u00fary Istv\u00e1n"},"content":{"rendered":"<h1 align=\"left\"><span data-canvas-width=\"94.36442435993618\">Kereszt\u00fary Istv\u00e1n<\/span><span data-canvas-width=\"139.71137409071565\"> (R\u00e1koskereszt\u00far, 1894<\/span><span data-canvas-width=\"30.0592509445952\"> &#8211; 1971)<\/span><\/h1>\n<h2 align=\"left\">R\u00e1kosligeti Nemzeti Bizotts\u00e1g tagja<\/h2>\n<p align=\"left\"><span data-canvas-width=\"229.6553952708168\">Tan\u00edt\u00f3. 1945-t\u0151l az F\u00fcggetlen Kisgazda P\u00e1rt tagja, egy ideig e p\u00e1rt r\u00e1kosligeti szervezet\u00e9nek az eln\u00f6ke. 1919-t\u0151l R\u00e1kosligeten tan\u00edtott, 1945 az \u00e1ltal\u00e1nos iskola igazgat\u00f3ja. 1945-1946-ban a R\u00e1kosligeti Nemzeti Bizotts\u00e1g tagja, 1949-ben a szakszervezetek k\u00e9pvisel\u0151je az NFB-ben.<\/p>\n\n\n<p>1939<\/p>\n\n\n\n<p>K\u00f6rzeti iskolafel\u00fcgyel\u0151k.<\/p>\n\n\n\n<p><strong>Als\u00f3dabas<\/strong>. III. sz.: Kunfalvy Jen\u0151. K\u00f6zs. ig. Pusztavacs. ASZ\u00d3D. I. sz.: v. Keresztury Istv\u00e1n. \u00c1ll. ig. R\u00e1kosliget. <\/p>\n\n\n\n<p><\/p>\n\n\n\n<p><\/p>\n\n\n","protected":false},"excerpt":{"rendered":"<p>Kereszt\u00fary Istv\u00e1n (R\u00e1koskereszt\u00far, 1894 &#8211; 1971) R\u00e1kosligeti Nemzeti Bizotts\u00e1g tagja Tan\u00edt\u00f3. 1945-t\u0151l az F\u00fcggetlen Kisgazda P\u00e1rt tagja, egy ideig e p\u00e1rt r\u00e1kosligeti szervezet\u00e9nek az eln\u00f6ke. 1919-t\u0151l R\u00e1kosligeten tan\u00edtott, 1945 az \u00e1ltal\u00e1nos iskola igazgat\u00f3ja. 1945-1946-ban a R\u00e1kosligeti Nemzeti Bizotts\u00e1g tagja, 1949-ben a szakszervezetek k\u00e9pvisel\u0151je az NFB-ben. 1939 K\u00f6rzeti iskolafel\u00fcgyel\u0151k. Als\u00f3dabas. III. sz.: Kunfalvy Jen\u0151. K\u00f6zs. ig. &hellip; <a href=\"https:\/\/rakosliget.hu\/wordpress\/index.php\/keresztury-istvan\/\" class=\"more-link\"><span class=\"screen-reader-text\">Kereszt\u00fary Istv\u00e1n<\/span> r\u00e9szletei&#8230;<\/a><\/p>\n","protected":false},"author":1,"featured_media":0,"parent":0,"menu_order":0,"comment_status":"closed","ping_status":"closed","template":"","meta":{"footnotes":""},"class_list":["post-1021","page","type-page","status-publish","hentry"],"_links":{"self":[{"href":"https:\/\/rakosliget.hu\/wordpress\/index.php\/wp-json\/wp\/v2\/pages\/1021","targetHints":{"allow":["GET"]}}],"collection":[{"href":"https:\/\/rakosliget.hu\/wordpress\/index.php\/wp-json\/wp\/v2\/pages"}],"about":[{"href":"https:\/\/rakosliget.hu\/wordpress\/index.php\/wp-json\/wp\/v2\/types\/page"}],"author":[{"embeddable":true,"href":"https:\/\/rakosliget.hu\/wordpress\/index.php\/wp-json\/wp\/v2\/users\/1"}],"replies":[{"embeddable":true,"href":"https:\/\/rakosliget.hu\/wordpress\/index.php\/wp-json\/wp\/v2\/comments?post=1021"}],"version-history":[{"count":3,"href":"https:\/\/rakosliget.hu\/wordpress\/index.php\/wp-json\/wp\/v2\/pages\/1021\/revisions"}],"predecessor-version":[{"id":22139,"href":"https:\/\/rakosliget.hu\/wordpress\/index.php\/wp-json\/wp\/v2\/pages\/1021\/revisions\/22139"}],"wp:attachment":[{"href":"https:\/\/rakosliget.hu\/wordpress\/index.php\/wp-json\/wp\/v2\/media?parent=1021"}],"curies":[{"name":"wp","href":"https:\/\/api.w.org\/{rel}","templated":true}]}}