{"id":1009,"date":"2018-03-21T05:01:15","date_gmt":"2018-03-21T04:01:15","guid":{"rendered":"http:\/\/rakosliget.hu\/wordpress\/?page_id=1009"},"modified":"2018-03-21T05:01:15","modified_gmt":"2018-03-21T04:01:15","slug":"kantas-ferenc","status":"publish","type":"page","link":"https:\/\/rakosliget.hu\/wordpress\/index.php\/kantas-ferenc\/","title":{"rendered":"K\u00e1nt\u00e1s Ferenc"},"content":{"rendered":"<h1 align=\"left\"><span data-canvas-width=\"113.75887037263777\">K\u00e1nt\u00e1s Ferenc<\/span><span data-canvas-width=\"218.531135205217\"> (R\u00e1kospalota, 1918-1975)<\/span><\/h1>\n<h2 align=\"left\">a r\u00e1kosligeti <span data-canvas-width=\"310.04152502022896\">k\u00e9pvisel\u0151-test\u00fclet<\/span> tagja<\/h2>\n<p align=\"left\">\n<p align=\"left\"><span data-canvas-width=\"192.49069230183667\">Reform\u00e1tus lelk\u00e9sz. 1945-t\u0151l a <\/span><span data-canvas-width=\"227.2324805208944\">Polg\u00e1ri Demokrata P\u00e1rt <\/span><span data-canvas-width=\"71.64210603406977\">tagja. 1945<\/span><span data-canvas-width=\"309.7217428578654\"> ut\u00e1n a r\u00e1kosligeti egyh\u00e1z<\/span><span data-canvas-width=\"310.04152502022896\">k\u00f6zs\u00e9g lelk\u00e9sze; a r\u00e1kosligeti k\u00e9pvisel\u0151-test\u00fclet<\/span><span data-canvas-width=\"106.8017913971254\"> tagja. <\/span><\/p>\n","protected":false},"excerpt":{"rendered":"<p>K\u00e1nt\u00e1s Ferenc (R\u00e1kospalota, 1918-1975) a r\u00e1kosligeti k\u00e9pvisel\u0151-test\u00fclet tagja Reform\u00e1tus lelk\u00e9sz. 1945-t\u0151l a Polg\u00e1ri Demokrata P\u00e1rt tagja. 1945 ut\u00e1n a r\u00e1kosligeti egyh\u00e1zk\u00f6zs\u00e9g lelk\u00e9sze; a r\u00e1kosligeti k\u00e9pvisel\u0151-test\u00fclet tagja.<\/p>\n","protected":false},"author":1,"featured_media":0,"parent":0,"menu_order":0,"comment_status":"closed","ping_status":"closed","template":"","meta":{"footnotes":""},"class_list":["post-1009","page","type-page","status-publish","hentry"],"_links":{"self":[{"href":"https:\/\/rakosliget.hu\/wordpress\/index.php\/wp-json\/wp\/v2\/pages\/1009","targetHints":{"allow":["GET"]}}],"collection":[{"href":"https:\/\/rakosliget.hu\/wordpress\/index.php\/wp-json\/wp\/v2\/pages"}],"about":[{"href":"https:\/\/rakosliget.hu\/wordpress\/index.php\/wp-json\/wp\/v2\/types\/page"}],"author":[{"embeddable":true,"href":"https:\/\/rakosliget.hu\/wordpress\/index.php\/wp-json\/wp\/v2\/users\/1"}],"replies":[{"embeddable":true,"href":"https:\/\/rakosliget.hu\/wordpress\/index.php\/wp-json\/wp\/v2\/comments?post=1009"}],"version-history":[{"count":1,"href":"https:\/\/rakosliget.hu\/wordpress\/index.php\/wp-json\/wp\/v2\/pages\/1009\/revisions"}],"predecessor-version":[{"id":1010,"href":"https:\/\/rakosliget.hu\/wordpress\/index.php\/wp-json\/wp\/v2\/pages\/1009\/revisions\/1010"}],"wp:attachment":[{"href":"https:\/\/rakosliget.hu\/wordpress\/index.php\/wp-json\/wp\/v2\/media?parent=1009"}],"curies":[{"name":"wp","href":"https:\/\/api.w.org\/{rel}","templated":true}]}}