{"id":1000,"date":"2018-03-21T04:52:16","date_gmt":"2018-03-21T03:52:16","guid":{"rendered":"http:\/\/rakosliget.hu\/wordpress\/?page_id=1000"},"modified":"2020-12-18T18:47:32","modified_gmt":"2020-12-18T17:47:32","slug":"juhasz-jozsef","status":"publish","type":"page","link":"https:\/\/rakosliget.hu\/wordpress\/index.php\/juhasz-jozsef\/","title":{"rendered":"JUH\u00c1SZ J\u00d3ZSEF \u00e9p\u00edt\u0151mester"},"content":{"rendered":"\n<p><em>Friss\u00edtve: 2020. 12. 18.<\/em><\/p>\n\n\n\n<p>Tervez\u0151, \u00e9p\u00edt\u0151mester. Sz\u00e1mos lak\u00f3h\u00e1z tervez\u00e9se, \u00e9p\u00edt\u00e9se k\u00f6thet\u0151 nev\u00e9hez (XIX. utca 31., Evang\u00e9likus templom kivitelez\u00e9se).<br>Az V. utca 2\/a (jelenleg V. utca 1.)<a href=\"http:\/\/rakosliget.hu\/html\/rliget.html\"> lakc\u00edmen lakott<\/a>.<\/p>\n\n\n\n<div class=\"wp-block-image\"><figure class=\"aligncenter\"><img decoding=\"async\" src=\"http:\/\/rakosliget.hu\/mesterek\/juhaszjozsef290.jpg\" alt=\"\"\/><\/figure><\/div>\n\n\n\n<div class=\"wp-block-image\"><figure class=\"aligncenter\"><img decoding=\"async\" src=\"http:\/\/rakosliget.hu\/mesterek\/Heltai utca 20 2015_08_22.jpg\" alt=\"\"\/><\/figure><\/div>\n\n\n\n<p>Juh\u00e1sz kivitelez\u0151i t\u00e1bl\u00e1ja a Heltai utca 20. sz\u00e1m\u00fa h\u00e1zon 2015.08.22-\u00e9n.<\/p>\n\n\n\n<p>\u00c9P\u00cdT\u0150MESTER<\/p>\n\n\n\n<div class=\"wp-block-image\"><figure class=\"aligncenter size-large\"><img loading=\"lazy\" decoding=\"async\" width=\"596\" height=\"255\" src=\"http:\/\/rakosliget.hu\/wordpress\/wp-content\/uploads\/2020\/12\/Juhasz-Jozsef-epitomester.jpg\" alt=\"\" class=\"wp-image-8833\" srcset=\"https:\/\/rakosliget.hu\/wordpress\/wp-content\/uploads\/2020\/12\/Juhasz-Jozsef-epitomester.jpg 596w, https:\/\/rakosliget.hu\/wordpress\/wp-content\/uploads\/2020\/12\/Juhasz-Jozsef-epitomester-300x128.jpg 300w\" sizes=\"auto, (max-width: 596px) 100vw, 596px\" \/><\/figure><\/div>\n\n\n\n<p class=\"has-text-align-center\">Forr\u00e1s: A Munkaad\u00f3 1930. febru\u00e1r 5.<\/p>\n\n\n\n<p>VITA AZ EVANG\u00c9LIKUS TEMPLOM \u00c9P\u00cdT\u00c9SE K\u00d6R\u00dcL<\/p>\n\n\n\n<div class=\"wp-block-image\"><figure class=\"aligncenter size-large\"><img loading=\"lazy\" decoding=\"async\" width=\"419\" height=\"811\" src=\"http:\/\/rakosliget.hu\/wordpress\/wp-content\/uploads\/2020\/12\/Evangelikus-templom-epitese.jpg\" alt=\"\" class=\"wp-image-8834\" srcset=\"https:\/\/rakosliget.hu\/wordpress\/wp-content\/uploads\/2020\/12\/Evangelikus-templom-epitese.jpg 419w, https:\/\/rakosliget.hu\/wordpress\/wp-content\/uploads\/2020\/12\/Evangelikus-templom-epitese-155x300.jpg 155w\" sizes=\"auto, (max-width: 419px) 100vw, 419px\" \/><figcaption>Forr\u00e1s: \u00c9P\u00cdT\u0150MESTEREK LAPJA \u2014 A MUNKAAD\u00d3 1934. m\u00e1rcius 22.<\/figcaption><\/figure><\/div>\n","protected":false},"excerpt":{"rendered":"<p>Friss\u00edtve: 2020. 12. 18. Tervez\u0151, \u00e9p\u00edt\u0151mester. Sz\u00e1mos lak\u00f3h\u00e1z tervez\u00e9se, \u00e9p\u00edt\u00e9se k\u00f6thet\u0151 nev\u00e9hez (XIX. utca 31., Evang\u00e9likus templom kivitelez\u00e9se).Az V. utca 2\/a (jelenleg V. utca 1.) lakc\u00edmen lakott. Juh\u00e1sz kivitelez\u0151i t\u00e1bl\u00e1ja a Heltai utca 20. sz\u00e1m\u00fa h\u00e1zon 2015.08.22-\u00e9n. \u00c9P\u00cdT\u0150MESTER Forr\u00e1s: A Munkaad\u00f3 1930. febru\u00e1r 5. VITA AZ EVANG\u00c9LIKUS TEMPLOM \u00c9P\u00cdT\u00c9SE K\u00d6R\u00dcL<\/p>\n","protected":false},"author":1,"featured_media":0,"parent":0,"menu_order":0,"comment_status":"closed","ping_status":"closed","template":"","meta":{"footnotes":""},"class_list":["post-1000","page","type-page","status-publish","hentry"],"_links":{"self":[{"href":"https:\/\/rakosliget.hu\/wordpress\/index.php\/wp-json\/wp\/v2\/pages\/1000","targetHints":{"allow":["GET"]}}],"collection":[{"href":"https:\/\/rakosliget.hu\/wordpress\/index.php\/wp-json\/wp\/v2\/pages"}],"about":[{"href":"https:\/\/rakosliget.hu\/wordpress\/index.php\/wp-json\/wp\/v2\/types\/page"}],"author":[{"embeddable":true,"href":"https:\/\/rakosliget.hu\/wordpress\/index.php\/wp-json\/wp\/v2\/users\/1"}],"replies":[{"embeddable":true,"href":"https:\/\/rakosliget.hu\/wordpress\/index.php\/wp-json\/wp\/v2\/comments?post=1000"}],"version-history":[{"count":6,"href":"https:\/\/rakosliget.hu\/wordpress\/index.php\/wp-json\/wp\/v2\/pages\/1000\/revisions"}],"predecessor-version":[{"id":8840,"href":"https:\/\/rakosliget.hu\/wordpress\/index.php\/wp-json\/wp\/v2\/pages\/1000\/revisions\/8840"}],"wp:attachment":[{"href":"https:\/\/rakosliget.hu\/wordpress\/index.php\/wp-json\/wp\/v2\/media?parent=1000"}],"curies":[{"name":"wp","href":"https:\/\/api.w.org\/{rel}","templated":true}]}}