{"id":6987,"date":"2020-11-15T12:49:55","date_gmt":"2020-11-15T11:49:55","guid":{"rendered":"http:\/\/rakosliget.hu\/wordpress\/wp-content\/uploads\/2020\/11\/1960-februar-2-urraketa-megfigyelo.jpg"},"modified":"2020-11-15T12:49:55","modified_gmt":"2020-11-15T11:49:55","slug":"1960-februar-2-urraketa-megfigyelo","status":"inherit","type":"attachment","link":"https:\/\/rakosliget.hu\/wordpress\/index.php\/urkutatas-rakosligeten\/1960-februar-2-urraketa-megfigyelo\/","title":{"rendered":"1960 febru\u00e1r 2 \u0171rrak\u00e9ta megfigyel\u0151"},"author":1,"featured_media":0,"comment_status":"open","ping_status":"closed","template":"","meta":[],"class_list":["post-6987","attachment","type-attachment","status-inherit","hentry"],"description":{"rendered":"<p class=\"attachment\"><a href='https:\/\/rakosliget.hu\/wordpress\/wp-content\/uploads\/2020\/11\/1960-februar-2-urraketa-megfigyelo.jpg'><img loading=\"lazy\" decoding=\"async\" width=\"300\" height=\"269\" src=\"https:\/\/rakosliget.hu\/wordpress\/wp-content\/uploads\/2020\/11\/1960-februar-2-urraketa-megfigyelo-300x269.jpg\" class=\"attachment-medium size-medium\" alt=\"\" srcset=\"https:\/\/rakosliget.hu\/wordpress\/wp-content\/uploads\/2020\/11\/1960-februar-2-urraketa-megfigyelo-300x269.jpg 300w, https:\/\/rakosliget.hu\/wordpress\/wp-content\/uploads\/2020\/11\/1960-februar-2-urraketa-megfigyelo.jpg 649w\" sizes=\"auto, (max-width: 300px) 100vw, 300px\" \/><\/a><\/p>\n"},"caption":{"rendered":""},"alt_text":"","media_type":"image","mime_type":"image\/jpeg","media_details":{"width":649,"height":582,"file":"2020\/11\/1960-februar-2-urraketa-megfigyelo.jpg","sizes":{"medium":{"file":"1960-februar-2-urraketa-megfigyelo-300x269.jpg","width":300,"height":269,"mime_type":"image\/jpeg","source_url":"https:\/\/rakosliget.hu\/wordpress\/wp-content\/uploads\/2020\/11\/1960-februar-2-urraketa-megfigyelo-300x269.jpg"},"thumbnail":{"file":"1960-februar-2-urraketa-megfigyelo-150x150.jpg","width":150,"height":150,"mime_type":"image\/jpeg","source_url":"https:\/\/rakosliget.hu\/wordpress\/wp-content\/uploads\/2020\/11\/1960-februar-2-urraketa-megfigyelo-150x150.jpg"},"post-thumbnail":{"file":"1960-februar-2-urraketa-megfigyelo-649x510.jpg","width":649,"height":510,"mime_type":"image\/jpeg","source_url":"https:\/\/rakosliget.hu\/wordpress\/wp-content\/uploads\/2020\/11\/1960-februar-2-urraketa-megfigyelo-649x510.jpg"},"sow-carousel-default":{"file":"1960-februar-2-urraketa-megfigyelo-272x182.jpg","width":272,"height":182,"mime_type":"image\/jpeg","source_url":"https:\/\/rakosliget.hu\/wordpress\/wp-content\/uploads\/2020\/11\/1960-februar-2-urraketa-megfigyelo-272x182.jpg"},"full":{"file":"1960-februar-2-urraketa-megfigyelo.jpg","width":649,"height":582,"mime_type":"image\/jpeg","source_url":"https:\/\/rakosliget.hu\/wordpress\/wp-content\/uploads\/2020\/11\/1960-februar-2-urraketa-megfigyelo.jpg"}},"image_meta":{"aperture":"0","credit":"","camera":"","caption":"","created_timestamp":"0","copyright":"","focal_length":"0","iso":"0","shutter_speed":"0","title":"","orientation":"1","keywords":[]}},"post":689,"source_url":"https:\/\/rakosliget.hu\/wordpress\/wp-content\/uploads\/2020\/11\/1960-februar-2-urraketa-megfigyelo.jpg","_links":{"self":[{"href":"https:\/\/rakosliget.hu\/wordpress\/index.php\/wp-json\/wp\/v2\/media\/6987","targetHints":{"allow":["GET"]}}],"collection":[{"href":"https:\/\/rakosliget.hu\/wordpress\/index.php\/wp-json\/wp\/v2\/media"}],"about":[{"href":"https:\/\/rakosliget.hu\/wordpress\/index.php\/wp-json\/wp\/v2\/types\/attachment"}],"author":[{"embeddable":true,"href":"https:\/\/rakosliget.hu\/wordpress\/index.php\/wp-json\/wp\/v2\/users\/1"}],"replies":[{"embeddable":true,"href":"https:\/\/rakosliget.hu\/wordpress\/index.php\/wp-json\/wp\/v2\/comments?post=6987"}],"wp:attached-to":[{"embeddable":true,"post_type":"page","id":689,"href":"https:\/\/rakosliget.hu\/wordpress\/index.php\/wp-json\/wp\/v2\/pages\/689"}],"curies":[{"name":"wp","href":"https:\/\/api.w.org\/{rel}","templated":true}]}}

1960 február 2 űrrakéta megfigyelő
